798
CDUS42 KTBW 252112
CLITPA


CLIMATE REPORT
NATIONAL WEATHER SERVICE TAMPA BAY FL
510 PM EDT WED APR 25 2018


...................................

...THE TAMPA CLIMATE SUMMARY FOR APRIL 25 2018...
VALID TODAY AS OF 0500 PM LOCAL TIME.

CLIMATE NORMAL PERIOD 1981 TO 2010
CLIMATE RECORD PERIOD 1890 TO 2018


WEATHER ITEM   OBSERVED TIME   RECORD YEAR NORMAL DEPARTURE LAST
                VALUE   (LST)  VALUE       VALUE  FROM      YEAR
                                                  NORMAL
..................................................................
TEMPERATURE (F)
 TODAY
  MAXIMUM         79    203 PM  93    1958  83     -4       80
  MINIMUM         67    627 AM  52    2005  65      2       66
                                      1903
  AVERAGE         73                        74     -1       73

PRECIPITATION (IN)
  TODAY            0.00          3.45 2003   0.06  -0.06     0.00
  MONTH TO DATE    2.16                      1.75   0.41     0.59
  SINCE MAR 1      2.51                      4.78  -2.27     1.58
  SINCE JAN 1     10.22                      9.82   0.40     4.54

DEGREE DAYS
 HEATING
  TODAY            0                         0      0        0
  MONTH TO DATE    0                         9     -9        0
  SINCE MAR 1     67                        65      2       28
  SINCE JUL 1    338                       536   -198      164

 COOLING
  TODAY            8                         9     -1        8
  MONTH TO DATE  245                       173     72      278
  SINCE MAR 1    353                       299     54      469
  SINCE JAN 1    670                       412    258      722
..................................................................


WIND (MPH)
  RESULTANT WIND SPEED   9   RESULTANT WIND DIRECTION   W (290)
  HIGHEST WIND SPEED    17   HIGHEST WIND DIRECTION     W (290)
  HIGHEST GUST SPEED    23   HIGHEST GUST DIRECTION     W (280)
  AVERAGE WIND SPEED     9.1


SKY COVER
  POSSIBLE SUNSHINE  MM
  AVERAGE SKY COVER 0.2


WEATHER CONDITIONS
 THE FOLLOWING WEATHER WAS RECORDED TODAY.
  NO SIGNIFICANT WEATHER WAS OBSERVED.


RELATIVE HUMIDITY (PERCENT)
 HIGHEST    73           300 AM
 LOWEST     43           200 PM

..........................................................


THE TAMPA CLIMATE NORMALS FOR TOMORROW
                         NORMAL    RECORD    YEAR
 MAXIMUM TEMPERATURE (F)   83        92      1991
                                             1964
 MINIMUM TEMPERATURE (F)   65        50      1983
                                             1974
                                             1910


SUNRISE AND SUNSET
APRIL 25 2018.........SUNRISE   655 AM EDT   SUNSET   801 PM EDT
APRIL 26 2018.........SUNRISE   655 AM EDT   SUNSET   802 PM EDT


-  INDICATES NEGATIVE NUMBERS.
R  INDICATES RECORD WAS SET OR TIED.
MM INDICATES DATA IS MISSING.
T  INDICATES TRACE AMOUNT.




$$


&&
------------------------------------------------------------------
******************** SUPPLEMENTAL DATA ***************************

...RUSKIN                HIGH 78    LOW 66    PCPN 0.00
...SARASOTA/BRADENTON    HIGH 79    LOW 66    PCPN 0.00
...LAKELAND*             HIGH 82    LOW 58    PCPN 0.00
...ST. PETERSBURG        HIGH 77    LOW 69    PCPN 0.00
...GULF WATER TEMPERATURE AT CLEARWATER BEACH 77 DEGREES

*LAKELAND DATA IS FROM 4:30 PM TUESDAY TO 4:30 PM WEDNESDAY
AND MAY REFLECT YESTERDAYS RAINFALL AND HIGH TEMPERATURE.
