000
CDUS44 KMRX 250841
CLITRI


CLIMATE REPORT
NATIONAL WEATHER SERVICE MORRISTOWN TN
441 AM EDT FRI MAY 25 2018


...................................

...THE TRI-CITIES      ASOS CLIMATE SUMMARY FOR MAY 24 2018...

CLIMATE NORMAL PERIOD 1981 TO 2010
CLIMATE RECORD PERIOD 1937 TO 2018


WEATHER ITEM   OBSERVED TIME   RECORD YEAR NORMAL DEPARTURE LAST
                VALUE   (LST)  VALUE       VALUE  FROM      YEAR
                                                  NORMAL
..................................................................
TEMPERATURE (F)
 YESTERDAY
  MAXIMUM         86    244 PM  88    1970  78      8       76
                                      1953
  MINIMUM         60    546 AM  40    2006  53      7       57
                                      1961
  AVERAGE         73                        66      7       67

PRECIPITATION (IN)
  YESTERDAY        0.00          1.28 1938   0.13  -0.13     1.13
  MONTH TO DATE    4.53                      2.92   1.61     6.29
  SINCE MAR 1     11.91                      9.69   2.22    16.02
  SINCE JAN 1     20.64                     16.51   4.13    20.70

SNOWFALL (IN)
  YESTERDAY        0.0                       0.0    0.0      0.0
  MONTH TO DATE    0.0                       0.0    0.0      0.0
  SINCE MAR 1      2.4                       2.5   -0.1      0.3
  SINCE JUL 1      7.1                      13.3   -6.2      4.3
  SNOW DEPTH       0

DEGREE DAYS
 HEATING
  YESTERDAY        0                         2     -2        0
  MONTH TO DATE   17                        97    -80       68
  SINCE MAR 1    994                       969     25      733
  SINCE JUL 1   4048                      4351   -303     3300

 COOLING
  YESTERDAY        8                         3      5        2
  MONTH TO DATE  108                        40     68       66
  SINCE MAR 1    111                        51     60       98
  SINCE JAN 1    120                        51     69       98
..................................................................


WIND (MPH)
  HIGHEST WIND SPEED    12   HIGHEST WIND DIRECTION    SE (140)
  HIGHEST GUST SPEED    16   HIGHEST GUST DIRECTION    SE (140)
  AVERAGE WIND SPEED     2.9


SKY COVER
  POSSIBLE SUNSHINE  MM
  AVERAGE SKY COVER 0.4


WEATHER CONDITIONS
 THE FOLLOWING WEATHER WAS RECORDED YESTERDAY.
  FOG


RELATIVE HUMIDITY (PERCENT)
 HIGHEST   100           300 AM
 LOWEST     51           400 PM
 AVERAGE    76

..........................................................


THE TRI-CITIES      ASOS CLIMATE NORMALS FOR TODAY
                         NORMAL    RECORD    YEAR
 MAXIMUM TEMPERATURE (F)   78        90      1953
 MINIMUM TEMPERATURE (F)   54        40      2013


SUNRISE AND SUNSET
MAY 25 2018...........SUNRISE   616 AM EDT   SUNSET   837 PM EDT
MAY 26 2018...........SUNRISE   615 AM EDT   SUNSET   838 PM EDT


-  INDICATES NEGATIVE NUMBERS.
R  INDICATES RECORD WAS SET OR TIED.
MM INDICATES DATA IS MISSING.
T  INDICATES TRACE AMOUNT.




$$
