000
CDUS46 KPQR 280221
CLITTD


CLIMATE REPORT
NATIONAL WEATHER SERVICE PORTLAND OREGON
721 PM PDT SUN MAY 27 2018


...................................

...THE TROUTDALE OR CLIMATE SUMMARY FOR MAY 27 2018...
VALID TODAY AS OF 0700 PM LOCAL TIME.

CLIMATE NORMAL PERIOD 1981 TO 2010
CLIMATE RECORD PERIOD 1948 TO 2018


WEATHER ITEM   OBSERVED TIME   RECORD YEAR NORMAL DEPARTURE LAST
                VALUE   (LST)  VALUE       VALUE  FROM      YEAR
                                                  NORMAL
..................................................................
TEMPERATURE (F)
 TODAY
  MAXIMUM         80    502 PM  98    1983  71      9       89
  MINIMUM         48    431 AM  37    1998  49     -1       52
  AVERAGE         64                        60      4       71

PRECIPITATION (IN)
  TODAY            0.00                      0.10  -0.10     0.00
  MONTH TO DATE    0.25                      2.55  -2.30     2.19
  SINCE OCT 1     28.52                     40.71 -12.19    46.45
  SINCE JAN 1     14.18                     22.31  -8.13    25.36

DEGREE DAYS
 HEATING
  TODAY            1                         6     -5        0
  MONTH TO DATE   71                       229   -158      177

 COOLING
  TODAY            0                         1     -1        6
  MONTH TO DATE   27                        10     17       37
..................................................................


WIND (MPH)
  HIGHEST WIND SPEED    10   HIGHEST WIND DIRECTION    SW (220)
  HIGHEST GUST SPEED    13   HIGHEST GUST DIRECTION     W (250)
  AVERAGE WIND SPEED     4.0


SKY COVER
  POSSIBLE SUNSHINE  MM
  AVERAGE SKY COVER 0.0


WEATHER CONDITIONS
 THE FOLLOWING WEATHER WAS RECORDED TODAY.
  NO SIGNIFICANT WEATHER WAS OBSERVED.


RELATIVE HUMIDITY (PERCENT)
 HIGHEST    86           400 AM
 LOWEST     32           400 PM
 AVERAGE    59

..........................................................


THE TROUTDALE OR CLIMATE NORMALS FOR TOMORROW
                         NORMAL    RECORD    YEAR
 MAXIMUM TEMPERATURE (F)   71        91      1972
 MINIMUM TEMPERATURE (F)   49        33      1998


SUNRISE AND SUNSET
MAY 27 2018...........SUNRISE   527 AM PDT   SUNSET   847 PM PDT
MAY 28 2018...........SUNRISE   527 AM PDT   SUNSET   848 PM PDT


-  INDICATES NEGATIVE NUMBERS.
R  INDICATES RECORD WAS SET OR TIED.
MM INDICATES DATA IS MISSING.
T  INDICATES TRACE AMOUNT.




$$
