000
CDUS44 KTSA 200828
CLITUL

CLIMATE REPORT
NATIONAL WEATHER SERVICE TULSA OK
146 AM CDT FRI APR 20 2018


...................................

...THE TULSA OKLAHOMA CLIMATE SUMMARY FOR APRIL 19 2018...

CLIMATE NORMAL PERIOD 1981 TO 2010
CLIMATE RECORD PERIOD 1882 TO 2018


WEATHER ITEM   OBSERVED TIME   RECORD YEAR NORMAL DEPARTURE LAST
                VALUE   (LST)  VALUE       VALUE  FROM      YEAR
                                                  NORMAL
..................................................................
TEMPERATURE (F)
 YESTERDAY
  MAXIMUM         62    411 PM  94    1987  73    -11       80
  MINIMUM         36    606 AM  34    2013  50    -14       64
                                      1953
  AVERAGE         49                        62    -13       72

PRECIPITATION (IN)
  YESTERDAY        0.00          2.52 1917   0.13  -0.13     0.00
  MONTH TO DATE    0.16                      2.14  -1.98     2.72
  SINCE MAR 1      3.47                      5.43  -1.96     4.49
  SINCE JAN 1      8.55                      8.94  -0.39     9.09

SNOWFALL (IN)
  YESTERDAY        0.0                                       0.0
  MONTH TO DATE    0.1                                        T
  SINCE MAR 1      0.1                                        T
  SINCE JUL 1      2.1                                       0.7

DEGREE DAYS
 HEATING
  YESTERDAY       16                         5     11        0
  MONTH TO DATE  279                       143    136       47
  SINCE MAR 1    648                       581     67      341
  SINCE JUL 1   3356                      3492   -136     2562

 COOLING
  YESTERDAY        0                         2     -2        7
  MONTH TO DATE   15                        27    -12       53
  SINCE MAR 1     18                        38    -20       93
  SINCE JAN 1     23                        39    -16      109
..................................................................


WIND (MPH)
  HIGHEST WIND SPEED    18   HIGHEST WIND DIRECTION     N (20)
  HIGHEST GUST SPEED    26   HIGHEST GUST DIRECTION     N (20)
  AVERAGE WIND SPEED     9.1


SKY COVER
  POSSIBLE SUNSHINE  MM
  AVERAGE SKY COVER 0.3


WEATHER CONDITIONS
 THE FOLLOWING WEATHER WAS RECORDED YESTERDAY.
  NO SIGNIFICANT WEATHER WAS OBSERVED.


RELATIVE HUMIDITY (PERCENT)
 HIGHEST    76           600 AM
 LOWEST     32           400 PM
 AVERAGE    54

..........................................................


THE TULSA OKLAHOMA CLIMATE NORMALS FOR TODAY
                         NORMAL    RECORD    YEAR
 MAXIMUM TEMPERATURE (F)   73        92      1963
 MINIMUM TEMPERATURE (F)   51        32      1953


SUNRISE AND SUNSET
APRIL 20 2018.........SUNRISE   644 AM CDT   SUNSET   802 PM CDT
APRIL 21 2018.........SUNRISE   642 AM CDT   SUNSET   803 PM CDT


-  INDICATES NEGATIVE NUMBERS.
R  INDICATES RECORD WAS SET OR TIED.
MM INDICATES DATA IS MISSING.
T  INDICATES TRACE AMOUNT.




$$

&&
...........................................................

THE TULSA PRECIPITATION NORMALS FOR TODAY
                       NORMAL    RECORD      YEAR
  TODAY                 0.14      3.30       1929
  MONTH TO DATE         2.28
  YEAR TO DATE          9.08
...........................................................
ALL DATA MEASURED AT THE TULSA INTERNATIONAL AIRPORT...
EXCEPT SNOWFALL...WHICH IS MEASURED AT THE NWS OFFICE.
