000
CDUS44 KMEG 270633
CLITUP


CLIMATE REPORT
NATIONAL WEATHER SERVICE MEMPHIS TN
133 AM CDT SUN MAY 27 2018


...................................

...THE TUPELO CLIMATE SUMMARY FOR MAY 26 2018...

CLIMATE NORMAL PERIOD 1981 TO 2010
CLIMATE RECORD PERIOD 1930 TO 2018


WEATHER ITEM   OBSERVED TIME   RECORD YEAR NORMAL DEPARTURE LAST
                VALUE   (LST)  VALUE       VALUE  FROM      YEAR
                                                  NORMAL
..................................................................
TEMPERATURE (F)
 YESTERDAY
  MAXIMUM         85        MM  95    1978  84      1       87
                                      1964
  MINIMUM         70        MM  39    1979  63      7       58
  AVERAGE         78                        73      5       73

PRECIPITATION (IN)
  YESTERDAY        0.00          7.89 1991   0.16  -0.16     0.00
  MONTH TO DATE    3.76                      4.74  -0.98     2.61
  SINCE MAR 1     15.14                     14.34   0.80    12.21
  SINCE JAN 1     31.49                     23.78   7.71    20.68

SNOWFALL (IN)
  YESTERDAY        0.0          MM      MM   0.0    0.0      0.0
  MONTH TO DATE    0.0                       0.0    0.0      0.0
  SINCE MAR 1      0.0                       0.3   -0.3       T
  SINCE JUL 1      0.8                       2.1   -1.3       T
  SNOW DEPTH       0

DEGREE DAYS
 HEATING
  YESTERDAY        0                         0      0        0
  MONTH TO DATE    0                        23    -23       27
  SINCE MAR 1    567                       524     43      368
  SINCE JUL 1   2891                      2955    -64     1986

 COOLING
  YESTERDAY       13                         9      4        8
  MONTH TO DATE  276                       154    122      126
  SINCE MAR 1    296                       228     68      271
  SINCE JAN 1    316                       230     86      283
..................................................................


WIND (MPH)
  HIGHEST WIND SPEED     8   HIGHEST WIND DIRECTION     E (70)
  HIGHEST GUST SPEED    MM   HIGHEST GUST DIRECTION    MM
  AVERAGE WIND SPEED     2.2


SKY COVER
  POSSIBLE SUNSHINE  MM
  AVERAGE SKY COVER 0.5


WEATHER CONDITIONS
 THE FOLLOWING WEATHER WAS RECORDED YESTERDAY.
  THUNDERSTORM


RELATIVE HUMIDITY (PERCENT)
 HIGHEST    90           500 AM
 LOWEST     58           200 PM
 AVERAGE    74

..........................................................


THE TUPELO CLIMATE NORMALS FOR TODAY
                         NORMAL    RECORD    YEAR
 MAXIMUM TEMPERATURE (F)   85        95      2012
                                             1964
 MINIMUM TEMPERATURE (F)   63        42      1961


SUNRISE AND SUNSET
MAY 27 2018...........SUNRISE   546 AM CDT   SUNSET   759 PM CDT
MAY 28 2018...........SUNRISE   546 AM CDT   SUNSET   759 PM CDT


-  INDICATES NEGATIVE NUMBERS.
R  INDICATES RECORD WAS SET OR TIED.
MM INDICATES DATA IS MISSING.
T  INDICATES TRACE AMOUNT.




$$
