000
CDUS44 KSHV 212143
CLITYR


CLIMATE REPORT
NATIONAL WEATHER SERVICE SHREVEPORT, LA
442 PM CDT MON MAY 21 2018


...................................

...THE TYLER CLIMATE SUMMARY FOR MAY 21 2018...
VALID TODAY AS OF 0400 PM LOCAL TIME.

CLIMATE NORMAL PERIOD 1981 TO 2010
CLIMATE RECORD PERIOD 1896 TO 2018


WEATHER ITEM   OBSERVED TIME   RECORD YEAR NORMAL DEPARTURE LAST
                VALUE   (LST)  VALUE       VALUE  FROM      YEAR
                                                  NORMAL
..................................................................
TEMPERATURE (F)
 TODAY
  MAXIMUM         85    253 PM  97    2005  84      1       72
  MINIMUM         67    619 AM  45    1981  65      2       59
  AVERAGE         76                        74      2       66

PRECIPITATION (IN)
  TODAY            0.00          1.83 2013   0.13  -0.13     0.93
  MONTH TO DATE    0.91                      3.15  -2.24     3.42
  SINCE DEC 1     21.93                     21.55   0.38    18.54
  SINCE JAN 1     16.64                     17.31  -0.67    15.89

DEGREE DAYS
 HEATING
  TODAY            0                         0      0        0
  MONTH TO DATE    0                         6     -6        7
  SINCE MAR 1    268                       376   -108      173
  SINCE JUL 1   2070                      2268   -198     1256

 COOLING
  TODAY           11                         9      2        1
  MONTH TO DATE  255                       150    105      139
  SINCE MAR 1    365                       250    115      385
  SINCE JAN 1    392                       262    130      459
..................................................................


WIND (MPH)
  HIGHEST WIND SPEED     7   HIGHEST WIND DIRECTION     W (260)
  HIGHEST GUST SPEED    12   HIGHEST GUST DIRECTION     W (250)
  AVERAGE WIND SPEED     2.6


SKY COVER
  POSSIBLE SUNSHINE  MM
  AVERAGE SKY COVER 0.3


WEATHER CONDITIONS
 THE FOLLOWING WEATHER WAS RECORDED TODAY.
  FOG


RELATIVE HUMIDITY (PERCENT)
 HIGHEST   100          1200 AM
 LOWEST     48           100 PM
 AVERAGE    74

..........................................................


THE TYLER CLIMATE NORMALS FOR TOMORROW
                         NORMAL    RECORD    YEAR
 MAXIMUM TEMPERATURE (F)   84        96      2005
 MINIMUM TEMPERATURE (F)   65        48      2001


SUNRISE AND SUNSET
MAY 21 2018...........SUNRISE   620 AM CDT   SUNSET   817 PM CDT
MAY 22 2018...........SUNRISE   619 AM CDT   SUNSET   818 PM CDT


-  INDICATES NEGATIVE NUMBERS.
R  INDICATES RECORD WAS SET OR TIED.
MM INDICATES DATA IS MISSING.
T  INDICATES TRACE AMOUNT.




$$
