000
CDUS44 KMRX 242120
CLITYS


CLIMATE REPORT
NATIONAL WEATHER SERVICE MORRISTOWN TN
520 PM EDT TUE APR 24 2018


...................................

...THE KNOXVILLE    ASOS CLIMATE SUMMARY FOR APRIL 24 2018...
VALID TODAY AS OF 0500 PM LOCAL TIME.

CLIMATE NORMAL PERIOD 1981 TO 2010
CLIMATE RECORD PERIOD 1871 TO 2018


WEATHER ITEM   OBSERVED TIME   RECORD YEAR NORMAL DEPARTURE LAST
                VALUE   (LST)  VALUE       VALUE  FROM      YEAR
                                                  NORMAL
..................................................................
TEMPERATURE (F)
 TODAY
  MAXIMUM         68    313 PM  93    1925  73     -5       69
  MINIMUM         54    758 AM  28    1986  50      4       52
  AVERAGE         61                        61      0       61

PRECIPITATION (IN)
  TODAY            0.78          1.15 1941   0.14   0.64     0.00
  MONTH TO DATE    4.03                      3.18   0.85     6.92
  SINCE MAR 1      9.17                      7.52   1.65    12.65
  SINCE JAN 1     18.99                     16.10   2.89    18.59

SNOWFALL (IN)
  TODAY            0.0                       0.0    0.0      0.0
  MONTH TO DATE    T                         0.5   -0.5      0.0
  SINCE MAR 1      T                         1.4   -1.4       T
  SINCE JUL 1      2.6                       6.5   -3.9      2.3
  SNOW DEPTH       0

DEGREE DAYS
 HEATING
  TODAY            4                         5     -1        4
  MONTH TO DATE  245                       192     53       78
  SINCE MAR 1    750                       653     97      477
  SINCE JUL 1   3483                      3549    -66     2536

 COOLING
  TODAY            0                         1     -1        0
  MONTH TO DATE   12                        22    -10       59
  SINCE MAR 1     16                        27    -11       62
  SINCE JAN 1     34                        27      7       62
..................................................................


WIND (MPH)
  HIGHEST WIND SPEED    17   HIGHEST WIND DIRECTION     W (280)
  HIGHEST GUST SPEED    22   HIGHEST GUST DIRECTION     W (250)
  AVERAGE WIND SPEED     6.8


SKY COVER
  POSSIBLE SUNSHINE  MM
  AVERAGE SKY COVER 0.9


WEATHER CONDITIONS
 THE FOLLOWING WEATHER WAS RECORDED TODAY.
  HEAVY RAIN
  RAIN
  LIGHT RAIN
  FOG


RELATIVE HUMIDITY (PERCENT)
 HIGHEST   100          1200 AM
 LOWEST     68           300 PM
 AVERAGE    84

..........................................................


THE KNOXVILLE    ASOS CLIMATE NORMALS FOR TOMORROW
                         NORMAL    RECORD    YEAR
 MAXIMUM TEMPERATURE (F)   73        89      1960
 MINIMUM TEMPERATURE (F)   50        33      1910


SUNRISE AND SUNSET
APRIL 24 2018.........SUNRISE   652 AM EDT   SUNSET   817 PM EDT
APRIL 25 2018.........SUNRISE   651 AM EDT   SUNSET   818 PM EDT


-  INDICATES NEGATIVE NUMBERS.
R  INDICATES RECORD WAS SET OR TIED.
MM INDICATES DATA IS MISSING.
T  INDICATES TRACE AMOUNT.




$$
