000
CDUS43 KLOT 210636
CLIUGN


CLIMATE REPORT
NATIONAL WEATHER SERVICE CHICAGO IL
135 AM CDT SAT APR 21 2018


...................................

...THE WAUKEGAN   CLIMATE SUMMARY FOR APRIL 20 2018...

CLIMATE NORMAL PERIOD 1981 TO 2010
CLIMATE RECORD PERIOD 2000 TO 2018


WEATHER ITEM   OBSERVED TIME   RECORD YEAR NORMAL DEPARTURE LAST
                VALUE   (LST)  VALUE       VALUE  FROM      YEAR
                                                  NORMAL
..................................................................
TEMPERATURE (F)
 YESTERDAY
  MAXIMUM         53    120 PM  72    2006  57     -4       71
  MINIMUM         27R   509 AM  28    2013  39    -12       42
  AVERAGE         40                        48     -8       57

PRECIPITATION (IN)
  YESTERDAY        0.00          2.20 2000   0.11  -0.11     0.07
  MONTH TO DATE    1.82                      2.14  -0.32     2.89
  SINCE MAR 1      2.31                      4.46  -2.15     6.32
  SINCE JAN 1      5.49                      7.51  -2.02    10.54

DEGREE DAYS
 HEATING
  YESTERDAY       25                        17      8        8
  MONTH TO DATE  612                       419    193      293
  SINCE MAR 1   1593                      1343    250     1186
  SINCE JUL 1   6270                      6289    -19     5298

 COOLING
  YESTERDAY        0                         0      0        0
  MONTH TO DATE    0                         0      0        4
  SINCE MAR 1      0                         0      0        4
  SINCE JAN 1      0                         0      0        4
..................................................................


WIND (MPH)
  RESULTANT WIND SPEED   2   RESULTANT WIND DIRECTION  SE (120)
  HIGHEST WIND SPEED    12   HIGHEST WIND DIRECTION     E (110)
  HIGHEST GUST SPEED    17   HIGHEST GUST DIRECTION     E (110)
  AVERAGE WIND SPEED     4.7


SKY COVER
  POSSIBLE SUNSHINE  MM
  AVERAGE SKY COVER 0.0


WEATHER CONDITIONS
 THE FOLLOWING WEATHER WAS RECORDED YESTERDAY.
  NO SIGNIFICANT WEATHER WAS OBSERVED.


RELATIVE HUMIDITY (PERCENT)
 HIGHEST    72
 LOWEST     26
 AVERAGE    49

..........................................................


THE WAUKEGAN   CLIMATE NORMALS FOR TODAY
                         NORMAL    RECORD    YEAR
 MAXIMUM TEMPERATURE (F)   58        82      2001
 MINIMUM TEMPERATURE (F)   39        32      2011


SUNRISE AND SUNSET
APRIL 21 2018.........SUNRISE   601 AM CDT   SUNSET   740 PM CDT
APRIL 22 2018.........SUNRISE   600 AM CDT   SUNSET   741 PM CDT


-  INDICATES NEGATIVE NUMBERS.
R  INDICATES RECORD WAS SET OR TIED.
MM INDICATES DATA IS MISSING.
T  INDICATES TRACE AMOUNT.




$$
