000
CDUS46 KSEW 250829
CLIUIL


CLIMATE REPORT
NATIONAL WEATHER SERVICE SEATTLE WA
129 AM PDT FRI MAY 25 2018


...................................

...THE QUILLAYUTE WA AIRPORT CLIMATE SUMMARY FOR MAY 24 2018...

CLIMATE NORMAL PERIOD 1981 TO 2010
CLIMATE RECORD PERIOD 1966 TO 2018


WEATHER ITEM   OBSERVED TIME   RECORD YEAR NORMAL DEPARTURE LAST
                VALUE   (LST)  VALUE       VALUE  FROM      YEAR
                                                  NORMAL
..................................................................
TEMPERATURE (F)
 YESTERDAY
  MAXIMUM         60    216 PM  83    1993  61     -1       61
  MINIMUM         44   1159 PM  33    2000  45     -1       42
  AVERAGE         52                        53     -1       52

PRECIPITATION (IN)
  YESTERDAY        0.01          2.83 1974   0.15  -0.14      T
  MONTH TO DATE    0.80                      4.05  -3.25     4.77
  SINCE OCT 1     87.50                     86.69   0.81   122.15
  SINCE JAN 1     49.28                     47.69   1.59    62.22

DEGREE DAYS
 HEATING
  YESTERDAY       13                        12      1       13
  MONTH TO DATE  265                       342    -77      320
  SINCE MAR 1   1476                      1539    -63     1511
  SINCE JUL 1   5121                      5384   -263     5333

 COOLING
  YESTERDAY        0                         0      0        0
  MONTH TO DATE    0                         0      0        0
  SINCE MAR 1      0                         0      0        0
  SINCE JAN 1      0                         0      0        0
..................................................................


WIND (MPH)
  RESULTANT WIND SPEED   5   RESULTANT WIND DIRECTION  NW (310)
  HIGHEST WIND SPEED    15   HIGHEST WIND DIRECTION    NW (330)
  HIGHEST GUST SPEED    21   HIGHEST GUST DIRECTION     W (280)
  AVERAGE WIND SPEED     5.1


SKY COVER
  AVERAGE SKY COVER 0.7


WEATHER CONDITIONS
 THE FOLLOWING WEATHER WAS RECORDED YESTERDAY.
  LIGHT RAIN
  FOG


RELATIVE HUMIDITY (PERCENT)
 HIGHEST   100          1200 AM
 LOWEST     62           300 PM
 AVERAGE    81

..........................................................


THE QUILLAYUTE WA AIRPORT CLIMATE NORMALS FOR TODAY
                         NORMAL    RECORD    YEAR
 MAXIMUM TEMPERATURE (F)   61        78      2005
 MINIMUM TEMPERATURE (F)   45        32      1972


SUNRISE AND SUNSET
MAY 25 2018...........SUNRISE   529 AM PDT   SUNSET   902 PM PDT
MAY 26 2018...........SUNRISE   528 AM PDT   SUNSET   904 PM PDT


-  INDICATES NEGATIVE NUMBERS.
R  INDICATES RECORD WAS SET OR TIED.
MM INDICATES DATA IS MISSING.
T  INDICATES TRACE AMOUNT.




$$
