000
CDUS43 KLSX 260730
CLIUIN


CLIMATE REPORT
NATIONAL WEATHER SERVICE ST LOUIS MO
229 AM CDT THU APR 26 2018


...................................

...THE QUINCY IL CLIMATE SUMMARY FOR APRIL 25 2018...

CLIMATE NORMAL PERIOD 1981 TO 2010
CLIMATE RECORD PERIOD 1901 TO 2018


WEATHER ITEM   OBSERVED TIME   RECORD YEAR NORMAL DEPARTURE LAST
                VALUE   (LST)  VALUE       VALUE  FROM      YEAR
                                                  NORMAL
..................................................................
TEMPERATURE (F)
 YESTERDAY
  MAXIMUM         62    240 PM  92    1986  67     -5       80
  MINIMUM         43   1130 PM  32    1934  46     -3       53
  AVERAGE         53                        56     -3

PRECIPITATION (IN)
  YESTERDAY        0.00          3.20 1904   0.13  -0.13     0.00
  MONTH TO DATE    0.63                      3.03  -2.40     2.00
  SINCE MAR 1      4.01                      5.49  -1.48     5.18
  SINCE JAN 1      8.13                      8.89  -0.76     7.23

DEGREE DAYS
 HEATING
  YESTERDAY       12                         9      3
  MONTH TO DATE  525                       328    197
  SINCE MAR 1   1300                      1046    254
  SINCE JUL 1   5467                      5388     79

 COOLING
  YESTERDAY        0                         1     -1
  MONTH TO DATE    6                        12     -6
  SINCE MAR 1      6                        14     -8
  SINCE JAN 1      6                        14     -8
..................................................................


WIND (MPH)
  HIGHEST WIND SPEED    20   HIGHEST WIND DIRECTION    NE (30)
  HIGHEST GUST SPEED    25   HIGHEST GUST DIRECTION    NE (30)
  AVERAGE WIND SPEED     9.2


SKY COVER
  AVERAGE SKY COVER 0.2



RELATIVE HUMIDITY (PERCENT)
 HIGHEST    77           700 AM
 LOWEST     46           200 PM
 AVERAGE    62

..........................................................


THE QUINCY IL CLIMATE NORMALS FOR TODAY
                         NORMAL    RECORD    YEAR
 MAXIMUM TEMPERATURE (F)   67        90      1989
 MINIMUM TEMPERATURE (F)   47        29      1950
                                             1907


SUNRISE AND SUNSET
APRIL 26 2018.........SUNRISE   611 AM CDT   SUNSET   754 PM CDT
APRIL 27 2018.........SUNRISE   610 AM CDT   SUNSET   755 PM CDT


-  INDICATES NEGATIVE NUMBERS.
R  INDICATES RECORD WAS SET OR TIED.
MM INDICATES DATA IS MISSING.
T  INDICATES TRACE AMOUNT.




$$
