000
CDUS46 KEKA 211233
CLIUKI


CLIMATE REPORT
NATIONAL WEATHER SERVICE EUREKA CA
533 AM PDT MON MAY 21 2018


...................................

...THE UKIAH CA CLIMATE SUMMARY FOR MAY 20 2018...

CLIMATE NORMAL PERIOD 1981 TO 2010
CLIMATE RECORD PERIOD 1903 TO 2018


WEATHER ITEM   OBSERVED TIME   RECORD YEAR NORMAL DEPARTURE LAST
                VALUE   (LST)  VALUE       VALUE  FROM      YEAR
                                                  NORMAL
..................................................................
TEMPERATURE (F)
 YESTERDAY
  MAXIMUM         69    332 PM  99    2001  78     -9       95
  MINIMUM         50   1214 AM  35    1941  47      3       50
  AVERAGE         60                        63     -3       73

PRECIPITATION (IN)
  YESTERDAY        0.00          0.95 1925   0.02  -0.02     0.00
  MONTH TO DATE    0.00                      1.13  -1.13     0.01
  SINCE OCT 1     23.60                     36.13 -12.53    51.58
  SINCE JAN 1     18.02                     22.75  -4.73    34.47

SNOWFALL (IN)
  YESTERDAY        0.0          MM      MM  MM     MM        0.0
  MONTH TO DATE    0.0                      MM     MM        0.0
  SINCE MAR 1      0.0                      MM     MM        0.0
  SINCE JUL 1      0.0                      MM     MM        0.0
  SNOW DEPTH       0

DEGREE DAYS
 HEATING
  YESTERDAY        5                         4      1        0
  MONTH TO DATE   38                       103    -65       83
  SINCE MAR 1    716                       816   -100      692
  SINCE JUL 1   2752                      3049   -297     2859

 COOLING
  YESTERDAY        0                         2     -2        8
  MONTH TO DATE    5                        26    -21       43
  SINCE MAR 1      8                        34    -26       43
  SINCE JAN 1      8                        34    -26       43
..................................................................


WIND (MPH)
  HIGHEST WIND SPEED    17   HIGHEST WIND DIRECTION    NW (330)
  HIGHEST GUST SPEED    23   HIGHEST GUST DIRECTION    NW (330)
  AVERAGE WIND SPEED     9.6


SKY COVER
  AVERAGE SKY COVER 0.3


WEATHER CONDITIONS
 THE FOLLOWING WEATHER WAS RECORDED YESTERDAY.
  NO SIGNIFICANT WEATHER WAS OBSERVED.


RELATIVE HUMIDITY (PERCENT)
 HIGHEST    80
 LOWEST     40
 AVERAGE    60

..........................................................


THE UKIAH CA CLIMATE NORMALS FOR TODAY
                         NORMAL    RECORD    YEAR
 MAXIMUM TEMPERATURE (F)   78        99      2001
 MINIMUM TEMPERATURE (F)   47        33      1922


SUNRISE AND SUNSET
MAY 21 2018...........SUNRISE   555 AM PDT   SUNSET   825 PM PDT
MAY 22 2018...........SUNRISE   554 AM PDT   SUNSET   825 PM PDT


-  INDICATES NEGATIVE NUMBERS.
R  INDICATES RECORD WAS SET OR TIED.
MM INDICATES DATA IS MISSING.
T  INDICATES TRACE AMOUNT.




$$
