000
CDUS43 KUNR 240833
CLIUNR


CLIMATE REPORT
NATIONAL WEATHER SERVICE RAPID CITY SD
231 AM MDT TUE APR 24 2018


...................................

...THE EAST RAPID CITY SD CLIMATE SUMMARY FOR APRIL 23 2018...

CLIMATE NORMAL PERIOD 1981 TO 2010
CLIMATE RECORD PERIOD 1888 TO 2018


WEATHER ITEM   OBSERVED RECORD YEAR NORMAL DEPARTURE LAST
                VALUE   VALUE       VALUE  FROM      YEAR
                                           NORMAL
...........................................................
TEMPERATURE (F)
 YESTERDAY
  MAXIMUM         66     85    1906  58      8       65
  MINIMUM         36     16    1902  37     -1       42
  AVERAGE         51                 48      3       54

PRECIPITATION (IN)
  YESTERDAY        0.20   1.63 1932   0.08   0.12     0.01
  MONTH TO DATE    1.65               1.46   0.19     1.24
  SINCE MAR 1      3.18               2.45   0.73     2.04
  SINCE JAN 1      4.37               3.22   1.15     2.83

SNOWFALL (IN)
  YESTERDAY        0.0   12.0  1958   0.2   -0.2      0.0
  MONTH TO DATE   18.8                7.4   11.4      1.4
  SINCE MAR 1     34.3               19.2   15.1      2.7
  SINCE JUL 1     66.4               45.9   20.5     35.9
  SNOW DEPTH       0

DEGREE DAYS
 HEATING
  YESTERDAY       14                 17     -3       11
  MONTH TO DATE  677                492    185      366
  SINCE MAR 1   1625               1400    225     1135
  SINCE JUL 1   6727               6354    373     5731

 COOLING
  YESTERDAY        0                  0      0        0
  MONTH TO DATE    0                  0      0        0
  SINCE MAR 1      0                  0      0        0
  SINCE JAN 1      0                  0      0        0
...........................................................


WIND (MPH)
  HIGHEST GUST SPEED    51   HIGHEST GUST DIRECTION    NW (320)



WEATHER CONDITIONS
 THE FOLLOWING WEATHER WAS RECORDED YESTERDAY.
  RAIN
  LIGHT RAIN


..........................................................


THE EAST RAPID CITY SD CLIMATE NORMALS FOR TODAY
                         NORMAL    RECORD    YEAR
 MAXIMUM TEMPERATURE (F)   59        88      1962
 MINIMUM TEMPERATURE (F)   37        23      1907


SUNRISE AND SUNSET
APRIL 24 2018.........SUNRISE   555 AM MDT   SUNSET   748 PM MDT
APRIL 25 2018.........SUNRISE   553 AM MDT   SUNSET   749 PM MDT


-  INDICATES NEGATIVE NUMBERS.
R  INDICATES RECORD WAS SET OR TIED.
MM INDICATES DATA IS MISSING.
T  INDICATES TRACE AMOUNT.




$$
