000
CDUS44 KCRP 220824
CLIVCT

CLIMATE REPORT
NATIONAL WEATHER SERVICE CORPUS CHRISTI TX
322 AM CDT TUE MAY 22 2018


...................................

...THE VICTORIA CLIMATE SUMMARY FOR MAY 21 2018...

CLIMATE NORMAL PERIOD 1981 TO 2010
CLIMATE RECORD PERIOD 1893 TO 2018


WEATHER ITEM   OBSERVED TIME   RECORD YEAR NORMAL DEPARTURE LAST
                VALUE   (LST)  VALUE       VALUE  FROM      YEAR
                                                  NORMAL
..................................................................
TEMPERATURE (F)
 YESTERDAY
  MAXIMUM         87   1041 AM  96    1939  88     -1       91
  MINIMUM         69    209 AM  56    2009  69      0       73
                                      2002
                                      1926
  AVERAGE         78                        78      0       82

PRECIPITATION (IN)
  YESTERDAY        0.14          2.19 1977   0.17  -0.03     0.60
  MONTH TO DATE    0.35                      3.48  -3.13     0.86
  SINCE MAR 1      3.69                      9.07  -5.38     8.78
  SINCE JAN 1      5.87                     13.67  -7.80    17.38

SNOWFALL (IN)
  YESTERDAY        0.0
  MONTH TO DATE    0.0
  SINCE MAR 1      0.0
  SINCE JUL 1      2.0
  SNOW DEPTH       0

DEGREE DAYS
 HEATING
  YESTERDAY        0                         0      0        0
  MONTH TO DATE    0                         0      0        0
  SINCE MAR 1     86                       155    -69       36
  SINCE JUL 1   1133                      1248   -115      567

 COOLING
  YESTERDAY       13                        13      0       17
  MONTH TO DATE  288                       229     59      240
  SINCE MAR 1    569                       480     89      659
  SINCE JAN 1    659                       518    141      866
..................................................................


WIND (MPH)
  HIGHEST WIND SPEED    23   HIGHEST WIND DIRECTION     E (110)
  HIGHEST GUST SPEED    27   HIGHEST GUST DIRECTION     E (100)
  AVERAGE WIND SPEED     7.6


SKY COVER
  POSSIBLE SUNSHINE  MM
  AVERAGE SKY COVER 0.3


WEATHER CONDITIONS
 THE FOLLOWING WEATHER WAS RECORDED YESTERDAY.
  THUNDERSTORM
  HEAVY RAIN
  RAIN
  LIGHT RAIN
  FOG


RELATIVE HUMIDITY (PERCENT)
 HIGHEST    93           500 AM
 LOWEST     65          1000 AM
 AVERAGE    79

..........................................................


THE VICTORIA CLIMATE NORMALS FOR TODAY
                         NORMAL    RECORD    YEAR
 MAXIMUM TEMPERATURE (F)   88        99      1917
 MINIMUM TEMPERATURE (F)   69        56      1911


SUNRISE AND SUNSET
MAY 22 2018...........SUNRISE   633 AM CDT   SUNSET   816 PM CDT
MAY 23 2018...........SUNRISE   632 AM CDT   SUNSET   817 PM CDT


-  INDICATES NEGATIVE NUMBERS.
R  INDICATES RECORD WAS SET OR TIED.
MM INDICATES DATA IS MISSING.
T  INDICATES TRACE AMOUNT.

$$

CB
