000
CDUS42 KTAE 230634
CLIVLD


CLIMATE REPORT
NATIONAL WEATHER SERVICE TALLAHASSEE FL
234 AM EDT WED MAY 23 2018


...................................

...THE VALDOSTA CLIMATE SUMMARY FOR MAY 22 2018...

CLIMATE NORMAL PERIOD 1981 TO 2010
CLIMATE RECORD PERIOD 1948 TO 2018


WEATHER ITEM   OBSERVED TIME   NORMAL DEPARTURE LAST
                VALUE   (LST)  VALUE  FROM      YEAR
                                      NORMAL
......................................................
TEMPERATURE (F)
 YESTERDAY
  MAXIMUM         88    335 PM  87      1       88
  MINIMUM         67    427 AM  63      4       67
  AVERAGE         78            75      3       78

PRECIPITATION (IN)
  YESTERDAY        0.00          0.08  -0.08      T
  MONTH TO DATE    3.05          1.42   1.63     1.26
  SINCE MAR 1     10.11          9.16   0.95     4.40
  SINCE JAN 1     15.98         17.89  -1.91    14.71

SNOWFALL (IN)
  YESTERDAY        0.0
  MONTH TO DATE    0.0
  SINCE MAR 1      0.0
  SINCE JUL 1      0.6

DEGREE DAYS
 COOLING
  YESTERDAY       13            10      3       13
  MONTH TO DATE  196           175     21      182
  SINCE MAR 1    280           300    -20      399
  SINCE JAN 1    363           310     53      445
......................................................


WIND (MPH)
  HIGHEST WIND SPEED    16   HIGHEST WIND DIRECTION     S (180)
  HIGHEST GUST SPEED    22   HIGHEST GUST DIRECTION     S (170)
  AVERAGE WIND SPEED     6.3




RELATIVE HUMIDITY (PERCENT)
 HIGHEST    97
 LOWEST     50
 AVERAGE    74

..........................................................




SUNRISE AND SUNSET
MAY 23 2018...........SUNRISE   634 AM EDT   SUNSET   826 PM EDT
MAY 24 2018...........SUNRISE   633 AM EDT   SUNSET   827 PM EDT


-  INDICATES NEGATIVE NUMBERS.
R  INDICATES RECORD WAS SET OR TIED.
MM INDICATES DATA IS MISSING.
T  INDICATES TRACE AMOUNT.




$$
