000
CDUS43 KLBF 252236
CLIVTN


CLIMATE REPORT
NATIONAL WEATHER SERVICE NORTH PLATTE
535 PM CDT FRI MAY 25 2018


...................................

...THE VALENTINE NE CLIMATE SUMMARY FOR MAY 25 2018...
VALID TODAY AS OF 0500 PM LOCAL TIME.

CLIMATE NORMAL PERIOD 1981 TO 2010
CLIMATE RECORD PERIOD 1885 TO 2018


WEATHER ITEM   OBSERVED TIME   RECORD YEAR NORMAL DEPARTURE LAST
                VALUE   (LST)  VALUE       VALUE  FROM      YEAR
                                                  NORMAL
..................................................................
TEMPERATURE (F)
 TODAY
  MAXIMUM         91    245 PM  97    1985  74     17       74
  MINIMUM         56    516 AM  32    1910  47      9       53
  AVERAGE         74                        60     14       64

PRECIPITATION (IN)
  TODAY            0.00          4.00 1920   0.10  -0.10     0.00
  MONTH TO DATE    3.80                      2.45   1.35     4.98
  SINCE MAR 1      7.16                      5.74   1.42     7.10
  SINCE JAN 1      8.43                      6.48   1.95     9.17

SNOWFALL (IN)
  TODAY            0.0           0.0    MM   0.0    0.0      0.0
  MONTH TO DATE    0.0                       0.1   -0.1      0.0
  SINCE MAR 1     25.8                      11.2   14.6      2.7
  SINCE JUL 1     45.5                      33.3   12.2     44.5
  SNOW DEPTH       0

DEGREE DAYS
 HEATING
  TODAY            0                         6     -6        1
  MONTH TO DATE  115                       231   -116      217
  SINCE MAR 1   1717                      1678     39     1437
  SINCE JUL 1   6810                      6914   -104     6196

 COOLING
  TODAY            9                         1      8        0
  MONTH TO DATE   57                        22     35       21
  SINCE MAR 1     60                        26     34       23
  SINCE JAN 1     60                        26     34       23
..................................................................


WIND (MPH)
  HIGHEST WIND SPEED    15   HIGHEST WIND DIRECTION     N (340)
  HIGHEST GUST SPEED    22   HIGHEST GUST DIRECTION    NW (310)
  AVERAGE WIND SPEED     4.4


SKY COVER
  POSSIBLE SUNSHINE  MM
  AVERAGE SKY COVER 0.0


WEATHER CONDITIONS
 THE FOLLOWING WEATHER WAS RECORDED TODAY.
  NO SIGNIFICANT WEATHER WAS OBSERVED.


RELATIVE HUMIDITY (PERCENT)
 HIGHEST    97           100 AM
 LOWEST     30           200 PM
 AVERAGE    64

..........................................................


THE VALENTINE NE CLIMATE NORMALS FOR TOMORROW
                         NORMAL    RECORD    YEAR
 MAXIMUM TEMPERATURE (F)   74        98      1969
 MINIMUM TEMPERATURE (F)   48        28      1992


SUNRISE AND SUNSET
MAY 25 2018...........SUNRISE   611 AM CDT   SUNSET   908 PM CDT
MAY 26 2018...........SUNRISE   610 AM CDT   SUNSET   909 PM CDT


-  INDICATES NEGATIVE NUMBERS.
R  INDICATES RECORD WAS SET OR TIED.
MM INDICATES DATA IS MISSING.
T  INDICATES TRACE AMOUNT.




$$
