000
CDUS46 KLOX 200905
CLIWJF


CLIMATE REPORT
NATIONAL WEATHER SERVICE LOS ANGELES/OXNARD CA
205 AM PDT FRI APR 20 2018


...................................

...THE LANCASTER FOX FIELD CA CLIMATE SUMMARY FOR APRIL 19 2018...

CLIMATE NORMAL PERIOD 1981 TO 2010
CLIMATE RECORD PERIOD 1948 TO 2018


WEATHER ITEM   OBSERVED TIME   RECORD YEAR NORMAL DEPARTURE
                VALUE   (LST)  VALUE       VALUE  FROM
                                                  NORMAL
...............................................................
TEMPERATURE (F)
 YESTERDAY
  MAXIMUM         60    240 PM  94    1950  74    -14
  MINIMUM         42    341 AM  29    2007  46     -4
  AVERAGE         51                        60     -9

PRECIPITATION (IN)
  YESTERDAY        0.00          0.08 2001   0.01  -0.01
  MONTH TO DATE    0.09                      0.26  -0.17
  SINCE OCT 1      2.76                      6.81  -4.05
  SINCE JAN 1      2.74                      4.68  -1.94

SNOWFALL (IN)
  YESTERDAY        0.0           0.0    MM
  MONTH TO DATE    0.0
  SINCE MAR 1      0.0
  SINCE JUL 1      0.0
  SNOW DEPTH       0

DEGREE DAYS
 HEATING
  YESTERDAY       14                                8
  MONTH TO DATE   99                              -55
  SINCE MAR 1    485                              -37
  SINCE JUL 1   2470                             -345

 COOLING
  YESTERDAY        0                               -1
  MONTH TO DATE   20                               10
  SINCE MAR 1     20                                8
  SINCE JAN 1     20                                8
...............................................................


WIND (MPH)
  HIGHEST WIND SPEED    36   HIGHEST WIND DIRECTION     W (290)
  HIGHEST GUST SPEED    47   HIGHEST GUST DIRECTION     W (290)
  AVERAGE WIND SPEED    20.7




RELATIVE HUMIDITY (PERCENT)
 HIGHEST    82
 LOWEST     28
 AVERAGE    55

..........................................................


THE LANCASTER FOX FIELD CA CLIMATE NORMALS FOR TODAY
                         NORMAL    RECORD    YEAR
 MAXIMUM TEMPERATURE (F)   74        97      1950
 MINIMUM TEMPERATURE (F)   46        31      1966


SUNRISE AND SUNSET
APRIL 20 2018.........SUNRISE   615 AM PDT   SUNSET   729 PM PDT
APRIL 21 2018.........SUNRISE   614 AM PDT   SUNSET   730 PM PDT


-  INDICATES NEGATIVE NUMBERS.
R  INDICATES RECORD WAS SET OR TIED.
MM INDICATES DATA IS MISSING.
T  INDICATES TRACE AMOUNT.




$$
