000
CXUS51 KGYX 030131
CLMAUG

PWMCLMAUG 000
TTAA00 KGYX 020147


CLIMATE REPORT
NATIONAL WEATHER SERVICE GRAY ME
931 PM EDT WED MAY 2 2018

...................................

...THE AUGUSTA CLIMATE SUMMARY FOR THE MONTH OF APRIL 2018...

CLIMATE NORMAL PERIOD 1981 TO 2010
CLIMATE RECORD PERIOD 1948 TO 2018

WEATHER         OBSERVED          NORMAL  DEPART  LAST YEAR`S
                 VALUE   DATE(S)  VALUE   FROM    VALUE  DATE(S)
                                          NORMAL
................................................................
TEMPERATURE (F)
RECORD
 HIGH              90   04/28/2009
                        04/27/1990
 LOW                9   04/04/1954
HIGHEST            71   04/24        75      -4       81  04/16
LOWEST             19   04/06        24      -5       29  04/03
AVG. MAXIMUM     49.9              53.1    -3.2     55.1
AVG. MINIMUM     32.7              34.6    -1.9     37.4
MEAN             41.3              43.9    -2.6     46.2
DAYS MAX >= 90      0               0.0     0.0        0
DAYS MAX <= 32      1               0.3     0.7        1
DAYS MIN <= 32     15              10.3     4.7        6
DAYS MIN <= 0       0               0.0     0.0        0

PRECIPITATION (INCHES)
RECORD
 MAXIMUM         9.06   2005
 MINIMUM         0.33   1999
TOTALS           4.78              3.79    0.99     3.98
DAILY AVG.       0.16              0.13    0.03     0.13
DAYS >= .01        16              11.8     4.2       16
DAYS >= .10         8               6.9     1.1        9
DAYS >= .50         3               2.7     0.3        2
DAYS >= 1.00        2               0.8     1.2        1
GREATEST
 24 HR. TOTAL    1.29   04/26

DEGREE_DAYS
HEATING TOTAL     703               635      68      556
 SINCE 7/1       6687              7004    -317     6560
COOLING TOTAL       0                 0       0        0
 SINCE 1/1          0                 0       0        0
.................................................................

WIND (MPH)
AVERAGE WIND SPEED              7.4
HIGHEST WIND SPEED/DIRECTION    28/270    DATE  04/05
HIGHEST GUST SPEED/DIRECTION    40/080    DATE  04/16

SKY COVER
AVERAGE SKY COVER           0.60

AVERAGE RH (PERCENT)     64


-  INDICATES NEGATIVE NUMBERS.
R  INDICATES RECORD WAS SET OR TIED.
MM INDICATES DATA IS MISSING.
T  INDICATES TRACE AMOUNT.

&&

THE SPRING-LIKE WARMTH THAT FINALLY ARRIVED AT THE END OF MARCH MADE
A SWIFT DEPARTURE ONCE APRIL CAME AROUND. SEVERAL BACK TO BACK
TROUGHS OF LOW PRESSURE BROUGHT COLD AIR IN FROM CANADA, WITH THE
APRIL SUN TRIGGERING AFTERNOON RAIN AND SNOW SHOWERS. AFTER A BRIEF
WARM UP BROUGHT 60 DEGREE WARMTH, MORE COLD AIR POURED IN FOR THE
MIDDLE OF THE MONTH. THE COLDEST DAY WAS APRIL 15 WHEN THE
TEMPERATURE WAS BELOW FREEZING ALL DAY. THE HIGH TEMPERATURE OF 32
ON APRIL 15 WAS THE LATEST RECORDED DAY THAT THE TEMPERATURE DID NOT
WARM ABOVE FREEZING AT AUGUSTA. RAIN MOVED IN ON THE 16TH WHEN MORE
THAN AN INCH OF RAIN FELL WITH TEMPERATURES WARMING UP JUST A BIT,
BUT STAYING BELOW NORMAL. WARMER, SPRING-LIKE WEATHER FINALLY
ARRIVED AGAIN BY THE END OF APRIL, WITH 5 OUT OF 6 DAYS TOPPING 60
DEGREES FROM THE 23RD THRU 28TH.

THE AVERAGE TEMPERATURE FOR THE MONTH WAS 41.3 DEGREES WHICH WAS 2.6
DEGREES BELOW NORMAL AND THE COLDEST APRIL SINCE 2003. THE COLDEST
APRIL ON RECORD WAS IN 1967 WHEN THE AVERAGE TEMPERATURE WAS 40.1
DEGREES. THE WARMEST WAS IN 2010 AT 48.9 DEGREES.

A TOTAL OF 4.78 INCHES OF PRECIPITATION FELL WHICH WAS 0.99 INCHES
ABOVE NORMAL. THE HEAVIEST FELL ON APRIL 25 AND 26 WHEN 2.23 INCHES
WAS RECORDED. THE WETTEST APRIL ON RECORD WAS IN 2005 WHEN 9.06
INCHES WAS RECORDED. THE DRIEST WAS IN 1999 WHEN ONLY 0.33 INCHES
FELL.

THE FOLLOWING DAILY RECORDS WERE SET OR TIED IN APRIL 2018...
DATE  RECORD                                PREVIOUS
15    32   - COLDEST HIGH TEMPERATURE       37 IN 1981
26    1.29 - GREATEST PRECIPITATION         1.22 IN 2017

$$

KIMBLE
