000
CXUS53 KICT 020319
CLMCNU

CLIMATE REPORT
NATIONAL WEATHER SERVICE WICHITA KS
1013 PM CDT SUN APR 1 2018

...................................

...THE CHANUTE KS CLIMATE SUMMARY FOR THE MONTH OF MARCH 2018...

CLIMATE NORMAL PERIOD 1981 TO 2010
CLIMATE RECORD PERIOD 1894 TO 2018

WEATHER         OBSERVED          NORMAL  DEPART  LAST YEAR`S
                 VALUE   DATE(S)  VALUE   FROM    VALUE  DATE(S)
                                          NORMAL
................................................................
TEMPERATURE (F)
RECORD
 HIGH              95   03/21/1916
 LOW               -4   03/11/1948
HIGHEST            77   03/16                         87  03/20
                                                          03/19
LOWEST             20   03/14                         19  03/15
AVG. MAXIMUM     60.1              58.1     2.0     63.1
AVG. MINIMUM     35.9              36.1    -0.2     41.0
MEAN             48.0              47.1     0.9     52.0
DAYS MAX >= 90      0               0.0     0.0        0
DAYS MAX <= 32      0               0.6    -0.6        0
DAYS MIN <= 32     10              10.6    -0.6       11
DAYS MIN <= 0       0               0.0     0.0        0

PRECIPITATION (INCHES)
RECORD
 MAXIMUM        12.08   1973
 MINIMUM         0.00   1904
TOTALS           1.46              3.04   -1.58     2.02
DAILY AVG.       0.05              0.10   -0.05     0.07
DAYS >= .01         6               8.7    -2.7        9
DAYS >= .10         3               5.0    -2.0        6
DAYS >= .50         1               1.8    -0.8        1
DAYS >= 1.00        0               0.7    -0.7        0
GREATEST
 24 HR. TOTAL    0.86   03/19 TO 03/19

DEGREE_DAYS
HEATING TOTAL     520               559     -39      410
 SINCE 7/1       3866              4131    -265     3178
COOLING TOTAL       0                 4      -4       17
.................................................................

WIND (MPH)
AVERAGE WIND SPEED              11.4
HIGHEST WIND SPEED/DIRECTION    40/300    DATE  03/06
HIGHEST GUST SPEED/DIRECTION    53/310    DATE  03/06

SKY COVER
POSSIBLE SUNSHINE (PERCENT)   MM
AVERAGE SKY COVER           0.40
NUMBER OF DAYS FAIR           15
NUMBER OF DAYS PC              8
NUMBER OF DAYS CLOUDY          8

AVERAGE RH (PERCENT)     62

WEATHER CONDITIONS. NUMBER OF DAYS WITH
THUNDERSTORM              3     MIXED PRECIP               0
HEAVY RAIN                1     RAIN                       2
LIGHT RAIN                7     FREEZING RAIN              0
LT FREEZING RAIN          0     HAIL                       0
HEAVY SNOW                0     SNOW                       0
LIGHT SNOW                0     SLEET                      0
FOG                       9     FOG W/VIS <= 1/4 MILE      2
HAZE                      3

-  INDICATES NEGATIVE NUMBERS.
R  INDICATES RECORD WAS SET OR TIED.
MM INDICATES DATA IS MISSING.
T  INDICATES TRACE AMOUNT.

$$
