000
CXUS53 KUNR 011611
CLMCUT


CLIMATE REPORT
NATIONAL WEATHER SERVICE RAPID CITY SD
1010 AM MDT TUE MAY 1 2018

...................................

...THE CUSTER COUNTY AIRPORT SD CLIMATE SUMMARY FOR THE MONTH OF APRIL 2018...

CLIMATE NORMAL PERIOD 1981 TO 2010
CLIMATE RECORD PERIOD 9999 TO 9999

WEATHER         OBSERVED          NORMAL  DEPART  LAST YEAR`S
                 VALUE   DATE(S)  VALUE   FROM    VALUE  DATE(S)
                                          NORMAL
................................................................
TEMPERATURE (F)
HIGHEST            73   04/29                         67  04/23
                                                          04/07
LOWEST              4   04/06                         19  04/26
AVG. MAXIMUM     48.7              50.5    -1.8     51.0
AVG. MINIMUM     24.5              27.8    -3.3     29.3
MEAN             36.6              39.1    -2.5     40.2
DAYS MAX >= 90      0                                  0
DAYS MAX <= 32      2                                  0
DAYS MIN <= 32     24                                 22
DAYS MIN <= 0       0                                  0

PRECIPITATION (INCHES)
TOTALS           1.69              2.12   -0.43     3.45
DAILY AVG.       0.06              0.07   -0.01     0.12
DAYS >= .01        10                                 13
DAYS >= .10         7                                  9
DAYS >= .50         1                                  2
DAYS >= 1.00        0                                  0
GREATEST
 24 HR. TOTAL    0.53   04/13 TO 04/13              0.95

DEGREE_DAYS
HEATING TOTAL     845               775      70      740
 SINCE 7/1       7670              7650      20     6952
COOLING TOTAL       0                 0       0        0
 SINCE 1/1          0                 0       0        0
.................................................................

WIND (MPH)
AVERAGE WIND SPEED              7.3
HIGHEST WIND SPEED/DIRECTION    28/280    DATE  04/23
HIGHEST GUST SPEED/DIRECTION    42/270    DATE  04/23

AVERAGE RH (PERCENT)     62

WEATHER CONDITIONS. NUMBER OF DAYS WITH
THUNDERSTORM              1     MIXED PRECIP               0
HEAVY RAIN                1     RAIN                       2
LIGHT RAIN                4     FREEZING RAIN              0
LT FREEZING RAIN          0     HAIL                       0
HEAVY SNOW                1     SNOW                       4
LIGHT SNOW               12     SLEET                      0
FOG                      15     FOG W/VIS <= 1/4 MILE      7
HAZE                      3

-  INDICATES NEGATIVE NUMBERS.
R  INDICATES RECORD WAS SET OR TIED.
MM INDICATES DATA IS MISSING.
T  INDICATES TRACE AMOUNT.

$$
