000
CXUS51 KOKX 011543
CLMEWR

CLIMATE REPORT
NATIONAL WEATHER SERVICE NEW YORK NY
1103 AM EDT SUN APR 1 2018

...................................

...THE NEWARK NJ CLIMATE SUMMARY FOR THE MONTH OF MARCH 2018...

CLIMATE NORMAL PERIOD 1981 TO 2010
CLIMATE RECORD PERIOD 1929 TO 2018

WEATHER         OBSERVED          NORMAL  DEPART  LAST YEAR`S
                 VALUE   DATE(S)  VALUE   FROM    VALUE  DATE(S)
                                          NORMAL
................................................................
TEMPERATURE (F)
RECORD
 HIGH              89   03/29/1945
 LOW                6   03/04/1943
HIGHEST            62   03/30        MM      MM       73  03/01
LOWEST             27   03/17        MM      MM       14  03/05
AVG. MAXIMUM     47.5              50.7    -3.2     48.3
AVG. MINIMUM     33.2              33.6    -0.4     31.3
MEAN             40.4              42.1    -1.7     39.8
DAYS MAX >= 90      0               0.0     0.0        0
DAYS MAX <= 32      0               0.7    -0.7        5
DAYS MIN <= 32     18              12.4     5.6       16
DAYS MIN <= 0       0               0.0     0.0        0

PRECIPITATION (INCHES)
RECORD
 MAXIMUM        11.14   1983
 MINIMUM         0.79   2006
TOTALS           4.48              4.18    0.30     5.07
DAILY AVG.       0.14              0.13    0.01     0.16
DAYS >= .01        11              11.0     0.0       11
DAYS >= .10         5               6.9    -1.9        6
DAYS >= .50         4               2.7     1.3        3
DAYS >= 1.00        1               0.9     0.1        2
GREATEST
 24 HR. TOTAL    1.89   03/02 TO 03/02           03/31 TO 03/31
                                                          03/14 TO 03/14
                                                          03/14 TO 03/14
 STORM TOTAL       MM                                 MM
 (MM/DD(HH))            MM                    03/31(00) TO 03/31(00)
                                                 03/14(00) TO 03/14(00)4
                                                 03/14(00) TO 03/14(00)4

SNOWFALL (INCHES)
TOTALS           13.2               4.6     8.6      9.4
 LIQUID EQUIV    1.32              0.50    0.82     0.94
SINCE 7/1        34.4              27.6     6.8     30.0
 LIQUID 7/1      3.44              2.80    0.64     3.00
SNOWDEPTH AVG.      0                MM      MM        1
DAYS >= TRACE      12               2.4     9.6        7
DAYS >= 1.0         2               1.3     0.7        2
GREATEST
 SNOW DEPTH         8   03/22                          5  03/16
                                                          03/15
 24 HR TOTAL      7.9   03/21 TO 03/21           03/14 TO 03/14
                                                          03/14 TO 03/14
                                                          03/14 TO 03/14
 STORM TOTAL       MM                                 MM
 (MM/DD(HH))            MM                    03/14(00) TO 03/14(00)
                                                 03/14(00) TO 03/14(00)4
                                                 03/14(00) TO 03/14(00)4

DEGREE_DAYS
HEATING TOTAL     758               709      49      772
 SINCE 7/1       4083              4344    -261     3781
COOLING TOTAL       0                 1      -1        0
 SINCE 1/1          3                 1       2        0
.................................................................

WIND (MPH)
AVERAGE WIND SPEED              12.9
HIGHEST WIND SPEED/DIRECTION    39/330    DATE  03/02
HIGHEST GUST SPEED/DIRECTION    53/330    DATE  03/02


WEATHER CONDITIONS. NUMBER OF DAYS WITH
THUNDERSTORM              1     MIXED PRECIP               0
HEAVY RAIN                1     RAIN                       7
LIGHT RAIN               13     FREEZING RAIN              0
LT FREEZING RAIN          0     HAIL                       1
HEAVY SNOW                1     SNOW                       7
LIGHT SNOW                9     SLEET                      2
FOG                      11     FOG W/VIS <= 1/4 MILE      1
HAZE                      2

-  INDICATES NEGATIVE NUMBERS.
R  INDICATES RECORD WAS SET OR TIED.
MM INDICATES DATA IS MISSING.
T  INDICATES TRACE AMOUNT.

$$
