000
CXUS53 KUNR 011612
CLMIEN


CLIMATE REPORT
NATIONAL WEATHER SERVICE RAPID CITY SD
1010 AM MDT TUE MAY 1 2018

...................................

...THE PINE RIDGE SD CLIMATE SUMMARY FOR THE MONTH OF APRIL 2018...

CLIMATE NORMAL PERIOD 1981 TO 2010
CLIMATE RECORD PERIOD 9999 TO 9999

WEATHER         OBSERVED          NORMAL  DEPART  LAST YEAR`S
                 VALUE   DATE(S)  VALUE   FROM    VALUE  DATE(S)
                                          NORMAL
................................................................
TEMPERATURE (F)
HIGHEST            80   04/29                         81  04/07
                        04/11
LOWEST              8   04/15                         21  04/30
AVG. MAXIMUM     55.8              59.9    -4.1     61.7
AVG. MINIMUM     27.2              31.3    -4.1     33.6
MEAN             41.5              45.6    -4.1     47.7
DAYS MAX >= 90      0                                  0
DAYS MAX <= 32      3                                  0
DAYS MIN <= 32     19                                 12
DAYS MIN <= 0       0                                  0

PRECIPITATION (INCHES)
TOTALS           1.46              1.91   -0.45     2.41
DAILY AVG.       0.05              0.06   -0.01     0.08
DAYS >= .01        10                                  9
DAYS >= .10         5                                  7
DAYS >= .50         1                                  1
DAYS >= 1.00        0                                  0
GREATEST
 24 HR. TOTAL    0.73   04/13 TO 04/13              0.70

DEGREE_DAYS
HEATING TOTAL     700               582     118      512
 SINCE 7/1       6858              6820      38     6369
COOLING TOTAL       1                 0       1        1
 SINCE 1/1          1                 0       1        1
.................................................................

WIND (MPH)
AVERAGE WIND SPEED              10.3
HIGHEST WIND SPEED/DIRECTION    39/180    DATE  04/29
HIGHEST GUST SPEED/DIRECTION    52/260    DATE  04/11

AVERAGE RH (PERCENT)     64

WEATHER CONDITIONS. NUMBER OF DAYS WITH
THUNDERSTORM              1     MIXED PRECIP               0
HEAVY RAIN                2     RAIN                       3
LIGHT RAIN               10     FREEZING RAIN              0
LT FREEZING RAIN          0     HAIL                       0
HEAVY SNOW                0     SNOW                       3
LIGHT SNOW                8     SLEET                      0
FOG                      12     FOG W/VIS <= 1/4 MILE      1
HAZE                      2

-  INDICATES NEGATIVE NUMBERS.
R  INDICATES RECORD WAS SET OR TIED.
MM INDICATES DATA IS MISSING.
T  INDICATES TRACE AMOUNT.

$$
