000
CXUS51 KOKX 031345 CCA
CLMLGA

CLIMATE REPORT
NATIONAL WEATHER SERVICE NEW YORK NY
0945 AM EDT TUE APR 3 2018

...................................

...THE LAGUARDIA NY CLIMATE SUMMARY FOR THE MONTH OF MARCH 2018...

CLIMATE NORMAL PERIOD 1981 TO 2010
CLIMATE RECORD PERIOD 1939 TO 2018

WEATHER         OBSERVED          NORMAL  DEPART  LAST YEAR`S
                 VALUE   DATE(S)  VALUE   FROM    VALUE  DATE(S)
                                          NORMAL
................................................................
TEMPERATURE (F)
RECORD
 HIGH              86   03/29/1945
 LOW                7   03/04/1943
HIGHEST            60   03/30        MM      MM       71  03/01
LOWEST             29   03/17        MM      MM       17  03/05
AVG. MAXIMUM     46.5              49.8    -3.3     48.1
AVG. MINIMUM     35.1              34.6     0.5     33.9
MEAN             40.8              42.2    -1.4     41.0
DAYS MAX >= 90      0               0.0     0.0        0
DAYS MAX <= 32      0               0.8    -0.8        4
DAYS MIN <= 32      7              10.1    -3.1       14
DAYS MIN <= 0       0               0.0     0.0        0

PRECIPITATION (INCHES)
RECORD
 MAXIMUM         9.55   2010
 MINIMUM         0.74   2006
TOTALS           4.08              3.97    0.11     4.69
DAILY AVG.       0.13              0.13    0.00     0.15
DAYS >= .01        11              10.7     0.3       10
DAYS >= .10         5               6.8    -1.8        8
DAYS >= .50         3               2.6     0.4        3
DAYS >= 1.00        1               1.0     0.0        2
GREATEST
 24 HR. TOTAL    2.18   03/01 TO 03/02           03/31 TO 03/31
                                                          03/14 TO 03/14
                                                          03/14 TO 03/14
 STORM TOTAL       MM                                 MM
 (MM/DD(HH))            MM                    03/31(00) TO 03/31(00)
                                                 03/14(00) TO 03/14(00)4
                                                 03/14(00) TO 03/14(00)4

SNOWFALL (INCHES)
RECORDS
 TOTAL           18.9   1958
                        0
                        0
 24 HR TOTAL      9.6
TOTALS           11.6               4.4     7.2      9.8
 LIQUID EQUIV    1.16              0.40    0.76     0.98
SINCE 7/1        32.9              26.4     6.5     33.2
 LIQUID 7/1      3.29              2.60             3.32
DAYS >= TRACE       8               2.1     5.9        5
DAYS >= 1.0         2               1.2     0.8        2
GREATEST
 SNOW DEPTH         8   03/22                          7  03/15
 24 HR TOTAL      8.7   03/21 TO 03/21           03/14 TO 03/14
                                                          03/14 TO 03/14
                                                          03/14 TO 03/14
 STORM TOTAL       MM                                 MM
 (MM/DD(HH))            MM                    03/14(00) TO 03/14(00)
                                                 03/14(00) TO 03/14(00)4
                                                 03/14(00) TO 03/14(00)4

DEGREE_DAYS
HEATING TOTAL     744               707      37      735
 SINCE 7/1       3877              4136    -259     3422
COOLING TOTAL       0                 0       0        0
 SINCE 1/1          0                 0       0        0
.................................................................

WIND (MPH)
AVERAGE WIND SPEED              13.8
HIGHEST WIND SPEED/DIRECTION    43/330    DATE  03/02
HIGHEST GUST SPEED/DIRECTION    55/330    DATE  03/02

SKY COVER
POSSIBLE SUNSHINE (PERCENT)   MM
AVERAGE SKY COVER           0.60
NUMBER OF DAYS FAIR            7
NUMBER OF DAYS PC             11
NUMBER OF DAYS CLOUDY         13

AVERAGE RH (PERCENT)     56

WEATHER CONDITIONS. NUMBER OF DAYS WITH
  0
  4
  0
  0
  4
  3
  1
HAZE                      3

-  INDICATES NEGATIVE NUMBERS.
R  INDICATES RECORD WAS SET OR TIED.
MM INDICATES DATA IS MISSING.
T  INDICATES TRACE AMOUNT.

$$
