000
CXUS42 KFFC 131518
CLMMCN


CLIMATE REPORT
NATIONAL WEATHER SERVICE PEACHTREE CITY GA
1117 AM EDT FRI APR 13 2018

...................................

...THE MACON CLIMATE SUMMARY FOR THE MONTH OF MARCH 2018...

CLIMATE NORMAL PERIOD 1981 TO 2010
CLIMATE RECORD PERIOD 1899 TO 2018

WEATHER         OBSERVED          NORMAL  DEPART  LAST YEAR`S
                 VALUE   DATE(S)  VALUE   FROM    VALUE  DATE(S)
                                          NORMAL
................................................................
TEMPERATURE (F)
RECORD
 HIGH              94   03/13/1906
 LOW               14   03/03/1980
HIGHEST            85   03/01        90      -5       88  03/29
LOWEST             27   03/15        14      13       26  03/16
                        03/09
AVG. MAXIMUM     68.6              69.5    -0.9     71.8
AVG. MINIMUM     43.0              44.1    -1.1     45.8
MEAN             55.8              56.8    -1.0     58.8
DAYS MAX >= 90      0               0.0     0.0        0
DAYS MAX <= 32      0               0.0     0.0        0
DAYS MIN <= 32      5               3.1     1.9        6
DAYS MIN <= 0       0               0.0     0.0        0

PRECIPITATION (INCHES)
RECORD
 MAXIMUM        12.52   1944
 MINIMUM         0.32   1910
TOTALS           2.65              4.55   -1.90
DAILY AVG.       0.09              0.15   -0.06     0.05
DAYS >= .01        10               8.9     1.1       10
DAYS >= .10         5               6.3    -1.3        5
DAYS >= .50         2               3.2    -1.2        0
DAYS >= 1.00        1               1.4    -0.4        0
GREATEST
 24 HR. TOTAL    1.30   03/30 TO 03/30           03/13 TO 03/13
                                                          03/31 TO 03/31EATHER         OBSERVED          NORMAL  DEPART  LAST YEAR`S
                                                          03/31 TO 03/31EATHER         OBSERVED          NORMAL  DEPART  LAST YEAR`S

SNOWFALL (INCHES)
RECORDS
 TOTAL              T   2008
 24 HR TOTAL        T   MM
 SNOW DEPTH         0   MM
TOTALS            0.0               0.2    -0.2      0.0
SINCE 7/1         1.0               0.7     0.3      0.0
SNOWDEPTH AVG.      0                MM      MM        0
DAYS >= TRACE       0               0.1    -0.1        0
DAYS >= 1.0         0               0.1    -0.1        0
GREATEST
 24 HR TOTAL      0.0   03/31 TO 03/31           03/31 TO 03/31
                                                          03/31 TO 03/31EATHER         OBSERVED          NORMAL  DEPART  LAST YEAR`S
                                                          03/31 TO 03/31EATHER         OBSERVED          NORMAL  DEPART  LAST YEAR`S

DEGREE_DAYS
HEATING TOTAL     296               272      24      237
 SINCE 7/1       1947              2197    -250     1424
COOLING TOTAL      20                18       2       53
 SINCE 1/1         71                21      50       64
.................................................................

WIND (MPH)
AVERAGE WIND SPEED              8.3
HIGHEST WIND SPEED/DIRECTION    36/290    DATE  03/01
HIGHEST GUST SPEED/DIRECTION    46/290    DATE  03/01

SKY COVER
POSSIBLE SUNSHINE (PERCENT)   MM
AVERAGE SKY COVER           0.40
NUMBER OF DAYS FAIR           16
NUMBER OF DAYS PC              8
NUMBER OF DAYS CLOUDY          7

AVERAGE RH (PERCENT)     61

WEATHER CONDITIONS. NUMBER OF DAYS WITH
  0
  5
  0
  0
  0
  0
  2
HAZE                      3

-  INDICATES NEGATIVE NUMBERS.
R  INDICATES RECORD WAS SET OR TIED.
MM INDICATES DATA IS MISSING.
T  INDICATES TRACE AMOUNT.

$$
