000
CXUS56 KMTR 011843
CLMNUQ


CLIMATE REPORT
NATIONAL WEATHER SERVICE SAN FRANCISCO BAY AREA
1142 AM PDT SUN APR 1 2018

...................................

...THE MOFFETT FIELD NAS CLIMATE SUMMARY FOR THE MONTH OF MARCH 2018...

CLIMATE NORMAL PERIOD 1981 TO 2010
CLIMATE RECORD PERIOD 1945 TO 2018

WEATHER         OBSERVED          NORMAL  DEPART  LAST YEAR`S
                 VALUE   DATE(S)  VALUE   FROM    VALUE  DATE(S)
                                          NORMAL
................................................................
TEMPERATURE (F)
RECORD
 HIGH              84   03/26/2015
                        03/17/2004
                        03/16/2004
 LOW               30   03/03/1951
HIGHEST            81   03/29                         77  03/17
                                                          03/14
                                                          03/13
LOWEST             36   03/05                         37  03/01
                        03/04
AVG. MAXIMUM     64.1              65.0    -0.9     66.4
AVG. MINIMUM     45.6                               48.0
MEAN             54.8                               57.2
DAYS MAX >= 90      0                                  0
DAYS MAX <= 32      0                                  0
DAYS MIN <= 32      0                                  0
DAYS MIN <= 0       0                                  0

PRECIPITATION (INCHES)
RECORD
 MAXIMUM         6.39   1983
 MINIMUM         0.06   1988
TOTALS           2.27                               1.61
DAILY AVG.       0.07              0.07    0.00     0.05
DAYS >= .01        13                                  8
DAYS >= .10         7                                  5
DAYS >= .50         0                                  1
DAYS >= 1.00        0                                  0
GREATEST
 24 HR. TOTAL    0.43   03/01 TO 03/01           03/22 TO 03/22
                                                          03/31 TO 03/31EATHER         OBSERVED          NORMAL  DEPART  LAST YEAR`S
                                                          03/31 TO 03/31EATHER         OBSERVED          NORMAL  DEPART  LAST YEAR`S

DEGREE_DAYS
HEATING TOTAL     307                                233
 SINCE 7/1       1718                               1761
COOLING TOTAL       2                                  0
 SINCE 1/1          2                                  0
.................................................................

WIND (MPH)
AVERAGE WIND SPEED              5.0
RESULTANT WIND SPEED/DIRECTION   1/304
HIGHEST WIND SPEED/DIRECTION    22/120    DATE  03/20
HIGHEST GUST SPEED/DIRECTION    28/170    DATE  03/21

SKY COVER
POSSIBLE SUNSHINE (PERCENT)   MM
AVERAGE SKY COVER           0.40
NUMBER OF DAYS FAIR           15
NUMBER OF DAYS PC             12
NUMBER OF DAYS CLOUDY          4

AVERAGE RH (PERCENT)     69

WEATHER CONDITIONS. NUMBER OF DAYS WITH
  0
  8
  0
  0
  0
  0
  0
HAZE                      3

-  INDICATES NEGATIVE NUMBERS.
R  INDICATES RECORD WAS SET OR TIED.
MM INDICATES DATA IS MISSING.
T  INDICATES TRACE AMOUNT.

$$
