000
CXUS52 KMFL 011335
CLMPBI


CLIMATE REPORT
NATIONAL WEATHER SERVICE MIAMI, FL
924 AM EDT TUE MAY 1 2018

...................................

...THE WEST PALM BEACH CLIMATE SUMMARY FOR THE MONTH OF APRIL 2018...

CLIMATE NORMAL PERIOD 1981 TO 2010
CLIMATE RECORD PERIOD 1888 TO 2018

WEATHER         OBSERVED          NORMAL  DEPART  LAST YEAR`S
                 VALUE   DATE(S)  VALUE   FROM    VALUE
                                          NORMAL
.............................................................
TEMPERATURE (F)
RECORD
 HIGH              99   04/30/1971
 LOW               38   04/06/1920
HIGHEST            90   04/07                         89
LOWEST             55   04/17                         53
AVG. MAXIMUM     82.8              81.7     1.1     82.8
AVG. MINIMUM     66.4              65.8     0.6     69.4
MEAN             74.6              73.8     0.8     76.1
DAYS MAX >= 90      1                                  0
DAYS MAX <= 32      0                                  0
DAYS MIN <= 32      0                                  0
DAYS MIN <= 0       0                                  0

PRECIPITATION (INCHES)
RECORD
 MAXIMUM        18.26   1942
 MINIMUM         0.04   1967
TOTALS           7.31              3.66    3.65     3.74
DAILY AVG.       0.24              0.12    0.12     0.12
DAYS >= .01         7                                  4
DAYS >= .10         7                                  3
DAYS >= .50         5                                  1
DAYS >= 1.00        3                                  1
GREATEST
 24 HR. TOTAL    2.51   04/10 TO 04/10              3.50

DEGREE_DAYS
HEATING TOTAL       0                 4      -4        0
 SINCE 7/1        179               233     -54       68
COOLING TOTAL     295               267      28      339
 SINCE 1/1        834               695     139      873
..............................................................

WIND (MPH)
AVERAGE WIND SPEED              10.0
HIGHEST WIND SPEED/DIRECTION    33/150    DATE  04/15
HIGHEST GUST SPEED/DIRECTION    41/150    DATE  04/15

SKY COVER
POSSIBLE SUNSHINE (PERCENT)   MM
AVERAGE SKY COVER           0.40
NUMBER OF DAYS FAIR            6
NUMBER OF DAYS PC             24
NUMBER OF DAYS CLOUDY          0

AVERAGE RH (PERCENT)     73

WEATHER CONDITIONS. NUMBER OF DAYS WITH
  0
  6
  0
  0
  0
  0
  0
HAZE                      0

-  INDICATES NEGATIVE NUMBERS.
R  INDICATES RECORD WAS SET OR TIED.
MM INDICATES DATA IS MISSING.
T  INDICATES TRACE AMOUNT.

$$
