000
CXUS56 KPDT 012314
CLMPDT
CLIMATE REPORT
NATIONAL WEATHER SERVICE PENDLETON, OR
314 PM PST FRI MAR 01 2024
...................................
...THE PENDLETON OR CLIMATE SUMMARY FOR THE MONTH OF FEBRUARY 2024...
CLIMATE NORMAL PERIOD 1991 TO 2020
CLIMATE RECORD PERIOD 1890 TO 2024
WEATHER OBSERVED NORMAL DEPART LAST YEAR`S
VALUE DATE(S) VALUE FROM VALUE DATE(S)
NORMAL
................................................................
TEMPERATURE (F)
RECORD
HIGH 76 02/18/1902
LOW -21 02/08/1929
HIGHEST 62 02/25 57 02/09
02/12
02/20
LOWEST 21 02/17 2 02/24
02/25
AVG. MAXIMUM 49.8 46.4 3.4 46.3
AVG. MINIMUM 33.7 29.6 4.1 26.9
MEAN 41.8 38.0 3.8 36.6
DAYS MAX >= 90 0 0.0 0.0 0
DAYS MAX <= 32 0 2.6 -2.6 3
DAYS MIN <= 32 12 17.2 -5.2 19
DAYS MIN <= 0 0 0.2 -0.2 0
PRECIPITATION (INCHES)
RECORD
MAXIMUM 3.03 1940
MINIMUM 0.02 1903
TOTALS 0.93 1.19 -0.26 0.72
DAILY AVG. 0.03 NAN NAN 0.03
DAYS >= .01 14 9.9 4.1 7
DAYS >= .10 2 4.2 -2.2 3
DAYS >= .50 0 0.2 -0.2 0
DAYS >= 1.00 0 0.0 0.0 0
GREATEST
24 HR. TOTAL 0.27 02/29 TO 02/29 0.29 02/05 TO 02/05
02/28 TO 02/28
DEGREE DAYS
HEATING TOTAL 667 756 -89 786
SINCE 7/1 3627 3976 -349
COOLING TOTAL 0 0 0 0
SINCE 1/1 0 0 0
................................................................
WIND (MPH)
AVERAGE WIND SPEED 7.8
RESULTANT WIND SPEED/DIRECTION 3/230
HIGHEST WIND SPEED/DIRECTION 35/260 DATE 02/26
HIGHEST GUST SPEED/DIRECTION 46/260 DATE 02/26
AVERAGE RH (PERCENT) 73
WEATHER CONDITIONS. NUMBER OF DAYS WITH
THUNDERSTORM 0 MIXED PRECIP 0
HEAVY RAIN 0 RAIN 3
LIGHT RAIN 18 FREEZING RAIN 0
LT FREEZING RAIN 0 HAIL 0
HEAVY SNOW 0 SNOW 1
LIGHT SNOW 5 SLEET 0
FOG 14 FOG W/VIS <= 1/4 MILE 10
HAZE 1
- INDICATES NEGATIVE NUMBERS.
R INDICATES RECORD WAS SET OR TIED.
MM INDICATES DATA IS MISSING.
T INDICATES TRACE AMOUNT.
$$