000
CXUS53 KGRB 010715
CLMRHI
CLIMATE REPORT
NATIONAL WEATHER SERVICE GREEN BAY
215 AM CDT MON APR 01 2024
...................................
...THE RHINELANDER WI CLIMATE SUMMARY FOR THE MONTH OF MARCH 2024...
CLIMATE NORMAL PERIOD: 1991 TO 2020
CLIMATE RECORD PERIOD: 1908 TO 2024
WEATHER OBSERVED NORMAL DEPART LAST YEAR`S
VALUE DATE(S) VALUE FROM VALUE DATE(S)
NORMAL
................................................................
TEMPERATURE (F)
RECORD
HIGH 79 03/29/1910
LOW -34 03/11/1948
HIGHEST 65 03/12 60 5 43 03/15
LOWEST 5 03/21 -11 16 -10 03/14
AVG. MAXIMUM 42.4 38.6 3.8 35.2
AVG. MINIMUM 21.0 17.2 3.8 15.3
MEAN 31.7 27.9 3.8 25.3
DAYS MAX >= 90 0 0.0 0.0 0
DAYS MAX <= 32 8 9.6 -1.6 9
DAYS MIN <= 32 31 27.1 3.9 31
DAYS MIN <= 0 0 3.6 -3.6 1
PRECIPITATION (INCHES)
RECORD
MAXIMUM 5.75 1942
MINIMUM 0.15 1978
TOTALS 3.02 1.69 1.33 3.21
DAYS >= .01 9 8.6 0.4 15
DAYS >= .10 6 4.6 1.4 7
DAYS >= .50 2 0.8 1.2 2
DAYS >= 1.00 0 0.1 -0.1 1
GREATEST
STORM TOTAL 0.96
(MM/DD(HH))
SNOWFALL (INCHES)
RECORDS
TOTAL 30.1 2023
TOTALS 14.1 10.1 4.0 30.1
SINCE 7/1 42.7 69.2 -26.5 MM
DAYS >= TRACE 13 5.9 7.1 20
DAYS >= 1.0 4 2.9 1.1 8
GREATEST
SNOW DEPTH 6 03/25 29 03/12
03/13
24 HR TOTAL MM
DEGREE DAYS
HEATING TOTAL 1024 1150 -126 1224
SINCE 7/1 6516 7610 -1094 MM
COOLING TOTAL 0 0 0 0
SINCE 1/1 0 0 0 MM
................................................................
WIND (MPH)
AVERAGE WIND SPEED 7.5
HIGHEST WIND SPEED/DIRECTION 26/270 DATE 03/03
HIGHEST GUST SPEED/DIRECTION 38/190 DATE 03/01
SKY COVER
POSSIBLE SUNSHINE (PERCENT) MM
AVERAGE SKY COVER 0.50
NUMBER OF DAYS FAIR 12
NUMBER OF DAYS PC 7
NUMBER OF DAYS CLOUDY 11
AVERAGE RH (PERCENT) 62
WEATHER CONDITIONS. NUMBER OF DAYS WITH
THUNDERSTORM 1 MIXED PRECIP 0
HEAVY RAIN 0 RAIN 2
LIGHT RAIN 5 FREEZING RAIN 1
LT FREEZING RAIN 2 HAIL 0
HEAVY SNOW 2 SNOW 4
LIGHT SNOW 10 SLEET 0
FOG 8 FOG W/VIS <= 1/4 MILE 2
HAZE 6
- INDICATES NEGATIVE NUMBERS.
R INDICATES RECORD WAS SET OR TIED.
MM INDICATES DATA IS MISSING.
T INDICATES TRACE AMOUNT.
$$