000
CXUS45 KSLC 032106
CLMSLC

SLCCLMSLC 000
TTAA00 KSLC 032103

CLIMATE REPORT
NATIONAL WEATHER SERVICE SALT LAKE CITY UT
300 PM MDT TUE APR 3 2018

...................................

...THE SALT LAKE CITY UT CLIMATE SUMMARY FOR THE MONTH OF MARCH 2018...

CLIMATE NORMAL PERIOD 1981 TO 2010
CLIMATE RECORD PERIOD 1874 TO 2018

WEATHER         OBSERVED          NORMAL  DEPART  LAST YEAR`S
                 VALUE   DATE(S)  VALUE   FROM    VALUE  DATE(S)
                                          NORMAL
................................................................
TEMPERATURE (F)
RECORD
 HIGH              80   03/31/2012
 LOW                0   03/01/1890
HIGHEST            73   03/31                         79  03/18
LOWEST             24   03/06                         27  03/06
AVG. MAXIMUM     56.1              53.7     2.4     60.6
AVG. MINIMUM     36.9              33.6     3.3     39.7
MEAN             46.5              43.6     2.9     50.1
DAYS MAX >= 90      0               0.0     0.0        0
DAYS MAX <= 32      0               0.2    -0.2        0
DAYS MIN <= 32      8              11.8    -3.8        6
DAYS MIN <= 0       0               0.0     0.0        0

PRECIPITATION (INCHES)
TOTALS           2.58              1.79    0.79     3.51
DAYS >= .01        11               9.9     1.1        6
DAYS >= .10         6               5.6     0.4        6
DAYS >= .50         2               0.7     1.3        2
DAYS >= 1.00        0               0.0     0.0        1

SNOWFALL (INCHES)
TOTALS           10.5               6.5     4.0      3.6
SINCE 7/1        42.1              51.9             50.3

DEGREE_DAYS
HEATING TOTAL     566               662     -96      456
 SINCE 7/1       4102              4918    -816     4209
COOLING TOTAL       0                 0       0        2
 SINCE 1/1          0                 0       0        2
.................................................................

WIND (MPH)
AVERAGE WIND SPEED              8.5
HIGHEST WIND SPEED/DIRECTION    40/160    DATE  03/22
HIGHEST GUST SPEED/DIRECTION    52/140    DATE  03/22


WEATHER CONDITIONS. NUMBER OF DAYS WITH
THUNDERSTORM              3     RAIN                       4
HAIL                      0     SNOW                       6
FOG                       9     FOG W/VIS <= 1/4 MILE      0
HAZE                      2

-  INDICATES NEGATIVE NUMBERS.
R  INDICATES RECORD WAS SET OR TIED.
MM INDICATES DATA IS MISSING.
T  INDICATES TRACE AMOUNT.

$$
