000
CXUS54 KJAN 022010
CLMTVR
CLIMATE REPORT
NATIONAL WEATHER SERVICE JACKSON MS
310 PM CDT TUE APR 02 2024
...................................
...THE VICKSBURG CLIMATE SUMMARY FOR THE MONTH OF MARCH 2024...
CLIMATE NORMAL PERIOD: 1991 TO 2020
CLIMATE RECORD PERIOD: 1948 TO 2024
WEATHER OBSERVED NORMAL DEPART LAST YEAR`S
VALUE DATE(S) VALUE FROM VALUE
NORMAL
..............................................................
TEMPERATURE (F)
RECORD
HIGH 89 03/19/1982
LOW 11 03/03/1980
HIGHEST 83 03/14 MM MM 86
LOWEST 32 03/19 MM MM 26
AVG. MAXIMUM 71.2 69.6 1.6 73.9
AVG. MINIMUM 49.5 48.7 0.8 51.0
MEAN 60.3 59.1 1.2 62.4
DAYS MAX >= 90 0 0.0 0.0 0
DAYS MAX <= 32 0 0.0 0.0 0
DAYS MIN <= 32 1 1.9 -0.9 MM
DAYS MIN <= 0 0 0.0 0.0 MM
PRECIPITATION (INCHES)
RECORD
MAXIMUM 14.11 1961
MINIMUM 0.48 2007
TOTALS 4.66 5.02 -0.36 5.03
DAILY AVG. 0.15 0.16 -0.01 0.16
DAYS >= .01 9 9.9 -0.9 9
DAYS >= .10 8 6.9 1.1 8
DAYS >= .50 3 3.4 -0.4 3
DAYS >= 1.00 2 1.4 0.6 2
GREATEST
24 HR. TOTAL 1.86 03/08 TO 03/08 2.21
SNOWFALL (INCHES)
TOTALS 0.0
DEGREE DAYS
HEATING TOTAL 166 221 -55 162
SINCE 7/1 1831 2016 -185 MM
COOLING TOTAL 27 39 -12 88
SINCE 1/1 40 56 -16 MM
..............................................................
WIND (MPH)
AVERAGE WIND SPEED 5.8
HIGHEST WIND SPEED/DIRECTION 31/150 DATE 03/25
HIGHEST GUST SPEED/DIRECTION 45/150 DATE 03/25
SKY COVER
POSSIBLE SUNSHINE (PERCENT) MM
AVERAGE SKY COVER 0.42
NUMBER OF DAYS FAIR 14
NUMBER OF DAYS PC 11
NUMBER OF DAYS CLOUDY 6
AVERAGE RH (PERCENT) 71
WEATHER CONDITIONS. NUMBER OF DAYS WITH
THUNDERSTORM 6 MIXED PRECIP 0
HEAVY RAIN 9 RAIN 9
LIGHT RAIN 14 FREEZING RAIN 0
LT FREEZING RAIN 0 HAIL 0
HEAVY SNOW 0 SNOW 0
LIGHT SNOW 0 SLEET 0
FOG 16 FOG W/VIS <= 1/4 MILE 5
HAZE 5
- INDICATES NEGATIVE NUMBERS.
R INDICATES RECORD WAS SET OR TIED.
MM INDICATES DATA IS MISSING.
T INDICATES TRACE AMOUNT.
$$