000
CXUS55 KLKN 011033
CLSEKO


CLIMATE REPORT
NATIONAL WEATHER SERVICE ELKO NV
229 AM PST THU MAR 1 2018

...................................

...THE ELKO AIRPORT NV CLIMATE SUMMARY FOR THE SEASON, FROM
12/1/2017 TO 2/28/2018...

CLIMATE NORMAL PERIOD 1981 TO 2010
CLIMATE RECORD PERIOD 1888 TO 2018

WEATHER         OBSERVED          NORMAL  DEPART  LAST YEAR`S
                 VALUE   DATE(S)  VALUE   FROM    VALUE
                                          NORMAL
.............................................................
TEMPERATURE (F)
RECORD
 HIGH              70   02/28/1986
                        02/28/1905
 LOW              -43   01/21/1937
HIGHEST            59   02/08        59       0       60
                        01/30
LOWEST              3   02/25       -12      15      -17
AVG. MAXIMUM     43.6              38.2     5.4     37.1
AVG. MINIMUM     17.9              15.6     2.3     17.6
MEAN             30.8              26.9     3.9     27.3
DAYS MAX >= 90      0               0.0     0.0        0
DAYS MAX <= 32     11              22.2   -11.2       29
DAYS MIN <= 32     87              84.8     2.2       81
DAYS MIN <= 0       0               8.1    -8.1        9

PRECIPITATION (INCHES)
RECORD
 MAXIMUM        11.55   1890
 MINIMUM         0.25   1931
TOTALS           1.32              3.16   -1.84     6.88
DAILY AVG.       0.02              0.04   -0.02     0.08
DAYS >= .01        20              26.6    -6.6       41
DAYS >= .10         5              10.3    -5.3       21
DAYS >= .50         0               0.9    -0.9        1
DAYS >= 1.00        0               0.0     0.0        1

SNOWFALL (INCHES)
RECORDS
 TOTAL           68.8   1932
TOTALS           13.2              26.8   -13.6     45.9
DAYS >= 1.0         6               9.1    -3.1       15

DEGREE_DAYS
HEATING TOTAL    3054              3430    -376     3391
COOLING TOTAL       0                 0       0        0
..............................................................

WIND (MPH)
AVERAGE WIND SPEED              4.5
HIGHEST WIND SPEED/DIRECTION    32/260    DATE  02/18
HIGHEST GUST SPEED/DIRECTION    45/240    DATE  02/18

AVERAGE RH (PERCENT)     67

WEATHER CONDITIONS. NUMBER OF DAYS WITH
THUNDERSTORM              0     MIXED PRECIP               0
HEAVY RAIN                0     RAIN                       0
LIGHT RAIN                7     FREEZING RAIN              1
LT FREEZING RAIN          1     HAIL                       0
HEAVY SNOW                2     SNOW                       5
LIGHT SNOW               22     SLEET                      0
FOG                      26     FOG W/VIS <= 1/4 MILE      4
HAZE                      4

-  INDICATES NEGATIVE NUMBERS.
R  INDICATES RECORD WAS SET OR TIED.
MM INDICATES DATA IS MISSING.
T  INDICATES TRACE AMOUNT.

$$

DS
