000
CXUS53 KARX 011843
CLSLSE
CLIMATE REPORT
NATIONAL WEATHER SERVICE LA CROSSE WI
1243 PM CST FRI MAR 01 2024
...................................
...THE LA CROSSE WI CLIMATE SUMMARY FOR THE SEASON, FROM
12/1/2023 TO 2/29/2024...
CLIMATE NORMAL PERIOD 1991 TO 2020
CLIMATE RECORD PERIOD 1872 TO 2024
WEATHER OBSERVED NORMAL DEPART LAST YEAR`S
VALUE DATE(S) VALUE FROM VALUE DATE(S)
NORMAL
................................................................
TEMPERATURE (F)
RECORD
HIGH 69 12/15/2021
12/15/2021
LOW -43 01/18/1873
HIGHEST 69R 02/27 48 02/08
02/11
LOWEST -8 01/14 -12 01/31
01/15
01/20
AVG. MAXIMUM 39.2 30.9 8.3 31.4
AVG. MINIMUM 23.8 14.1 9.7 16.5
MEAN 31.5 22.5 9.0 24.0
DAYS MAX >= 90 0 0.0 0.0 MM
DAYS MAX <= 32 17 50.1 -33.1 MM
DAYS MIN <= 32 74 84.0 -10.0 MM
DAYS MIN <= 0 9 18.5 -9.5 MM
PRECIPITATION (INCHES)
RECORD
MAXIMUM 7.47 1875
MINIMUM 0.92 1963
TOTALS 2.40 3.93 -1.53 6.74
DAYS >= .01 18 28.5 -10.5 MM
DAYS >= .10 10 11.3 -1.3 MM
DAYS >= .50 1 1.6 -0.6 MM
DAYS >= 1.00 0 0.1 -0.1 MM
GREATEST
24 HR. TOTAL 0.59 0MM12 TO 01/12 0.93
SNOWFALL (INCHES)
RECORDS
TOTAL 60.4 1970
SNOW DEPTH 34 01/24/1979
TOTALS 15.6 32.4 -16.8 38.7
SNOWDEPTH AVG. MM 4
DAYS >= TRACE MM 23.3 MM MM
DAYS >= 1.0 MM 9.5 MM MM
GREATEST
SNOW DEPTH 12 01/14 10 02/24
02/25
DEGREE DAYS
HEATING TOTAL 3031 3830 -799 3677
COOLING TOTAL 0 0 0 0
................................................................
WIND (MPH)
AVERAGE WIND SPEED 7.9
HIGHEST WIND SPEED/DIRECTION 35/330 DATE 12/18
HIGHEST GUST SPEED/DIRECTION 48/330 DATE 12/18
AVERAGE RH (PERCENT) 70
WEATHER CONDITIONS. NUMBER OF DAYS WITH
THUNDERSTORM 1 MIXED PRECIP 0
HEAVY RAIN 0 RAIN 1
LIGHT RAIN 17 FREEZING RAIN 0
LT FREEZING RAIN 0 HAIL 0
HEAVY SNOW 1 SNOW 1
LIGHT SNOW 23 SLEET 0
FOG 32 FOG W/VIS <= 1/4 MILE 7
HAZE 10
- INDICATES NEGATIVE NUMBERS.
R INDICATES RECORD WAS SET OR TIED.
MM INDICATES DATA IS MISSING.
T INDICATES TRACE AMOUNT.
$$
BOYNE