000
CXUS51 KBTV 170700
CF61V4
PRELIMINARY LOCAL CLIMATOLOGICAL DATA (WS FORM: F-6)
STATION: SAINT JOHNSBURY VT ASOS
MONTH: APRIL
YEAR: 2024
LATITUDE: 44 25 N
LONGITUDE: 72 1 W
TEMPERATURE IN F: :PCPN: SNOW: WIND :SUNSHINE: SKY :PK WND
================================================================================
1 2 3 4 5 6A 6B 7 8 9 10 11 12 13 14 15 16 17 18
12Z AVG MX 2MIN
DY MAX MIN AVG DEP HDD CDD WTR SNW DPTH SPD SPD DIR MIN PSBL S-S WX SPD DR
================================================================================
1 58 27 43 7 22 0 0.00 M M M M M M M 0 M M
2 58 30 44 8 21 0 0.00 M M M M M M M 0 M M
3 49 34 42 5 23 0 0.21 M M M M M M M 0 M M
4 36 31 34 -3 31 0 0.69 M M M M M M M 0 M M
5 41 32 37 -1 28 0 0.04 M M M M M M M 0 M M
6 43 34 39 1 26 0 0.00 M M M M M M M 0 M M
7 53 31 42 4 23 0 0.00 M M M M M M M 0 M M
8 66 27 47 8 18 0 0.00 M M M M M M M 0 M M
9 69 30 50 11 15 0 0.00 M M M M M M M 0 M M
10 52 36 44 4 21 0 0.13 M M M M M M M 0 M M
11 51 41 46 6 19 0 0.02 M M M M M M M 0 M M
12 67 49 58 17 7 0 0.39 M M M M M M M 0 M M
13 54 37 46 5 19 0 0.01 M M M M M M M 0 M M
14 58 37 48 6 17 0 0.01 M M M M M M M 0 M M
15 57 36 47 5 18 0 0.00 M M M M M M M 0 M M
16 59 31 45 2 20 0 0.00 M M M M M M M 0 M M
================================================================================
SM 871 543 328 0 1.50 M M M 0
================================================================================
AV 54.4 33.9 M FASTST M M 0 MAX(MPH)
MISC ----> M M M M
================================================================================
NOTES:
# LAST OF SEVERAL OCCURRENCES
COLUMN 17 PEAK WIND IN M.P.H.
PRELIMINARY LOCAL CLIMATOLOGICAL DATA (WS FORM: F-6) , PAGE 2
STATION: SAINT JOHNSBURY VT ASOS
MONTH: APRIL
YEAR: 2024
LATITUDE: 44 25 N
LONGITUDE: 72 1 W
[TEMPERATURE DATA] [PRECIPITATION DATA] SYMBOLS USED IN COLUMN 16
AVERAGE MONTHLY: 44.2 TOTAL FOR MONTH: 1.50 1 = FOG OR MIST
DPTR FM NORMAL: 5.0 DPTR FM NORMAL: -0.19 2 = FOG REDUCING VISIBILITY
HIGHEST: 69 ON 9 GRTST 24HR 0.69 ON 4- 4 TO 1/4 MILE OR LESS
LOWEST: 27 ON 8, 1 3 = THUNDER
SNOW, ICE PELLETS, HAIL 4 = ICE PELLETS
TOTAL MONTH: M 5 = HAIL
GRTST 24HR M ON M 6 = FREEZING RAIN OR DRIZZLE
GRTST DEPTH: M ON M 7 = DUSTSTORM OR SANDSTORM:
VSBY 1/2 MILE OR LESS
8 = SMOKE OR HAZE
[NO. OF DAYS WITH] [WEATHER - DAYS WITH] 9 = BLOWING SNOW
X = TORNADO
MAX 32 OR BELOW: 0 0.01 INCH OR MORE: 8
MAX 90 OR ABOVE: 0 0.10 INCH OR MORE: 4
MIN 32 OR BELOW: 8 0.50 INCH OR MORE: 1
MIN 0 OR BELOW: 0 1.00 INCH OR MORE: 0
[HDD (BASE 65) ]
TOTAL THIS MO. 328 CLEAR (SCALE 0-3) 16
DPTR FM NORMAL -84 PTCLDY (SCALE 4-7) 0
TOTAL FM JUL 1 5079 CLOUDY (SCALE 8-10) 0
DPTR FM NORMAL -2223
[CDD (BASE 65) ]
TOTAL THIS MO. 0
DPTR FM NORMAL 0 [PRESSURE DATA]
TOTAL FM JAN 1 0 HIGHEST SLP M ON M
DPTR FM NORMAL 0 LOWEST SLP M ON M
[REMARKS]