000
CXUS55 KBOU 010900
CF620V
PRELIMINARY LOCAL CLIMATOLOGICAL DATA (WS FORM: F-6)
STATION: KREMMLING
MONTH: JUNE
YEAR: 2022
LATITUDE: 40 3 N
LONGITUDE: 106 22 W
TEMPERATURE IN F: :PCPN: SNOW: WIND :SUNSHINE: SKY :PK WND
================================================================================
1 2 3 4 5 6A 6B 7 8 9 10 11 12 13 14 15 16 17 18
12Z AVG MX 2MIN
DY MAX MIN AVG DEP HDD CDD WTR SNW DPTH SPD SPD DIR MIN PSBL S-S WX SPD DR
================================================================================
1 68 34 51 M 14 0 M M M 3.8 15 350 M M 2 20 350
2 72 32 52 M 13 0 M M M 2.5 12 350 M M 0 17 360
3 73 34 54 M 11 0 M M M 2.8 10 20 M M 2 3 20 360
4 75 34 55 M 10 0 M M M 2.8 17 210 M M 2 21 210
5 73 41 57 M 8 0 M M M 4.4 13 240 M M 6 22 240
6 70 39 55 M 10 0 M M M 3.7 21 360 M M 6 30 360
7 73 34 54 M 11 0 M M M 5.2 18 300 M M 2 35 310
8 79 34 57 M 8 0 M M M 3.3 12 340 M M 0 28 300
9 81 41 61 M 4 0 M M M 4.7 16 310 M M 2 21 320
10 86 37 62 M 3 0 M M M 3.7 17 270 M M 1 22 310
11 88 39 64 M 1 0 M M M 4.3 15 240 M M 1 30 240
12 88 41 65 M 0 0 M M M 7.0 22 220 M M 0 35 220
13 82 39 61 M 4 0 M M M 14.0 25 340 M M 1 35 240
14 70 36 53 M 12 0 M M M 9.4 24 230 M M 4 35 230
15 77 34 56 M 9 0 M M M 7.1 17 230 M M 1 24 230
16 88 32 60 M 5 0 M M M 3.5 14 270 M M 0 22 260
17 81 43 62 M 3 0 M M M 5.3 16 100 M M 3 25 270
18 79 54 67 M 0 2 M M M 4.5 13 220 M M 6 27 260
19 79 46 63 M 2 0 M M M 6.1 20 240 M M 3 25 240
20 73 37 55 M 10 0 M M M 11.1 31 230 M M 0 40 230
21 79 30 55 M 10 0 M M M 2.6 12 350 M M 0 21 320
22 81 37 59 M 6 0 M M M 3.0 13 200 M M 0 18 200
23 81 41 61 M 4 0 M M M 5.0 21 210 M M 4 28 210
24 73 43 58 M 7 0 M M M 4.2 16 40 M M 2 26 260
25 75 37 56 M 9 0 M M M 5.3 16 340 M M 3 2 25 340
26 73 43 58 M 7 0 M M M 3.6 22 200 M M 2 29 200
27 81 37 59 M 6 0 M M M 3.5 18 30 M M 2 12 31 280
28 81 39 60 M 5 0 M M M 3.6 21 220 M M 2 26 220
29 81 41 61 M 4 0 M M M 4.1 14 350 M M 4 3 37 280
30 64 50 57 M 8 0 M M M 3.3 10 330 M M 7 26 330
================================================================================
SM 2324 1159 204 2 M M 147.4 M 68
================================================================================
AV 77.5 38.6 4.9 FASTST M M 2 MAX(MPH)
MISC ----> 31 230 40 230
================================================================================
NOTES:
# LAST OF SEVERAL OCCURRENCES
COLUMN 17 PEAK WIND IN M.P.H.
PRELIMINARY LOCAL CLIMATOLOGICAL DATA (WS FORM: F-6) , PAGE 2
STATION: KREMMLING
MONTH: JUNE
YEAR: 2022
LATITUDE: 40 3 N
LONGITUDE: 106 22 W
[TEMPERATURE DATA] [PRECIPITATION DATA] SYMBOLS USED IN COLUMN 16
AVERAGE MONTHLY: 58.1 TOTAL FOR MONTH: M 1 = FOG OR MIST
DPTR FM NORMAL: 0.0 DPTR FM NORMAL: M 2 = FOG REDUCING VISIBILITY
HIGHEST: 88 ON 11,12 GRTST 24HR M ON M TO 1/4 MILE OR LESS
LOWEST: 30 ON 21 3 = THUNDER
SNOW, ICE PELLETS, HAIL 4 = ICE PELLETS
TOTAL MONTH: M 5 = HAIL
GRTST 24HR M ON M 6 = FREEZING RAIN OR DRIZZLE
GRTST DEPTH: M ON M 7 = DUSTSTORM OR SANDSTORM:
VSBY 1/2 MILE OR LESS
8 = SMOKE OR HAZE
[NO. OF DAYS WITH] [WEATHER - DAYS WITH] 9 = BLOWING SNOW
X = TORNADO
MAX 32 OR BELOW: 0 0.01 INCH OR MORE: 0
MAX 90 OR ABOVE: 0 0.10 INCH OR MORE: 0
MIN 32 OR BELOW: 3 0.50 INCH OR MORE: 0
MIN 0 OR BELOW: 0 1.00 INCH OR MORE: 0
[HDD (BASE 65) ]
TOTAL THIS MO. 204 CLEAR (SCALE 0-3) 23
DPTR FM NORMAL M PTCLDY (SCALE 4-7) 7
TOTAL FM JUL 1 9533 CLOUDY (SCALE 8-10) 0
DPTR FM NORMAL M
[CDD (BASE 65) ]
TOTAL THIS MO. 2
DPTR FM NORMAL M [PRESSURE DATA]
TOTAL FM JAN 1 2 HIGHEST SLP M ON M
DPTR FM NORMAL M LOWEST SLP M ON M
[REMARKS]
#FINAL-06-22#