942
CXUS55 KBOU 010735
CF620V
PRELIMINARY LOCAL CLIMATOLOGICAL DATA (WS FORM: F-6)
STATION: Kremmling
MONTH: AUGUST
YEAR: 2020
LATITUDE: 40 3 N
LONGITUDE: 106 22 W
TEMPERATURE IN F: :PCPN: SNOW: WIND :SUNSHINE: SKY :PK WND
================================================================================
1 2 3 4 5 6A 6B 7 8 9 10 11 12 13 14 15 16 17 18
12Z AVG MX 2MIN
DY MAX MIN AVG DEP HDD CDD WTR SNW DPTH SPD SPD DIR MIN PSBL S-S WX SPD DR
================================================================================
1 88 41 65 M 0 0 M M M 3.8 20 30 M M 0 3 30 30
2 88 45 67 M 0 2 M M M 3.9 16 30 M M 0 27 30
3 90 43 67 M 0 2 M M M 3.8 16 310 M M 1 33 310
4 86 48 67 M 0 2 M M M 2.4 17 220 M M 0 27 220
5 88 68 78 M 0 13 M M M 6.9 10 350 M M 0 18 350
6 88 54 71 M 0 6 M M M 6.9 16 250 M M 1 3 25 250
7 88 36 62 M 3 0 M M M 6.2 18 240 M M 0 27 220
8 88 36 62 M 3 0 M M M 3.5 15 260 M M 0 28 260
9 88 36 62 M 3 0 M M M 2.9 10 340 M M 0 18 210
10 88 39 64 M 1 0 M M M 3.0 10 250 M M 0 M M
11 88 43 66 M 0 1 M M M 5.3 20 250 M M 1 23 250
12 82 36 59 M 6 0 M M M 4.2 18 240 M M 1 27 240
13 88 36 62 M 3 0 M M M 4.3 18 250 M M 0 29 230
14 88 34 61 M 4 0 M M M 2.7 15 350 M M 0 25 350
15 88 36 62 M 3 0 M M M 3.3 14 340 M M 0 25 340
16 88 36 62 M 3 0 M M M 2.7 8 50 M M 0 M M
17 90 41 66 M 0 1 M M M 2.2 9 320 M M 0 M M
18 90 41 66 M 0 1 M M M 3.1 21 80 M M 0 28 80
19 90 48 69 M 0 4 M M M 3.9 24 350 M M 0 8 38 350
20 88 41 65 M 0 0 M M M 5.4 18 240 M M 2 38 33 240
21 88 41 65 M 0 0 M M M 2.3 10 320 M M 0 18 310
22 88 37 63 M 2 0 M M M 1.7 8 300 M M 0 M M
23 88 37 63 M 2 0 M M M 2.7 17 40 M M 0 29 40
24 88 41 65 M 0 0 M M M 2.8 14 100 M M 0 23 100
25 88 43 66 M 0 1 M M M 3.9 16 180 M M 0 20 180
26 82 48 65 M 0 0 M M M 3.3 16 100 M M 0 3 24 100
27 86 41 64 M 1 0 M M M 2.3 12 330 M M 0 20 330
28 81 48 65 M 0 0 M M M 3.8 22 260 M M 1 3 28 260
29 70 41 56 M 9 0 M M M 3.2 18 350 M M 2 36 350
30 75 39 57 M 8 0 M M M 4.9 21 220 M M 4 123 30 180
31 75 36 56 M 9 0 0.00 0.0 0 4.5 21 260 M M 5 31 260
================================================================================
SM 2669 1290 60 33 0.00 0.0 115.8 M 18
================================================================================
AV 86.1 41.6 3.7 FASTST M M 1 MAX(MPH)
MISC ----> # 24 350 # 38 350
================================================================================
NOTES:
# LAST OF SEVERAL OCCURRENCES
COLUMN 17 PEAK WIND IN M.P.H.
PRELIMINARY LOCAL CLIMATOLOGICAL DATA (WS FORM: F-6) , PAGE 2
STATION: Kremmling
MONTH: AUGUST
YEAR: 2020
LATITUDE: 40 3 N
LONGITUDE: 106 22 W
[TEMPERATURE DATA] [PRECIPITATION DATA] SYMBOLS USED IN COLUMN 16
AVERAGE MONTHLY: 63.9 TOTAL FOR MONTH: 0.00 1 = FOG OR MIST
DPTR FM NORMAL: M DPTR FM NORMAL: M 2 = FOG REDUCING VISIBILITY
HIGHEST: 90 ON 19,18 GRTST 24HR 0.00 ON 31-31 TO 1/4 MILE OR LESS
LOWEST: 34 ON 14 3 = THUNDER
SNOW, ICE PELLETS, HAIL 4 = ICE PELLETS
TOTAL MONTH: 0.0 INCH 5 = HAIL
GRTST 24HR 0.0 6 = FREEZING RAIN OR DRIZZLE
GRTST DEPTH: 0 7 = DUSTSTORM OR SANDSTORM:
VSBY 1/2 MILE OR LESS
8 = SMOKE OR HAZE
[NO. OF DAYS WITH] [WEATHER - DAYS WITH] 9 = BLOWING SNOW
X = TORNADO
MAX 32 OR BELOW: 0 0.01 INCH OR MORE: 0
MAX 90 OR ABOVE: 4 0.10 INCH OR MORE: 0
MIN 32 OR BELOW: 0 0.50 INCH OR MORE: 0
MIN 0 OR BELOW: 0 1.00 INCH OR MORE: 0
[HDD (BASE 65) ]
TOTAL THIS MO. 60 CLEAR (SCALE 0-3) 29
DPTR FM NORMAL M PTCLDY (SCALE 4-7) 2
TOTAL FM JUL 1 127 CLOUDY (SCALE 8-10) 0
DPTR FM NORMAL M
[CDD (BASE 65) ]
TOTAL THIS MO. 33
DPTR FM NORMAL M [PRESSURE DATA]
TOTAL FM JAN 1 40 HIGHEST SLP M ON M
DPTR FM NORMAL M LOWEST SLP M ON M
[REMARKS]
#FINAL-08-20#