000
CXUS55 KBOU 190900
CF620V
PRELIMINARY LOCAL CLIMATOLOGICAL DATA (WS FORM: F-6)
STATION: KREMMLING
MONTH: APRIL
YEAR: 2024
LATITUDE: 40 3 N
LONGITUDE: 106 22 W
TEMPERATURE IN F: :PCPN: SNOW: WIND :SUNSHINE: SKY :PK WND
================================================================================
1 2 3 4 5 6A 6B 7 8 9 10 11 12 13 14 15 16 17 18
12Z AVG MX 2MIN
DY MAX MIN AVG DEP HDD CDD WTR SNW DPTH SPD SPD DIR MIN PSBL S-S WX SPD DR
================================================================================
1 45 30 38 M 27 0 M M M 5.3 13 330 M M 6 21 340
2 50 27 39 M 26 0 M M M 3.8 12 350 M M 3 18 350
3 59 25 42 M 23 0 M M M 2.7 12 120 M M 2 M M
4 64 21 43 M 22 0 M M M 2.1 9 260 M M 0 M M
5 64 27 46 M 19 0 M M M 6.4 22 180 M M 2 31 200
6 39 27 33 M 32 0 M M M 8.9 16 250 M M 10 37 300
7 37 23 30 M 35 0 M M M 11.7 18 250 M M 10 28 260
8 43 19 31 M 34 0 M M M 3.4 12 340 M M 2 M M
9 50 18 34 M 31 0 M M M 4.1 16 330 M M 3 23 330
10 50 27 39 M 26 0 M M M 3.4 12 320 M M 8 18 310
11 57 19 38 M 27 0 M M M 3.2 14 290 M M 0 22 280
12 68 19 44 M 21 0 M M M 2.7 10 240 M M 1 27 250
13 68 32 50 M 15 0 M M M 3.4 14 250 M M 2 28 250
14 68 25 47 M 18 0 M M M 1.1 5 270 M M 0 M M
15 59 23 41 M 24 0 M M M 7.3 28 250 M M 5 38 250
16 54 32 43 M 22 0 M M M 7.5 18 250 M M 7 23 240
17 63 27 45 M 20 0 M M M 9.4 24 260 M M 6 38 260
18 59 30 45 M 20 0 M M M 4.8 20 50 M M 6 23 50
================================================================================
SM 997 451 442 0 M M 91.2 M 73
================================================================================
AV 55.4 25.1 5.1 FASTST M M 4 MAX(MPH)
MISC ----> 28 250 # 38 260
================================================================================
NOTES:
# LAST OF SEVERAL OCCURRENCES
COLUMN 17 PEAK WIND IN M.P.H.
PRELIMINARY LOCAL CLIMATOLOGICAL DATA (WS FORM: F-6) , PAGE 2
STATION: KREMMLING
MONTH: APRIL
YEAR: 2024
LATITUDE: 40 3 N
LONGITUDE: 106 22 W
[TEMPERATURE DATA] [PRECIPITATION DATA] SYMBOLS USED IN COLUMN 16
AVERAGE MONTHLY: 40.2 TOTAL FOR MONTH: M 1 = FOG OR MIST
DPTR FM NORMAL: 0.0 DPTR FM NORMAL: M 2 = FOG REDUCING VISIBILITY
HIGHEST: 68 ON 12,13 GRTST 24HR M ON M TO 1/4 MILE OR LESS
LOWEST: 18 ON 9 3 = THUNDER
SNOW, ICE PELLETS, HAIL 4 = ICE PELLETS
TOTAL MONTH: M 5 = HAIL
GRTST 24HR M ON M 6 = FREEZING RAIN OR DRIZZLE
GRTST DEPTH: M ON M 7 = DUSTSTORM OR SANDSTORM:
VSBY 1/2 MILE OR LESS
8 = SMOKE OR HAZE
[NO. OF DAYS WITH] [WEATHER - DAYS WITH] 9 = BLOWING SNOW
X = TORNADO
MAX 32 OR BELOW: 0 0.01 INCH OR MORE: 0
MAX 90 OR ABOVE: 0 0.10 INCH OR MORE: 0
MIN 32 OR BELOW: 18 0.50 INCH OR MORE: 0
MIN 0 OR BELOW: 0 1.00 INCH OR MORE: 0
[HDD (BASE 65) ]
TOTAL THIS MO. 442 CLEAR (SCALE 0-3) 10
DPTR FM NORMAL M PTCLDY (SCALE 4-7) 6
TOTAL FM JUL 1 8200 CLOUDY (SCALE 8-10) 2
DPTR FM NORMAL M
[CDD (BASE 65) ]
TOTAL THIS MO. 0
DPTR FM NORMAL M [PRESSURE DATA]
TOTAL FM JAN 1 0 HIGHEST SLP M ON M
DPTR FM NORMAL M LOWEST SLP M ON M
[REMARKS]