000
CXUS54 KMAF 011448
CF66R6
PRELIMINARY LOCAL CLIMATOLOGICAL DATA (WS FORM: F-6)
STATION: TERRELL COUNTY AIRPORT
MONTH: OCTOBER
YEAR: 2021
LATITUDE: 30 2 N
LONGITUDE: 102 13 W
TEMPERATURE IN F: :PCPN: SNOW: WIND :SUNSHINE: SKY :PK WND
================================================================================
1 2 3 4 5 6A 6B 7 8 9 10 11 12 13 14 15 16 17 18
12Z AVG MX 2MIN
DY MAX MIN AVG DEP HDD CDD WTR SNW DPTH SPD SPD DIR MIN PSBL S-S WX SPD DR
================================================================================
1 80 64 72 -2 0 7 0.00 M M 6.7 15 90 M M 0 19 80
2 86 67 77 3 0 12 0.00 M M 4.4 10 30 M M 0 15 40
3 88 68 78 5 0 13 0.00 M M 6.5 12 40 M M 0 15 40
4 89 67 78 5 0 13 0.00 M M 5.7 12 90 M M 0 16 350
5 90 61 76 3 0 11 0.00 M M 6.7 15 240 M M 0 19 240
6 91 61 76 4 0 11 0.00 M M 5.8 13 100 M M 0 18 130
7 93 62 78 6 0 13 0.00 M M 7.7 18 110 M M 0 25 100
8 93 62 78 6 0 13 0.00 M M 7.3 17 110 M M 0 23 110
9 92 60 76 4 0 11 0.00 M M 7.7 16 110 M M 0 21 120
10 99 61 80 9 0 15 0.00 M M 9.3 26 320 M M 0 33 240
11 85 51 68 -3 0 3 0.00 M M 8.9 18 110 M M 0 26 100
12 90 63 77 6 0 12 0.00 M M 9.9 21 100 M M 0 26 110
13 81 59 70 0 0 5 0.02 M M 6.4 14 250 M M 0 18 150
14 90 55 73 3 0 8 0.00 M M 4.8 16 240 M M 0 20 250
15 83 57 70 0 0 5 0.00 M M 11.2 24 350 M M 0 32 10
16 71 50 61 -8 4 0 0.00 M M 6.7 16 90 M M 0 22 90
17 73 51 62 -7 3 0 0.00 M M 8.6 17 110 M M 0 23 100
18 78 52 65 -3 0 0 0.00 M M 8.5 18 110 M M 0 23 120
19 84 56 70 2 0 5 0.00 M M 7.8 18 110 M M 0 23 110
20 82 61 72 4 0 7 0.00 M M 6.8 14 110 M M 0 17 110
21 85 64 75 8 0 10 0.00 M M 7.2 20 100 M M 0 24 100
22 87 62 75 8 0 10 0.00 M M 6.5 15 110 M M 0 21 150
23 87 61 74 7 0 9 0.00 M M 8.7 18 130 M M 0 24 130
24 93 63 78 12 0 13 0.00 M M 6.0 14 180 M M 0 18 210
25 93 57 75 9 0 10 0.00 M M 6.4 13 120 M M 0 17 150
26 93 62 78 12 0 13 0.00 M M 8.5 23 320 M M 0 37 320
27 77 57 67 2 0 2 0.00 M M 14.6 32 310 M M 0 41 310
28 78 50 64 -1 1 0 0.00 M M 8.1 17 350 M M 0 23 360
29 79 46 63 -1 2 0 0.00 M M 4.7 9 220 M M 0 12 270
30 86 50 68 4 0 3 0.00 M M 8.3 15 190 M M 0 22 220
31 87 48 68 4 0 3 0.00 M M 7.3 16 100 M M 0 21 100
================================================================================
SM 2663 1808 10 237 0.02 M 233.7 M 0
================================================================================
AV 85.9 58.3 7.5 FASTST M M 0 MAX(MPH)
MISC ----> 32 310 41 310
================================================================================
NOTES:
# LAST OF SEVERAL OCCURRENCES
COLUMN 17 PEAK WIND IN M.P.H.
PRELIMINARY LOCAL CLIMATOLOGICAL DATA (WS FORM: F-6) , PAGE 2
STATION: TERRELL COUNTY AIRPORT
MONTH: OCTOBER
YEAR: 2021
LATITUDE: 30 2 N
LONGITUDE: 102 13 W
[TEMPERATURE DATA] [PRECIPITATION DATA] SYMBOLS USED IN COLUMN 16
AVERAGE MONTHLY: 72.1 TOTAL FOR MONTH: 0.02 1 = FOG OR MIST
DPTR FM NORMAL: 3.1 DPTR FM NORMAL: -1.03 2 = FOG REDUCING VISIBILITY
HIGHEST: 99 ON 10 GRTST 24HR 0.89 ON 30- 1 TO 1/4 MILE OR LESS
LOWEST: 46 ON 29 3 = THUNDER
SNOW, ICE PELLETS, HAIL 4 = ICE PELLETS
TOTAL MONTH: M 5 = HAIL
GRTST 24HR M ON M 6 = FREEZING RAIN OR DRIZZLE
GRTST DEPTH: M ON M 7 = DUSTSTORM OR SANDSTORM:
VSBY 1/2 MILE OR LESS
8 = SMOKE OR HAZE
[NO. OF DAYS WITH] [WEATHER - DAYS WITH] 9 = BLOWING SNOW
X = TORNADO
MAX 32 OR BELOW: 0 0.01 INCH OR MORE: 1
MAX 90 OR ABOVE: 11 0.10 INCH OR MORE: 0
MIN 32 OR BELOW: 0 0.50 INCH OR MORE: 0
MIN 0 OR BELOW: 0 1.00 INCH OR MORE: 0
[HDD (BASE 65) ]
TOTAL THIS MO. 10 CLEAR (SCALE 0-3) 31
DPTR FM NORMAL -36 PTCLDY (SCALE 4-7) 0
TOTAL FM JUL 1 10 CLOUDY (SCALE 8-10) 0
DPTR FM NORMAL -37
[CDD (BASE 65) ]
TOTAL THIS MO. 237
DPTR FM NORMAL 65 [PRESSURE DATA]
TOTAL FM JAN 1 2886 HIGHEST SLP 30.41 ON 16
DPTR FM NORMAL -25 LOWEST SLP 29.51 ON 26
[REMARKS]
#FINAL-10-21#