000
CXUS53 KABR 011100
CF68D3
PRELIMINARY LOCAL CLIMATOLOGICAL DATA (WS FORM: F-6)
STATION: SISSETON SD
MONTH: AUGUST
YEAR: 2023
LATITUDE: 45 40 N
LONGITUDE: 96 59 W
TEMPERATURE IN F: :PCPN: SNOW: WIND :SUNSHINE: SKY :PK WND
================================================================================
1 2 3 4 5 6A 6B 7 8 9 10 11 12 13 14 15 16 17 18
12Z AVG MX 2MIN
DY MAX MIN AVG DEP HDD CDD WTR SNW DPTH SPD SPD DIR MIN PSBL S-S WX SPD DR
================================================================================
1 92 64 78 7 0 13 0.00 0.0 0 8.6 25 50 M M 0 40 50
2 92 66 79 8 0 14 0.00 0.0 0 4.1 14 200 M M 0 21 200
3 92 65 79 8 0 14 0.00 0.0 0 3.0 12 70 M M 0 16 80
4 84 58 71 0 0 6 0.00 0.0 0 3.8 12 90 M M 0 19 60
5 83 66 75 4 0 10 1.08 0.0 0 6.1 21 190 M M 0 36 190
6 74 61 68 -2 0 3 0.82 0.0 0 7.4 17 360 M M 0 25 350
7 82 55 69 -1 0 4 0.00 0.0 0 5.6 16 230 M M 0 21 220
8 82 56 69 -1 0 4 0.00 0.0 0 8.1 17 270 M M 0 25 260
9 83 59 71 1 0 6 0.00 0.0 0 4.9 13 330 M M 0 18 340
10 81 59 70 0 0 5 1.81 0.0 0 7.8 26 330 M M 0 34 340
11 81 58 70 0 0 5 0.00 0.0 0 6.2 20 300 M M 0 28 310
12 79 60 70 0 0 5 0.00 0.0 0 8.1 18 330 M M 0 29 290
13 69 58 64 -6 1 0 2.58 0.0 0 7.6 21 350 M M 0 31 360
14 76 57 67 -2 0 2 0.16 0.0 0 8.3 16 350 M M 0 24 350
15 84 58 71 2 0 6 0.00 0.0 0 9.6 18 250 M M 0 26 250
16 86 63 75 6 0 10 0.00 0.0 0 11.5 29 320 M M 0 42 330
17 75 54 65 -4 0 0 0.00 0.0 0 10.4 21 310 M M 0 29 310
18 84 52 68 -1 0 3 0.00 0.0 0 11.3 23 190 M M 0 37 190
19 89 61 75 6 0 10 0.00 0.0 0 8.8 21 330 M M 0 29 330
20 74 54 64 -4 1 0 0.00 0.0 0 7.1 15 20 M M 0 20 30
21 81 56 69 1 0 4 0.00 0.0 0 7.3 14 100 M M 0 21 120
22 95 69 82 14 0 17 0.00 0.0 0 7.2 16 340 M M 0 23 340
23 82 68 75 7 0 10 0.00 0.0 0 4.5 13 340 M M 0 18 350
24 87 69 78 10 0 13 0.00 0.0 0 3.7 14 10 M M 0 20 10
25 81 57 69 2 0 4 0.00 0.0 0 8.3 18 360 M M 0 26 360
26 75 53 64 -3 1 0 0.00 0.0 0 4.6 12 330 M M 0 16 340
27 83 54 69 2 0 4 0.00 0.0 0 7.6 16 200 M M 0 24 220
28 84 59 72 5 0 7 0.00 0.0 0 7.4 15 340 M M 0 21 240
29 81 54 68 2 0 3 0.00 0.0 0 7.2 18 350 M M 0 26 360
30 81 48 65 -1 0 0 0.00 0.0 0 5.7 15 130 M M 0 22 130
31 85 63 74 8 0 9 0.00 0.0 0 13.0 24 170 M M 0 41 170
================================================================================
SM 2557 1834 3 191 6.45 0.0 224.8 M 0
================================================================================
AV 82.5 59.2 7.3 FASTST M M 0 MAX(MPH)
MISC ----> 29 320 42 330
================================================================================
NOTES:
# LAST OF SEVERAL OCCURRENCES
COLUMN 17 PEAK WIND IN M.P.H.
PRELIMINARY LOCAL CLIMATOLOGICAL DATA (WS FORM: F-6) , PAGE 2
STATION: SISSETON SD
MONTH: AUGUST
YEAR: 2023
LATITUDE: 45 40 N
LONGITUDE: 96 59 W
[TEMPERATURE DATA] [PRECIPITATION DATA] SYMBOLS USED IN COLUMN 16
AVERAGE MONTHLY: 70.8 TOTAL FOR MONTH: 6.45 1 = FOG OR MIST
DPTR FM NORMAL: 1.9 DPTR FM NORMAL: 3.84 2 = FOG REDUCING VISIBILITY
HIGHEST: 95 ON 22 GRTST 24HR 2.74 ON 13-14 TO 1/4 MILE OR LESS
LOWEST: 48 ON 30 3 = THUNDER
SNOW, ICE PELLETS, HAIL 4 = ICE PELLETS
TOTAL MONTH: 0.0 INCH 5 = HAIL
GRTST 24HR 0.0 6 = FREEZING RAIN OR DRIZZLE
GRTST DEPTH: 0 7 = DUSTSTORM OR SANDSTORM:
VSBY 1/2 MILE OR LESS
8 = SMOKE OR HAZE
[NO. OF DAYS WITH] [WEATHER - DAYS WITH] 9 = BLOWING SNOW
X = TORNADO
MAX 32 OR BELOW: 0 0.01 INCH OR MORE: 5
MAX 90 OR ABOVE: 4 0.10 INCH OR MORE: 5
MIN 32 OR BELOW: 0 0.50 INCH OR MORE: 4
MIN 0 OR BELOW: 0 1.00 INCH OR MORE: 3
[HDD (BASE 65) ]
TOTAL THIS MO. 3 CLEAR (SCALE 0-3) 31
DPTR FM NORMAL -25 PTCLDY (SCALE 4-7) 0
TOTAL FM JUL 1 28 CLOUDY (SCALE 8-10) 0
DPTR FM NORMAL -8
[CDD (BASE 65) ]
TOTAL THIS MO. 191
DPTR FM NORMAL 42 [PRESSURE DATA]
TOTAL FM JAN 1 700 HIGHEST SLP 30.26 ON 20
DPTR FM NORMAL 191 LOWEST SLP 29.47 ON 16
[REMARKS]
#FINAL-08-23#