000
CXUS52 KTAE 010900
CF6AAF
PRELIMINARY LOCAL CLIMATOLOGICAL DATA (WS FORM: F-6)
STATION: APALACHICOLA
MONTH: JANUARY
YEAR: 2023
LATITUDE: 29 43 N
LONGITUDE: 85 2 W
TEMPERATURE IN F: :PCPN: SNOW: WIND :SUNSHINE: SKY :PK WND
================================================================================
1 2 3 4 5 6A 6B 7 8 9 10 11 12 13 14 15 16 17 18
12Z AVG MX 2MIN
DY MAX MIN AVG DEP HDD CDD WTR SNW DPTH SPD SPD DIR MIN PSBL S-S WX SPD DR
================================================================================
1 76 57 67 13 0 2 0.00 0.0 M 3.3 9 110 M M 7 12 13 110
2 68 61 65 11 0 0 0.00 0.0 0 5.3 10 100 M M 8 12 14 120
3 74 64 69 15 0 4 0.00 M M 9.8 16 150 M M 4 1 22 150
4 75 55 65 11 0 0 0.50 0.0 M 7.4 32 280 M M 5 13 40 290
5 73 49 61 7 4 0 0.00 0.0 0 5.9 22 300 M M 2 12 31 300
6 68 39 54 0 11 0 0.00 0.0 0 4.1 12 190 M M 0 15 190
7 67 37 52 -2 13 0 0.00 0.0 0 4.2 12 150 M M 0 15 160
8 68 40 54 0 11 0 0.00 0.0 0 4.6 17 160 M M 0 22 150
9 72 47 60 6 5 0 0.00 0.0 M 6.1 14 10 M M 1 1 17 20
10 66 43 55 1 10 0 0.00 0.0 0 3.6 12 210 M M 0 14 190
11 75 43 59 5 6 0 0.00 0.0 0 4.9 13 200 M M 0 16 210
12 78 62 70 16 0 5 1.14 0.0 0 9.5 37 300 M M 1 13 47 310
13 65 38 52 -2 13 0 0.00 0.0 0 12.3 23 320 M M 2 29 340
14 55 36 46 -8 19 0 0.00 0.0 0 9.1 18 350 M M 0 24 320
15 55 29 42 -12 23 0 0.00 0.0 0 3.3 10 240 M M 0 13 30
16 64 33 49 -5 16 0 0.00 0.0 0 5.1 12 130 M M 0 15 150
17 73 58 66 12 0 1 0.00 0.0 0 9.4 15 180 M M 0 21 170
18 75 62 69 15 0 4 0.00 0.0 0 8.6 18 160 M M 0 1 23 170
19 78 56 67 13 0 2 0.37 0.0 0 8.1 21 240 M M 1 1 28 250
20 73 49 61 7 4 0 0.00 0.0 0 4.8 15 30 M M 0 18 20
21 59 51 55 1 10 0 0.51 0.0 0 8.1 14 100 M M 5 1 20 110
22 75 57 66 12 0 1 0.30 0.0 0 11.4 28 320 M M 3 13 39 320
23 62 42 52 -2 13 0 0.00 0.0 0 7.5 16 330 M M 0 22 330
24 66 40 53 -1 12 0 0.00 0.0 M 8.8 17 100 M M 1 27 90
25 69 49 59 5 6 0 1.87 M M 12.8 23 170 M M 4 123 31 170
26 59 40 50 -4 15 0 0.00 M M 7.7 18 350 M M 0 24 330
27 60 38 49 -5 16 0 0.00 0.0 0 5.9 16 30 M M 0 20 20
28 61 36 49 -5 16 0 0.00 0.0 0 7.9 16 120 M M 0 24 110
29 72 59 66 12 0 1 0.06 0.0 0 7.6 15 160 M M 2 1 18 150
30 73 65 69 14 0 4 0.05 0.0 M 4.9 14 230 M M 3 12 19 250
31 72 66 69 14 0 4 0.00 0.0 0 3.6 12 150 M M 9 12 13 150
================================================================================
SM 2126 1501 223 28 4.80 0.0 215.6 M 58
================================================================================
AV 68.6 48.4 7.0 FASTST M M 2 MAX(MPH)
MISC ----> 37 300 47 310
================================================================================
NOTES:
# LAST OF SEVERAL OCCURRENCES
COLUMN 17 PEAK WIND IN M.P.H.
PRELIMINARY LOCAL CLIMATOLOGICAL DATA (WS FORM: F-6) , PAGE 2
STATION: APALACHICOLA
MONTH: JANUARY
YEAR: 2023
LATITUDE: 29 43 N
LONGITUDE: 85 2 W
[TEMPERATURE DATA] [PRECIPITATION DATA] SYMBOLS USED IN COLUMN 16
AVERAGE MONTHLY: 58.5 TOTAL FOR MONTH: 4.80 1 = FOG OR MIST
DPTR FM NORMAL: 4.5 DPTR FM NORMAL: 0.74 2 = FOG REDUCING VISIBILITY
HIGHEST: 78 ON 19,12 GRTST 24HR 2.28 ON 29-30 TO 1/4 MILE OR LESS
LOWEST: 29 ON 15 3 = THUNDER
SNOW, ICE PELLETS, HAIL 4 = ICE PELLETS
TOTAL MONTH: 0.0 INCH 5 = HAIL
GRTST 24HR 0.0 6 = FREEZING RAIN OR DRIZZLE
GRTST DEPTH: 0 7 = DUSTSTORM OR SANDSTORM:
VSBY 1/2 MILE OR LESS
8 = SMOKE OR HAZE
[NO. OF DAYS WITH] [WEATHER - DAYS WITH] 9 = BLOWING SNOW
X = TORNADO
MAX 32 OR BELOW: 0 0.01 INCH OR MORE: 8
MAX 90 OR ABOVE: 0 0.10 INCH OR MORE: 6
MIN 32 OR BELOW: 1 0.50 INCH OR MORE: 4
MIN 0 OR BELOW: 0 1.00 INCH OR MORE: 2
[HDD (BASE 65) ]
TOTAL THIS MO. 223 CLEAR (SCALE 0-3) 22
DPTR FM NORMAL -125 PTCLDY (SCALE 4-7) 7
TOTAL FM JUL 1 635 CLOUDY (SCALE 8-10) 2
DPTR FM NORMAL -163
[CDD (BASE 65) ]
TOTAL THIS MO. 28
DPTR FM NORMAL 19 [PRESSURE DATA]
TOTAL FM JAN 1 28 HIGHEST SLP 30.44 ON 28
DPTR FM NORMAL 19 LOWEST SLP 29.75 ON 22
[REMARKS]
#FINAL-01-23#