000
CXUS56 KMFR 010930
CF6AAT
PRELIMINARY LOCAL CLIMATOLOGICAL DATA (WS FORM: F-6)
STATION: ALTURAS CA
MONTH: MAY
YEAR: 2022
LATITUDE: 41 29 N
LONGITUDE: 120 34 W
TEMPERATURE IN F: :PCPN: SNOW: WIND :SUNSHINE: SKY :PK WND
================================================================================
1 2 3 4 5 6A 6B 7 8 9 10 11 12 13 14 15 16 17 18
12Z AVG MX 2MIN
DY MAX MIN AVG DEP HDD CDD WTR SNW DPTH SPD SPD DIR MIN PSBL S-S WX SPD DR
================================================================================
1 62 27 45 -3 20 0 0.00 M M 3.7 13 20 M M 1 18 330
2 50 31 41 -8 24 0 0.16 M M 13.9 30 310 M M 5 1 40 310
3 62 25 44 -5 21 0 0.00 M M 2.1 10 80 M M 2 8 17 330
4 78 27 53 4 12 0 0.00 M M 4.7 16 240 M M 0 18 25 240
5 65 44 55 5 10 0 T M M 12.2 31 220 M M 6 48 230
6 64 42 53 3 12 0 T M M 15.5 35 250 M M 7 48 250
7 51 30 41 -9 24 0 0.09 M M 10.0 24 270 M M 7 34 270
8 41 19 30 -20 35 0 0.15 M M 6.9 29 250 M M 7 128 37 230
9 42 14 28 -23 37 0 0.09 M M 4.5 23 240 M M 8 1238 33 240
10 44 27 36 -15 29 0 0.05 M M 3.8 20 10 M M 9 12 29 10
11 52 29 41 -10 24 0 T M M 3.6 16 250 M M 7 1 21 240
12 59 32 46 -6 19 0 0.00 M M 9.8 24 260 M M 7 33 220
13 64 39 52 0 13 0 0.00 M M 6.6 18 280 M M 6 26 270
14 72 36 54 2 11 0 0.00 M M 4.5 16 270 M M 0 21 260
15 80 32 56 4 9 0 0.00 M M 8.3 26 270 M M 0 1 34 230
16 74 34 54 1 11 0 0.00 M M 5.9 17 300 M M 0 25 270
17 75 30 53 0 12 0 0.00 M M 3.5 17 330 M M 0 23 340
18 76 30 53 0 12 0 0.00 M M 6.3 22 320 M M 0 32 280
19 60 35 48 -6 17 0 0.00 M M 13.8 29 310 M M 1 40 300
20 62 30 46 -8 19 0 0.00 M M 7.9 17 60 M M 2 24 70
21 68 26 47 -7 18 0 0.00 M M 4.1 13 300 M M 1 19 40
22 69 27 48 -6 17 0 0.00 M M 3.8 15 340 M M 0 20 340
23 74 32 53 -1 12 0 0.00 M M 5.4 18 320 M M 1 26 340
24 77 33 55 0 10 0 0.00 M M 3.9 14 310 M M 0 22 310
25 85 36 61 6 4 0 0.00 M M 3.6 15 260 M M 1 22 250
26 82 38 60 5 5 0 0.00 M M 7.8 32 260 M M 1 46 270
27 71 37 54 -1 11 0 0.15 M M 7.8 28 260 M M 4 1 35 230
28 63 42 53 -3 12 0 0.03 M M 12.2 31 240 M M 8 1 46 240
29 58 40 49 -7 16 0 0.00 M M 14.7 23 290 M M 8 31 330
30 59 29 44 -12 21 0 0.00 M M 5.6 15 340 M M 3 22 340
31 70 26 48 -8 17 0 0.00 M M 3.1 9 140 M M 0 16 130
================================================================================
SM 2009 979 514 0 0.72 M 219.5 M 102
================================================================================
AV 64.8 31.6 7.1 FASTST M M 3 MAX(MPH)
MISC ----> 35 250 # 48 230
================================================================================
NOTES:
# LAST OF SEVERAL OCCURRENCES
COLUMN 17 PEAK WIND IN M.P.H.
PRELIMINARY LOCAL CLIMATOLOGICAL DATA (WS FORM: F-6) , PAGE 2
STATION: ALTURAS CA
MONTH: MAY
YEAR: 2022
LATITUDE: 41 29 N
LONGITUDE: 120 34 W
[TEMPERATURE DATA] [PRECIPITATION DATA] SYMBOLS USED IN COLUMN 16
AVERAGE MONTHLY: 48.2 TOTAL FOR MONTH: 0.72 1 = FOG OR MIST
DPTR FM NORMAL: -4.3 DPTR FM NORMAL: -0.54 2 = FOG REDUCING VISIBILITY
HIGHEST: 85 ON 25 GRTST 24HR 0.19 ON 8- 9 TO 1/4 MILE OR LESS
LOWEST: 14 ON 9 3 = THUNDER
SNOW, ICE PELLETS, HAIL 4 = ICE PELLETS
TOTAL MONTH: M 5 = HAIL
GRTST 24HR M ON M 6 = FREEZING RAIN OR DRIZZLE
GRTST DEPTH: M ON M 7 = DUSTSTORM OR SANDSTORM:
VSBY 1/2 MILE OR LESS
8 = SMOKE OR HAZE
[NO. OF DAYS WITH] [WEATHER - DAYS WITH] 9 = BLOWING SNOW
X = TORNADO
MAX 32 OR BELOW: 0 0.01 INCH OR MORE: 7
MAX 90 OR ABOVE: 0 0.10 INCH OR MORE: 3
MIN 32 OR BELOW: 19 0.50 INCH OR MORE: 0
MIN 0 OR BELOW: 0 1.00 INCH OR MORE: 0
[HDD (BASE 65) ]
TOTAL THIS MO. 514 CLEAR (SCALE 0-3) 17
DPTR FM NORMAL 127 PTCLDY (SCALE 4-7) 12
TOTAL FM JUL 1 6529 CLOUDY (SCALE 8-10) 2
DPTR FM NORMAL 142
[CDD (BASE 65) ]
TOTAL THIS MO. 0
DPTR FM NORMAL -1 [PRESSURE DATA]
TOTAL FM JAN 1 0 HIGHEST SLP M ON M
DPTR FM NORMAL -1 LOWEST SLP 29.69 ON 2
[REMARKS]
#FINAL-05-22#