000
CXUS54 KSJT 011000
CF6ABI
PRELIMINARY LOCAL CLIMATOLOGICAL DATA (WS FORM: F-6)
STATION: ABILENE
MONTH: APRIL
YEAR: 2022
LATITUDE: 32 25 N
LONGITUDE: 99 41 W
TEMPERATURE IN F: :PCPN: SNOW: WIND :SUNSHINE: SKY :PK WND
================================================================================
1 2 3 4 5 6A 6B 7 8 9 10 11 12 13 14 15 16 17 18
12Z AVG MX 2MIN
DY MAX MIN AVG DEP HDD CDD WTR SNW DPTH SPD SPD DIR MIN PSBL S-S WX SPD DR
================================================================================
1 82 43 63 0 2 0 0.06 0.0 0 M M M M M 0 M M
2 79 48 64 1 1 0 0.00 0.0 0 8.4 16 300 M M 0 22 310
3 91 56 74 11 0 9 0.24 0.0 0 15.2 29 140 M M 1 3 40 350
4 73 55 64 0 1 0 T 0.0 0 6.6 16 190 M M 6 13 24 160
5 95 55 75 11 0 10 0.00 0.0 0 12.1 28 240 M M 3 12 38 220
6 77 49 63 -1 2 0 0.00 0.0 0 15.5 39 350 M M 2 8 54 350
7 70 41 56 -8 9 0 0.00 0.0 0 11.3 32 340 M M 1 43 330
8 72 40 56 -8 9 0 0.00 0.0 0 8.3 22 330 M M 2 29 350
9 90 44 67 2 0 2 0.00 0.0 0 15.7 29 210 M M 0 40 210
10 92 65 79 14 0 14 0.00 0.0 0 18.4 35 210 M M 0 47 200
11 88 65 77 12 0 12 0.00 0.0 0 10.9 22 190 M M 0 33 180
12 94 68 81 16 0 16 0.00 0.0 0 18.0 28 200 M M 0 38 200
13 80 53 67 2 0 2 0.00 0.0 0 13.5 30 320 M M 0 38 320
14 82 48 65 -1 0 0 0.00 0.0 0 15.1 25 150 M M 0 39 140
15 95 62 79 13 0 14 0.00 0.0 0 14.2 24 190 M M 0 33 180
16 79 57 68 2 0 3 0.00 0.0 0 12.5 23 340 M M 1 33 340
17 87 56 72 6 0 7 0.00 0.0 0 8.8 20 340 M M 4 28 340
18 78 53 66 0 0 1 0.00 0.0 0 11.1 20 90 M M 1 28 90
19 80 55 68 1 0 3 0.00 0.0 0 18.4 35 170 M M 4 46 170
20 97 66 82 15 0 17 0.00 0.0 0 16.3 30 200 M M 2 41 200
21 92 71 82 15 0 17 0.00 0.0 0 19.9 29 150 M M 1 41 140
22 89 69 79 12 0 14 0.00 0.0 0 25.6 37 160 M M 4 8 52 160
23 88 67 78 10 0 13 0.00 0.0 0 22.2 35 170 M M 3 48 170
24 72 52 62 -6 3 0 0.17 0.0 0 10.2 26 170 M M 9 138 36 170
25 69 52 61 -7 4 0 T 0.0 0 9.9 20 40 M M 5 3 30 50
26 77 41 59 -9 6 0 0.00 0.0 0 8.6 18 80 M M 0 25 90
27 76 58 67 -2 0 2 0.00 0.0 0 13.9 23 190 M M 6 35 170
28 89 66 78 9 0 13 0.00 0.0 0 18.4 30 190 M M 2 41 180
29 96 70 83 14 0 18 0.00 0.0 0 18.1 30 210 M M 0 43 210
30 83 59 71 2 0 6 0.00 0.0 0 10.8 25 350 M M 0 35 360
================================================================================
SM 2512 1684 37 193 0.47 0.0 407.9 M 57
================================================================================
AV 83.7 56.1 14.1 FASTST M M 2 MAX(MPH)
MISC ----> 39 350 54 350
================================================================================
NOTES:
# LAST OF SEVERAL OCCURRENCES
COLUMN 17 PEAK WIND IN M.P.H.
PRELIMINARY LOCAL CLIMATOLOGICAL DATA (WS FORM: F-6) , PAGE 2
STATION: ABILENE
MONTH: APRIL
YEAR: 2022
LATITUDE: 32 25 N
LONGITUDE: 99 41 W
[TEMPERATURE DATA] [PRECIPITATION DATA] SYMBOLS USED IN COLUMN 16
AVERAGE MONTHLY: 69.9 TOTAL FOR MONTH: 0.47 1 = FOG OR MIST
DPTR FM NORMAL: 3.9 DPTR FM NORMAL: -1.39 2 = FOG REDUCING VISIBILITY
HIGHEST: 97 ON 20 GRTST 24HR 0.24 ON 3- 3 TO 1/4 MILE OR LESS
LOWEST: 40 ON 8 3 = THUNDER
SNOW, ICE PELLETS, HAIL 4 = ICE PELLETS
TOTAL MONTH: 0.0 INCH 5 = HAIL
GRTST 24HR 0.0 6 = FREEZING RAIN OR DRIZZLE
GRTST DEPTH: 0 7 = DUSTSTORM OR SANDSTORM:
VSBY 1/2 MILE OR LESS
8 = SMOKE OR HAZE
[NO. OF DAYS WITH] [WEATHER - DAYS WITH] 9 = BLOWING SNOW
X = TORNADO
MAX 32 OR BELOW: 0 0.01 INCH OR MORE: 3
MAX 90 OR ABOVE: 9 0.10 INCH OR MORE: 2
MIN 32 OR BELOW: 0 0.50 INCH OR MORE: 0
MIN 0 OR BELOW: 0 1.00 INCH OR MORE: 0
[HDD (BASE 65) ]
TOTAL THIS MO. 37 CLEAR (SCALE 0-3) 22
DPTR FM NORMAL -55 PTCLDY (SCALE 4-7) 7
TOTAL FM JUL 1 1956 CLOUDY (SCALE 8-10) 1
DPTR FM NORMAL -350
[CDD (BASE 65) ]
TOTAL THIS MO. 193
DPTR FM NORMAL 71 [PRESSURE DATA]
TOTAL FM JAN 1 244 HIGHEST SLP 30.39 ON 26
DPTR FM NORMAL 71 LOWEST SLP 28.17 ON 25
[REMARKS]
#FINAL-04-22#