000
CXUS54 KSJT 011100
CF6ABI
PRELIMINARY LOCAL CLIMATOLOGICAL DATA (WS FORM: F-6)
STATION: ABILENE
MONTH: FEBRUARY
YEAR: 2022
LATITUDE: 32 25 N
LONGITUDE: 99 41 W
TEMPERATURE IN F: :PCPN: SNOW: WIND :SUNSHINE: SKY :PK WND
================================================================================
1 2 3 4 5 6A 6B 7 8 9 10 11 12 13 14 15 16 17 18
12Z AVG MX 2MIN
DY MAX MIN AVG DEP HDD CDD WTR SNW DPTH SPD SPD DIR MIN PSBL S-S WX SPD DR
================================================================================
1 71 49 60 12 5 0 0.00 0.0 0 11.0 23 200 M M 3 32 210
2 49 20 35 -13 30 0 0.73 1.0 1 17.1 29 350 M M 7 16 37 360
3 20 16 18 -30 47 0 0.13 2.0 3 20.2 29 350 M M 10 1 37 350
4 33 13 23 -25 42 0 T T 2 11.3 23 340 M M 3 28 340
5 48 19 34 -14 31 0 0.00 0.0 0 9.1 15 190 M M 0 21 200
6 53 31 42 -6 23 0 0.00 0.0 0 8.4 15 350 M M 0 22 340
7 56 28 42 -7 23 0 0.00 0.0 0 6.5 15 340 M M 0 19 350
8 67 32 50 1 15 0 0.00 0.0 0 9.7 21 200 M M 0 29 220
9 67 30 49 0 16 0 0.00 0.0 0 3.5 10 160 M M 0 12 160
10 70 35 53 4 12 0 0.00 0.0 0 5.6 10 190 M M 0 14 330
11 78 42 60 11 5 0 0.00 0.0 0 13.8 25 210 M M 0 35 210
12 49 27 38 -11 27 0 0.00 0.0 0 14.8 30 20 M M 5 47 20
13 66 26 46 -4 19 0 0.00 0.0 0 7.5 17 310 M M 0 24 280
14 73 41 57 7 8 0 0.00 0.0 0 11.0 21 190 M M 0 28 190
15 76 45 61 11 4 0 0.00 0.0 0 18.3 31 190 M M 0 44 190
16 76 57 67 17 0 2 T 0.0 0 19.6 38 140 M M 0 48 140
17 63 27 45 -5 20 0 0.32 0.0 0 16.5 39 290 M M 8 13 53 290
18 56 22 39 -12 26 0 0.00 0.0 0 4.2 9 160 M M 0 11 360
19 66 33 50 -1 15 0 0.00 0.0 0 7.7 16 160 M M 0 23 140
20 75 46 61 10 4 0 0.00 0.0 0 15.5 25 210 M M 0 38 210
21 82 53 68 17 0 3 0.71 0.0 0 13.9 31 190 M M 2 13 44 170
22 65 29 47 -5 18 0 T 0.0 0 12.2 25 340 M M 1 3 32 360
23 29 19 24 -28 41 0 0.12 T 0 12.9 29 360 M M 10 1368 37 10
24 30 19 25 -27 40 0 0.01 0.0 0 9.3 15 340 M M 9 16 19 30
25 41 20 31 -21 34 0 0.00 0.0 0 8.1 16 20 M M 3 1 23 40
26 38 29 34 -19 31 0 0.00 0.0 0 7.0 14 350 M M 10 8 16 350
27 58 24 41 -12 24 0 0.00 0.0 0 6.5 15 350 M M 0 22 350
28 67 29 48 -5 17 0 0.00 0.0 0 7.5 16 150 M M 0 22 220
================================================================================
SM 1622 861 577 5 2.02 3.0 308.7 M 71
================================================================================
AV 57.9 30.8 11.0 FASTST M M 3 MAX(MPH)
MISC ----> 39 290 53 290
================================================================================
NOTES:
# LAST OF SEVERAL OCCURRENCES
COLUMN 17 PEAK WIND IN M.P.H.
PRELIMINARY LOCAL CLIMATOLOGICAL DATA (WS FORM: F-6) , PAGE 2
STATION: ABILENE
MONTH: FEBRUARY
YEAR: 2022
LATITUDE: 32 25 N
LONGITUDE: 99 41 W
[TEMPERATURE DATA] [PRECIPITATION DATA] SYMBOLS USED IN COLUMN 16
AVERAGE MONTHLY: 44.3 TOTAL FOR MONTH: 2.02 1 = FOG OR MIST
DPTR FM NORMAL: -5.8 DPTR FM NORMAL: 0.73 2 = FOG REDUCING VISIBILITY
HIGHEST: 82 ON 21 GRTST 24HR 0.86 ON 2- 3 TO 1/4 MILE OR LESS
LOWEST: 13 ON 4 3 = THUNDER
SNOW, ICE PELLETS, HAIL 4 = ICE PELLETS
TOTAL MONTH: 3.0 INCHES 5 = HAIL
GRTST 24HR 2.0 ON 3- 3 6 = FREEZING RAIN OR DRIZZLE
GRTST DEPTH: 3 ON 3 7 = DUSTSTORM OR SANDSTORM:
VSBY 1/2 MILE OR LESS
8 = SMOKE OR HAZE
[NO. OF DAYS WITH] [WEATHER - DAYS WITH] 9 = BLOWING SNOW
X = TORNADO
MAX 32 OR BELOW: 3 0.01 INCH OR MORE: 6
MAX 90 OR ABOVE: 0 0.10 INCH OR MORE: 5
MIN 32 OR BELOW: 19 0.50 INCH OR MORE: 2
MIN 0 OR BELOW: 0 1.00 INCH OR MORE: 0
[HDD (BASE 65) ]
TOTAL THIS MO. 577 CLEAR (SCALE 0-3) 19
DPTR FM NORMAL 152 PTCLDY (SCALE 4-7) 5
TOTAL FM JUL 1 1650 CLOUDY (SCALE 8-10) 4
DPTR FM NORMAL -306
[CDD (BASE 65) ]
TOTAL THIS MO. 5
DPTR FM NORMAL -3 [PRESSURE DATA]
TOTAL FM JAN 1 5 HIGHEST SLP 30.71 ON 4
DPTR FM NORMAL 1 LOWEST SLP 29.55 ON 16
[REMARKS]
#FINAL-02-22#