000
CXUS55 KABQ 011110
CF6ABQ
PRELIMINARY LOCAL CLIMATOLOGICAL DATA (WS FORM: F-6)
STATION: ALBUQUERQUE NM
MONTH: NOVEMBER
YEAR: 2022
LATITUDE: 35 2 N
LONGITUDE: 106 37 W
TEMPERATURE IN F: :PCPN: SNOW: WIND :SUNSHINE: SKY :PK WND
================================================================================
1 2 3 4 5 6A 6B 7 8 9 10 11 12 13 14 15 16 17 18
12Z AVG MX 2MIN
DY MAX MIN AVG DEP HDD CDD WTR SNW DPTH SPD SPD DIR MIN PSBL S-S WX SPD DR
================================================================================
1 65 35 50 -2 15 0 0.00 0.0 0 4.9 13 170 M M 4 18 210
2 67 41 54 3 11 0 0.00 0.0 0 8.4 22 170 M M 4 28 180
3 65 34 50 -1 15 0 0.02 T 0 14.7 40 190 M M 6 1 58 190
4 48 32 40 -10 25 0 0.03 T 0 12.4 28 310 M M 6 18 37 310
5 58 29 44 -6 21 0 0.00 0.0 0 3.7 12 10 M M 5 16 340
6 67 34 51 1 14 0 0.00 0.0 0 4.4 13 210 M M 3 17 200
7 67 42 55 6 10 0 0.00 0.0 0 6.1 13 10 M M 5 16 350
8 71 43 57 8 8 0 0.00 0.0 0 8.1 23 190 M M 3 29 200
9 70 40 55 7 10 0 0.00 0.0 0 13.8 31 180 M M 1 41 190
10 53 37 45 -3 20 0 0.00 0.0 0 10.6 25 360 M M 4 37 350
11 48 26 37 -11 28 0 0.00 0.0 0 7.3 15 350 M M 1 20 350
12 54 24 39 -8 26 0 0.00 0.0 0 3.0 9 170 M M 4 12 20
13 59 29 44 -3 21 0 0.08 0.0 0 10.3 24 190 M M 3 8 35 310
14 49 32 41 -5 24 0 0.01 0.0 0 5.3 17 250 M M 5 23 210
15 49 26 38 -8 27 0 0.00 0.0 0 6.7 21 80 M M 2 27 80
16 44 26 35 -10 30 0 0.00 0.0 0 9.2 22 90 M M 2 27 80
17 47 23 35 -10 30 0 0.00 0.0 0 2.6 9 170 M M 0 12 180
18 40 28 34 -11 31 0 0.00 0.0 0 12.1 25 80 M M 6 30 80
19 46 24 35 -9 30 0 0.00 0.0 0 10.3 25 90 M M 3 32 90
20 50 23 37 -7 28 0 0.00 0.0 0 4.7 13 360 M M 0 16 10
21 53 25 39 -4 26 0 0.00 0.0 0 3.3 9 350 M M 1 11 250
22 49 25 37 -6 28 0 0.00 0.0 0 3.2 10 20 M M 6 13 20
23 55 20 38 -5 27 0 0.00 0.0 0 6.2 23 330 M M 3 32 340
24 47 25 36 -6 29 0 0.00 0.0 0 6.8 17 80 M M 8 23 10
25 51 24 38 -4 27 0 0.00 0.0 0 3.6 10 120 M M 2 12 110
26 55 24 40 -2 25 0 0.00 0.0 0 3.5 9 90 M M 2 12 80
27 53 30 42 1 23 0 0.00 0.0 0 6.0 20 300 M M 4 28 320
28 51 24 38 -3 27 0 0.00 0.0 0 5.6 12 150 M M 6 14 170
29 55 30 43 3 22 0 0.00 0.0 0 13.3 33 280 M M 1 43 260
30 51 25 38 -2 27 0 0.00 0.0 0 3.7 15 10 M M 3 18 10
================================================================================
SM 1637 880 685 0 0.14 T 213.8 M 103
================================================================================
AV 54.6 29.3 7.1 FASTST M M 3 MAX(MPH)
MISC ----> 40 190 58 190
================================================================================
NOTES:
# LAST OF SEVERAL OCCURRENCES
COLUMN 17 PEAK WIND IN M.P.H.
PRELIMINARY LOCAL CLIMATOLOGICAL DATA (WS FORM: F-6) , PAGE 2
STATION: ALBUQUERQUE NM
MONTH: NOVEMBER
YEAR: 2022
LATITUDE: 35 2 N
LONGITUDE: 106 37 W
[TEMPERATURE DATA] [PRECIPITATION DATA] SYMBOLS USED IN COLUMN 16
AVERAGE MONTHLY: 42.0 TOTAL FOR MONTH: 0.14 1 = FOG OR MIST
DPTR FM NORMAL: -3.7 DPTR FM NORMAL: -0.43 2 = FOG REDUCING VISIBILITY
HIGHEST: 71 ON 8 GRTST 24HR 0.09 ON 13-14 TO 1/4 MILE OR LESS
LOWEST: 20 ON 23 3 = THUNDER
SNOW, ICE PELLETS, HAIL 4 = ICE PELLETS
TOTAL MONTH: T 5 = HAIL
GRTST 24HR T ON 3- 3 6 = FREEZING RAIN OR DRIZZLE
GRTST DEPTH: 0 7 = DUSTSTORM OR SANDSTORM:
VSBY 1/2 MILE OR LESS
8 = SMOKE OR HAZE
[NO. OF DAYS WITH] [WEATHER - DAYS WITH] 9 = BLOWING SNOW
X = TORNADO
MAX 32 OR BELOW: 0 0.01 INCH OR MORE: 4
MAX 90 OR ABOVE: 0 0.10 INCH OR MORE: 0
MIN 32 OR BELOW: 22 0.50 INCH OR MORE: 0
MIN 0 OR BELOW: 0 1.00 INCH OR MORE: 0
[HDD (BASE 65) ]
TOTAL THIS MO. 685 CLEAR (SCALE 0-3) 13
DPTR FM NORMAL 106 PTCLDY (SCALE 4-7) 17
TOTAL FM JUL 1 936 CLOUDY (SCALE 8-10) 0
DPTR FM NORMAL 116
[CDD (BASE 65) ]
TOTAL THIS MO. 0
DPTR FM NORMAL 0 [PRESSURE DATA]
TOTAL FM JAN 1 1641 HIGHEST SLP 30.43 ON 25
DPTR FM NORMAL 205 LOWEST SLP 29.64 ON 3
[REMARKS]
#FINAL-11-22#