000
CXUS53 KABR 011100
CF6ABR
PRELIMINARY LOCAL CLIMATOLOGICAL DATA (WS FORM: F-6)
STATION: ABERDEEN SD
MONTH: OCTOBER
YEAR: 2021
LATITUDE: 45 27 N
LONGITUDE: 98 26 W
TEMPERATURE IN F: :PCPN: SNOW: WIND :SUNSHINE: SKY :PK WND
================================================================================
1 2 3 4 5 6A 6B 7 8 9 10 11 12 13 14 15 16 17 18
12Z AVG MX 2MIN
DY MAX MIN AVG DEP HDD CDD WTR SNW DPTH SPD SPD DIR MIN PSBL S-S WX SPD DR
================================================================================
1 64 59 62 8 3 0 0.07 0.0 0 9.3 16 360 M M 9 18 22 10
2 75 45 60 6 5 0 0.00 0.0 0 6.7 15 330 M M 3 18 20 310
3 81 38 60 7 5 0 0.00 0.0 0 2.3 9 170 M M 0 8 12 340
4 88 41 65 12 0 0 0.00 0.0 0 6.0 12 240 M M 0 16 240
5 85 45 65 13 0 0 0.00 0.0 0 11.5 25 170 M M 0 33 150
6 80 56 68 16 0 3 0.00 0.0 0 14.3 23 160 M M 0 31 150
7 80 57 69 18 0 4 0.00 0.0 0 13.4 24 160 M M 0 33 170
8 82 55 69 19 0 4 0.00 0.0 0 6.0 12 10 M M 0 1 17 140
9 68 55 62 12 3 0 1.18 0.0 0 10.0 44 280 M M 7 13 56 280
10 59 45 52 2 13 0 0.12 0.0 0 12.7 28 300 M M 7 18 39 310
11 70 37 54 5 11 0 0.00 0.0 0 9.2 20 350 M M 0 25 20
12 64 39 52 4 13 0 T 0.0 0 13.3 21 60 M M 1 29 50
13 65 46 56 8 9 0 0.92 0.0 0 18.4 38 110 M M 9 1 53 110
14 57 37 47 0 18 0 0.00 0.0 0 13.4 28 270 M M 7 44 280
15 57 34 46 -1 19 0 0.00 0.0 0 11.2 25 290 M M 3 35 310
16 66 30 48 2 17 0 0.00 0.0 0 6.9 16 300 M M 0 23 310
17 74 32 53 7 12 0 0.00 0.0 0 6.6 13 170 M M 0 20 170
18 79 43 61 16 4 0 0.00 0.0 0 12.6 24 190 M M 0 36 180
19 54 38 46 1 19 0 0.00 0.0 0 13.9 28 30 M M 5 1 36 30
20 45 37 41 -3 24 0 0.92 T 0 18.1 26 20 M M 10 1 34 20
21 50 27 39 -5 26 0 0.00 0.0 0 6.5 17 360 M M 2 24 360
22 51 32 42 -1 23 0 0.00 0.0 0 6.9 14 70 M M 6 19 50
23 53 28 41 -2 24 0 0.04 0.0 0 9.0 18 110 M M 4 25 120
24 43 40 42 0 23 0 0.18 0.0 0 10.4 17 50 M M 10 1 23 50
25 53 40 47 5 18 0 0.00 0.0 0 12.2 22 140 M M 4 31 150
26 53 45 49 8 16 0 T 0.0 0 18.7 29 160 M M 7 8 39 160
27 51 35 43 3 22 0 0.96 0.0 0 4.8 17 70 M M 8 1 22 70
28 60 34 47 7 18 0 0.00 0.0 0 13.8 25 340 M M 0 1 36 330
29 62 25 44 4 21 0 0.00 0.0 0 6.9 15 160 M M 0 19 180
30 55 35 45 6 20 0 0.00 0.0 0 12.6 30 330 M M 2 39 340
31 48 28 38 0 27 0 0.00 0.0 0 11.2 21 320 M M 2 28 330
================================================================================
SM 1972 1238 413 11 4.39 T 328.8 M 106
================================================================================
AV 63.6 39.9 10.6 FASTST M M 3 MAX(MPH)
MISC ----> 44 280 56 280
================================================================================
NOTES:
# LAST OF SEVERAL OCCURRENCES
COLUMN 17 PEAK WIND IN M.P.H.
PRELIMINARY LOCAL CLIMATOLOGICAL DATA (WS FORM: F-6) , PAGE 2
STATION: ABERDEEN SD
MONTH: OCTOBER
YEAR: 2021
LATITUDE: 45 27 N
LONGITUDE: 98 26 W
[TEMPERATURE DATA] [PRECIPITATION DATA] SYMBOLS USED IN COLUMN 16
AVERAGE MONTHLY: 51.8 TOTAL FOR MONTH: 4.39 1 = FOG OR MIST
DPTR FM NORMAL: 5.5 DPTR FM NORMAL: 2.25 2 = FOG REDUCING VISIBILITY
HIGHEST: 88 ON 4 GRTST 24HR 1.18 ON 9- 9 TO 1/4 MILE OR LESS
LOWEST: 25 ON 29 3 = THUNDER
SNOW, ICE PELLETS, HAIL 4 = ICE PELLETS
TOTAL MONTH: T 5 = HAIL
GRTST 24HR T ON 20-20 6 = FREEZING RAIN OR DRIZZLE
GRTST DEPTH: 0 7 = DUSTSTORM OR SANDSTORM:
VSBY 1/2 MILE OR LESS
8 = SMOKE OR HAZE
[NO. OF DAYS WITH] [WEATHER - DAYS WITH] 9 = BLOWING SNOW
X = TORNADO
MAX 32 OR BELOW: 0 0.01 INCH OR MORE: 8
MAX 90 OR ABOVE: 0 0.10 INCH OR MORE: 6
MIN 32 OR BELOW: 7 0.50 INCH OR MORE: 4
MIN 0 OR BELOW: 0 1.00 INCH OR MORE: 1
[HDD (BASE 65) ]
TOTAL THIS MO. 413 CLEAR (SCALE 0-3) 18
DPTR FM NORMAL -170 PTCLDY (SCALE 4-7) 9
TOTAL FM JUL 1 488 CLOUDY (SCALE 8-10) 4
DPTR FM NORMAL -310
[CDD (BASE 65) ]
TOTAL THIS MO. 11
DPTR FM NORMAL 7 [PRESSURE DATA]
TOTAL FM JAN 1 986 HIGHEST SLP 30.35 ON 31
DPTR FM NORMAL 356 LOWEST SLP 29.20 ON 13
[REMARKS]
#FINAL-10-21#