000
CXUS54 KFWD 062108
CF6ACT
PRELIMINARY LOCAL CLIMATOLOGICAL DATA (WS FORM: F-6)
STATION: WACO
MONTH: APRIL
YEAR: 2020
LATITUDE: 31 37 N
LONGITUDE: 97 13 W
TEMPERATURE IN F: :PCPN: SNOW: WIND :SUNSHINE: SKY :PK WND
================================================================================
1 2 3 4 5 6A 6B 7 8 9 10 11 12 13 14 15 16 17 18
12Z AVG MX 2MIN
DY MAX MIN AVG DEP HDD CDD WTR SNW DPTH SPD SPD DIR MIN PSBL S-S WX SPD DR
================================================================================
1 73 45 59 -3 6 0 0.00 0.0 0 10.3 20 160 M M 0 12 28 140
2 72 58 65 2 0 0 0.78 0.0 0 12.4 21 160 M M 7 13 27 140
3 72 43 58 -5 7 0 T 0.0 0 13.2 25 340 M M 10 1 35 340
4 50 42 46 -17 19 0 0.19 0.0 0 10.0 17 330 M M 10 13 24 360
5 68 48 58 -5 7 0 T 0.0 0 5.9 12 140 M M 10 18 15 130
6 73 58 66 2 0 1 T 0.0 0 4.3 12 180 M M 7 1 15 180
7 89 69 79 15 0 14 0.00 0.0 0 9.4 14 160 M M 3 18 20 170
8 91 71 81 17 0 16 0.00 0.0 0 8.0 15 240 M M 1 18 20 250
9 82 64 73 9 0 8 0.17 0.0 0 6.2 15 350 M M 2 138 22 300
10 73 55 64 -1 1 0 0.00 0.0 0 8.7 14 60 M M 0 21 10
11 73 55 64 -1 1 0 0.04 0.0 0 11.6 20 140 M M 7 3 26 150
12 83 49 66 1 0 1 1.56 0.0 0 14.6 49 300 M M 4 138 64 310
13 60 40 50 -15 15 0 0.00 0.0 0 13.5 24 350 M M 0 33 350
14 62 44 53 -13 12 0 0.00 0.0 0 10.7 18 350 M M 6 27 10
15 66 37 52 -14 13 0 0.00 0.0 0 5.0 12 340 M M 0 16 350
16 75 45 60 -6 5 0 0.00 0.0 0 12.5 23 170 M M 0 30 170
17 66 53 60 -6 5 0 T 0.0 0 9.8 20 340 M M 9 18 25 330
18 64 50 57 -10 8 0 T 0.0 0 5.5 14 40 M M 9 18 30
19 88 59 74 7 0 9 0.42 0.0 0 7.6 24 300 M M 6 13 34 310
20 78 58 68 1 0 3 0.00 0.0 0 3.5 10 100 M M 5 12 14 120
21 82 61 72 4 0 7 0.00 0.0 0 10.8 20 160 M M 3 18 27 160
22 83 60 72 4 0 7 0.04 0.0 0 11.2 22 200 M M 5 1 30 190
23 86 53 70 2 0 5 0.00 0.0 0 7.9 16 360 M M 0 22 330
24 98 58 78 10 0 13 0.00 0.0 0 13.6 39 340 M M 0 8 50 340
25 77 51 64 -5 1 0 0.00 0.0 0 7.9 21 360 M M 1 28 350
26 84 46 65 -4 0 0 0.00 0.0 0 6.4 14 160 M M 0 20 160
27 86 61 74 5 0 9 0.00 0.0 0 16.7 28 180 M M 0 39 180
28 91 69 80 10 0 15 0.00 0.0 0 15.0 23 180 M M 5 30 160
29 82 52 67 -3 0 2 0.75 0.0 0 11.4 28 30 M M 3 138 35 30
30 82 47 65 -5 0 0 0.00 0.0 0 5.0 13 140 M M 0 15 160
================================================================================
SM 2309 1601 100 110 3.95 0.0 288.6 M 113
================================================================================
AV 77.0 53.4 9.6 FASTST M M 4 MAX(MPH)
MISC ----> # 49 300 # 64 310
================================================================================
NOTES:
# LAST OF SEVERAL OCCURRENCES
COLUMN 17 PEAK WIND IN M.P.H.
PRELIMINARY LOCAL CLIMATOLOGICAL DATA (WS FORM: F-6) , PAGE 2
STATION: WACO
MONTH: APRIL
YEAR: 2020
LATITUDE: 31 37 N
LONGITUDE: 97 13 W
[TEMPERATURE DATA] [PRECIPITATION DATA] SYMBOLS USED IN COLUMN 16
AVERAGE MONTHLY: 65.2 TOTAL FOR MONTH: 3.95 1 = FOG OR MIST
DPTR FM NORMAL: -0.9 DPTR FM NORMAL: 1.26 2 = FOG REDUCING VISIBILITY
HIGHEST: 98 ON 24 GRTST 24HR 1.56 ON 12-12 TO 1/4 MILE OR LESS
LOWEST: 37 ON 15 3 = THUNDER
SNOW, ICE PELLETS, HAIL 4 = ICE PELLETS
TOTAL MONTH: 0.0 INCH 5 = HAIL
GRTST 24HR 0.0 6 = FREEZING RAIN OR DRIZZLE
GRTST DEPTH: 0 7 = DUSTSTORM OR SANDSTORM:
VSBY 1/2 MILE OR LESS
8 = SMOKE OR HAZE
[NO. OF DAYS WITH] [WEATHER - DAYS WITH] 9 = BLOWING SNOW
X = TORNADO
MAX 32 OR BELOW: 0 0.01 INCH OR MORE: 8
MAX 90 OR ABOVE: 3 0.10 INCH OR MORE: 6
MIN 32 OR BELOW: 0 0.50 INCH OR MORE: 3
MIN 0 OR BELOW: 0 1.00 INCH OR MORE: 1
[HDD (BASE 65) ]
TOTAL THIS MO. 100 CLEAR (SCALE 0-3) 16
DPTR FM NORMAL 22 PTCLDY (SCALE 4-7) 9
TOTAL FM JUL 1 1973 CLOUDY (SCALE 8-10) 5
DPTR FM NORMAL -163
[CDD (BASE 65) ]
TOTAL THIS MO. 110
DPTR FM NORMAL -1 [PRESSURE DATA]
TOTAL FM JAN 1 207 HIGHEST SLP 30.28 ON 14
DPTR FM NORMAL 53 LOWEST SLP 29.40 ON 12
[REMARKS]
EDITED PRECIP ON 21ST, 24TH, 25TH, 27TH, AND 28TH
#FINAL-04-20#