000
CXUS51 KPHI 010815
CF6ACY
PRELIMINARY LOCAL CLIMATOLOGICAL DATA (WS FORM: F-6)
STATION: ATLANTIC CITY AIRPORT NJ
MONTH: APRIL
YEAR: 2023
LATITUDE: 39 27 N
LONGITUDE: 74 34 W
TEMPERATURE IN F: :PCPN: SNOW: WIND :SUNSHINE: SKY :PK WND
================================================================================
1 2 3 4 5 6A 6B 7 8 9 10 11 12 13 14 15 16 17 18
12Z AVG MX 2MIN
DY MAX MIN AVG DEP HDD CDD WTR SNW DPTH SPD SPD DIR MIN PSBL S-S WX SPD DR
================================================================================
1 67 48 58 11 7 0 0.59 0.0 0 12.4 43 310 M M 8 13 60 320
2 55 30 43 -5 22 0 0.00 0.0 0 14.3 32 320 M M 2 43 290
3 57 28 43 -5 22 0 0.00 0.0 0 9.1 22 190 M M 0 1 31 180
4 72 52 62 14 3 0 0.00 0.0 0 10.4 21 190 M M 1 1 33 170
5 66 52 59 10 6 0 0.00 0.0 0 9.1 20 190 M M 7 12 32 190
6 87 58 73 24 0 8 0.28 0.0 0 7.1 24 320 M M 3 3 36 340
7 59 43 51 1 14 0 0.11 0.0 0 7.8 17 350 M M 7 1 22 340
8 50 36 43 -7 22 0 0.00 0.0 0 7.9 17 100 M M 0 24 40
9 54 32 43 -7 22 0 0.00 0.0 0 5.8 20 60 M M 0 27 100
10 61 30 46 -5 19 0 0.00 0.0 0 6.4 17 190 M M 0 25 200
11 74 45 60 9 5 0 0.00 0.0 0 10.0 20 280 M M 0 28 250
12 83 59 71 20 0 6 0.00 0.0 0 11.5 22 290 M M 0 32 280
13 87 54 71 19 0 6 0.00 0.0 0 8.3 21 280 M M 0 27 270
14 85 63 74 22 0 9 0.00 0.0 0 8.3 18 190 M M 0 28 170
15 74 54 64 12 1 0 0.05 0.0 0 5.5 17 160 M M 7 12 23 170
16 74 52 63 10 2 0 0.00 0.0 0 5.6 12 100 M M 5 12 15 140
17 69 55 62 9 3 0 0.05 0.0 0 11.6 23 290 M M 7 1 34 300
18 69 42 56 3 9 0 0.00 0.0 0 11.9 25 250 M M 3 38 280
19 68 33 51 -3 14 0 0.00 0.0 0 7.7 24 290 M M 0 36 230
20 61 40 51 -3 14 0 0.00 0.0 0 7.1 17 50 M M 0 24 90
21 78 49 64 10 1 0 0.00 0.0 0 6.1 14 100 M M 0 1 19 130
22 72 53 63 8 2 0 0.23 0.0 0 9.0 18 140 M M 3 13 25 160
23 71 49 60 5 5 0 0.33 0.0 0 9.7 20 270 M M 6 1 28 320
24 62 41 52 -4 13 0 0.00 0.0 0 7.9 17 290 M M 4 23 290
25 62 37 50 -6 15 0 0.00 0.0 0 6.1 17 310 M M 1 23 320
26 62 33 48 -8 17 0 0.00 0.0 0 5.2 16 160 M M 3 21 150
27 58 48 53 -3 12 0 0.26 0.0 0 8.5 16 100 M M 9 1 23 70
28 56 50 53 -4 12 0 1.25 0.0 0 16.0 26 80 M M 7 1 40 50
29 67 53 60 3 5 0 1.18 0.0 0 7.1 24 70 M M 10 12 31 80
30 63 52 58 1 7 0 2.19 0.0 0 13.2 33 280 M M 10 12 46 150
================================================================================
SM 2023 1371 274 29 6.52 0.0 266.6 M 103
================================================================================
AV 67.4 45.7 8.9 FASTST M M 3 MAX(MPH)
MISC ----> 43 310 60 320
================================================================================
NOTES:
# LAST OF SEVERAL OCCURRENCES
COLUMN 17 PEAK WIND IN M.P.H.
PRELIMINARY LOCAL CLIMATOLOGICAL DATA (WS FORM: F-6) , PAGE 2
STATION: ATLANTIC CITY AIRPORT NJ
MONTH: APRIL
YEAR: 2023
LATITUDE: 39 27 N
LONGITUDE: 74 34 W
[TEMPERATURE DATA] [PRECIPITATION DATA] SYMBOLS USED IN COLUMN 16
AVERAGE MONTHLY: 56.6 TOTAL FOR MONTH: 6.52 1 = FOG OR MIST
DPTR FM NORMAL: 4.1 DPTR FM NORMAL: 3.20 2 = FOG REDUCING VISIBILITY
HIGHEST: 87 ON 13, 6 GRTST 24HR 2.43 ON 28-29 TO 1/4 MILE OR LESS
LOWEST: 28 ON 3 3 = THUNDER
SNOW, ICE PELLETS, HAIL 4 = ICE PELLETS
TOTAL MONTH: 0.0 INCH 5 = HAIL
GRTST 24HR 0.0 6 = FREEZING RAIN OR DRIZZLE
GRTST DEPTH: 0 7 = DUSTSTORM OR SANDSTORM:
VSBY 1/2 MILE OR LESS
8 = SMOKE OR HAZE
[NO. OF DAYS WITH] [WEATHER - DAYS WITH] 9 = BLOWING SNOW
X = TORNADO
MAX 32 OR BELOW: 0 0.01 INCH OR MORE: 11
MAX 90 OR ABOVE: 0 0.10 INCH OR MORE: 9
MIN 32 OR BELOW: 4 0.50 INCH OR MORE: 4
MIN 0 OR BELOW: 0 1.00 INCH OR MORE: 3
[HDD (BASE 65) ]
TOTAL THIS MO. 274 CLEAR (SCALE 0-3) 16
DPTR FM NORMAL -113 PTCLDY (SCALE 4-7) 11
TOTAL FM JUL 1 3933 CLOUDY (SCALE 8-10) 3
DPTR FM NORMAL -591
[CDD (BASE 65) ]
TOTAL THIS MO. 29
DPTR FM NORMAL 17 [PRESSURE DATA]
TOTAL FM JAN 1 29 HIGHEST SLP 30.54 ON 10
DPTR FM NORMAL 16 LOWEST SLP 29.03 ON 30
[REMARKS]
#FINAL-04-23#