000
CXUS51 KPHI 010815
CF6ACY
PRELIMINARY LOCAL CLIMATOLOGICAL DATA (WS FORM: F-6)
STATION: ATLANTIC CITY NJ
MONTH: AUGUST
YEAR: 2021
LATITUDE: 39 27 N
LONGITUDE: 74 34 W
TEMPERATURE IN F: :PCPN: SNOW: WIND :SUNSHINE: SKY :PK WND
================================================================================
1 2 3 4 5 6A 6B 7 8 9 10 11 12 13 14 15 16 17 18
12Z AVG MX 2MIN
DY MAX MIN AVG DEP HDD CDD WTR SNW DPTH SPD SPD DIR MIN PSBL S-S WX SPD DR
================================================================================
1 78 63 71 -6 0 6 0.00 0.0 0 5.1 15 190 M M 4 1 23 200
2 83 60 72 -4 0 7 0.00 0.0 0 6.8 16 300 M M 2 1 25 290
3 78 60 69 -7 0 4 0.00 0.0 0 3.3 12 60 M M 0 16 100
4 72 61 67 -9 0 2 0.00 0.0 0 4.9 12 70 M M 5 M M
5 83 62 73 -3 0 8 0.00 0.0 0 6.7 14 350 M M 4 20 330
6 89 61 75 -1 0 10 0.00 0.0 0 5.6 15 180 M M 0 1 24 180
7 84 63 74 -2 0 9 0.52 0.0 0 5.0 14 180 M M 3 1 19 200
8 76 65 71 -5 0 6 1.37 0.0 0 9.6 22 10 M M 9 1 31 10
9 87 66 77 1 0 12 0.00 0.0 0 5.6 16 220 M M 3 22 220
10 89 71 80 4 0 15 0.09 0.0 0 8.9 18 290 M M 3 1 25 190
11 91 75 83 7 0 18 0.00 0.0 0 7.3 14 180 M M 0 19 180
12 95 74 85 9 0 20 0.00 0.0 0 6.8 13 190 M M 0 19 210
13 94 78 86 10 0 21 0.00 0.0 0 6.1 15 160 M M 0 1 19 230
14 93 74 84 9 0 19 0.00 0.0 0 7.0 13 310 M M 0 17 310
15 82 68 75 0 0 10 0.07 0.0 0 5.9 20 210 M M 3 1 26 160
16 81 68 75 0 0 10 0.00 0.0 0 7.5 16 90 M M 8 20 110
17 83 70 77 2 0 12 0.00 0.0 0 7.8 13 160 M M 4 20 180
18 87 76 82 7 0 17 0.00 0.0 0 10.7 21 180 M M 7 34 170
19 89 78 84 9 0 19 0.00 0.0 0 9.0 20 190 M M 3 31 200
20 78 68 73 -2 0 8 0.42 0.0 0 3.2 10 330 M M 5 1 13 320
21 80 68 74 0 0 9 0.48 0.0 0 4.5 15 10 M M 6 1 20 360
22 86 71 79 5 0 14 0.39 0.0 0 7.9 18 320 M M 6 1 23 290
23 89 73 81 7 0 16 0.08 0.0 0 8.8 21 350 M M 6 1 29 330
24 92 71 82 8 0 17 0.00 0.0 0 5.2 13 280 M M 0 22 270
25 91 69 80 6 0 15 0.00 0.0 0 3.8 14 140 M M 0 1 17 180
26 90 69 80 6 0 15 0.00 0.0 0 4.9 16 160 M M 1 12 22 170
27 93 74 84 10 0 19 0.84 0.0 0 4.8 30 170 M M 3 1238 43 180
28 79 71 75 2 0 10 0.85 0.0 0 7.4 20 20 M M 8 123 24 10
29 80 70 75 2 0 10 0.06 0.0 0 8.2 14 80 M M 9 1 22 90
30 86 71 79 6 0 14 1.11 0.0 0 4.5 17 30 M M 6 12 24 200
31 86 71 79 6 0 14 0.00 0.0 0 3.3 14 310 M M 1 17 300
================================================================================
SM 2644 2139 0 386 6.28 0.0 196.1 M 109
================================================================================
AV 85.3 69.0 6.3 FASTST M M 4 MAX(MPH)
MISC ----> 30 170 43 180
================================================================================
NOTES:
# LAST OF SEVERAL OCCURRENCES
COLUMN 17 PEAK WIND IN M.P.H.
PRELIMINARY LOCAL CLIMATOLOGICAL DATA (WS FORM: F-6) , PAGE 2
STATION: ATLANTIC CITY NJ
MONTH: AUGUST
YEAR: 2021
LATITUDE: 39 27 N
LONGITUDE: 74 34 W
[TEMPERATURE DATA] [PRECIPITATION DATA] SYMBOLS USED IN COLUMN 16
AVERAGE MONTHLY: 77.1 TOTAL FOR MONTH: 6.28 1 = FOG OR MIST
DPTR FM NORMAL: 2.1 DPTR FM NORMAL: 1.69 2 = FOG REDUCING VISIBILITY
HIGHEST: 95 ON 12 GRTST 24HR 1.89 ON 7- 8 TO 1/4 MILE OR LESS
LOWEST: 60 ON 3, 2 3 = THUNDER
SNOW, ICE PELLETS, HAIL 4 = ICE PELLETS
TOTAL MONTH: 0.0 INCH 5 = HAIL
GRTST 24HR 0.0 6 = FREEZING RAIN OR DRIZZLE
GRTST DEPTH: 0 7 = DUSTSTORM OR SANDSTORM:
VSBY 1/2 MILE OR LESS
8 = SMOKE OR HAZE
[NO. OF DAYS WITH] [WEATHER - DAYS WITH] 9 = BLOWING SNOW
X = TORNADO
MAX 32 OR BELOW: 0 0.01 INCH OR MORE: 12
MAX 90 OR ABOVE: 8 0.10 INCH OR MORE: 8
MIN 32 OR BELOW: 0 0.50 INCH OR MORE: 5
MIN 0 OR BELOW: 0 1.00 INCH OR MORE: 2
[HDD (BASE 65) ]
TOTAL THIS MO. 0 CLEAR (SCALE 0-3) 14
DPTR FM NORMAL -1 PTCLDY (SCALE 4-7) 14
TOTAL FM JUL 1 0 CLOUDY (SCALE 8-10) 3
DPTR FM NORMAL 0
[CDD (BASE 65) ]
TOTAL THIS MO. 386
DPTR FM NORMAL 75 [PRESSURE DATA]
TOTAL FM JAN 1 1106 HIGHEST SLP 30.21 ON 28
DPTR FM NORMAL 138 LOWEST SLP 29.77 ON 31
[REMARKS]
#FINAL-08-21#