000
CXAK56 PAFC 011313
CF6ADQ
PRELIMINARY LOCAL CLIMATOLOGICAL DATA (WS FORM: F-6)
STATION: KODIAK
MONTH: NOVEMBER
YEAR: 2021
LATITUDE: 57 45 N
LONGITUDE: 152 31 W
TEMPERATURE IN F: :PCPN: SNOW: WIND :SUNSHINE: SKY :PK WND
================================================================================
1 2 3 4 5 6A 6B 7 8 9 10 11 12 13 14 15 16 17 18
12Z AVG MX 2MIN
DY MAX MIN AVG DEP HDD CDD WTR SNW DPTH SPD SPD DIR MIN PSBL S-S WX SPD DR
================================================================================
1 M M M M M M M M M 16.3 24 300 M M 7 36 290
2 M M M M M M M M M 9.8 16 300 M M 1 27 99
3 M M M M M M M M M 5.3 12 190 M M 5 1 20 190
4 M M M M M M M M M 4.4 12 190 M M 2 M M
5 M M M M M M M M M 6.7 10 290 M M 4 M M
6 M M M M M M M M M 13.4 17 290 M M 2 30 290
7 M M M M M M M M M 10.8 16 310 M M 4 23 310
8 M M M M M M M M M 13.8 18 280 M M 3 25 310
9 M M M M M M M M M 7.4 14 300 M M 4 M M
10 33 16 25 -12 40 0 0.07 M M 6.0 16 300 M M 8 1 22 310
11 32 23 28 -8 37 0 T M M 6.7 16 290 M M 9 1 21 280
12 29 22 26 -10 39 0 0.01 M M 9.3 26 270 M M 6 39 280
13 31 18 25 -11 40 0 T M M 6.4 16 290 M M 9 22 290
14 33 18 26 -10 39 0 T M M 9.2 20 280 M M 0 26 280
15 33 13 23 -13 42 0 0.00 M M 5.7 12 300 M M 1 15 290
16 33 26 30 -6 35 0 0.00 M M 14.2 24 290 M M 3 33 310
17 27 18 23 -12 42 0 T M M 14.6 25 280 M M 6 35 260
18 25 10 18 -17 47 0 T M M 4.6 25 280 M M 7 34 280
19 34 19 27 -8 38 0 T M M 9.9 22 70 M M 10 26 60
20 38 27 33 -2 32 0 0.11 M M 22.7 37 30 M M 9 18 51 30
21 34 16 25 -10 40 0 0.00 M M 6.2 20 290 M M 0 24 300
22 25 11 18 -16 47 0 T M M 8.3 21 280 M M 3 30 290
23 17 6 12 -22 53 0 0.00 M M 9.6 16 300 M M 3 21 310
24 24 6 15 -19 50 0 T M M 12.4 22 300 M M 10 30 290
25 23 14 19 -15 46 0 T M M 19.4 37 280 M M 3 8 47 290
26 21 10 16 -18 49 0 0.00 M M 7.2 29 260 M M 4 36 270
27 19 5 12 -22 53 0 T M M 9.8 24 290 M M 4 31 290
28 16 3 10 -24 55 0 0.00 M M 6.4 24 270 M M 2 32 270
29 39 11 25 -9 40 0 0.50 M M 20.8 35 40 M M 10 18 42 50
30 32 19 26 -7 39 0 T M M 11.4 29 290 M M 8 68 37 300
================================================================================
SM 598 311 903 0 0.69 M 308.7 M 147
================================================================================
AV 28.5 14.8 10.3 FASTST M M 5 MAX(MPH)
MISC ----> # 37 30 51 30
================================================================================
NOTES:
# LAST OF SEVERAL OCCURRENCES
COLUMN 17 PEAK WIND IN M.P.H.
PRELIMINARY LOCAL CLIMATOLOGICAL DATA (WS FORM: F-6) , PAGE 2
STATION: KODIAK
MONTH: NOVEMBER
YEAR: 2021
LATITUDE: 57 45 N
LONGITUDE: 152 31 W
[TEMPERATURE DATA] [PRECIPITATION DATA] SYMBOLS USED IN COLUMN 16
AVERAGE MONTHLY: 21.6 TOTAL FOR MONTH: 0.69 1 = FOG OR MIST
DPTR FM NORMAL: -14.1 DPTR FM NORMAL: -6.37 2 = FOG REDUCING VISIBILITY
HIGHEST: 39 ON 29 GRTST 24HR 0.50 ON 29-29 TO 1/4 MILE OR LESS
LOWEST: 3 ON 28 3 = THUNDER
SNOW, ICE PELLETS, HAIL 4 = ICE PELLETS
TOTAL MONTH: M 5 = HAIL
GRTST 24HR M ON M 6 = FREEZING RAIN OR DRIZZLE
GRTST DEPTH: M ON M 7 = DUSTSTORM OR SANDSTORM:
VSBY 1/2 MILE OR LESS
8 = SMOKE OR HAZE
[NO. OF DAYS WITH] [WEATHER - DAYS WITH] 9 = BLOWING SNOW
X = TORNADO
MAX 32 OR BELOW: 13 0.01 INCH OR MORE: 4
MAX 90 OR ABOVE: 0 0.10 INCH OR MORE: 2
MIN 32 OR BELOW: 21 0.50 INCH OR MORE: 1
MIN 0 OR BELOW: 0 1.00 INCH OR MORE: 0
[HDD (BASE 65) ]
TOTAL THIS MO. 903 CLEAR (SCALE 0-3) 12
DPTR FM NORMAL 24 PTCLDY (SCALE 4-7) 12
TOTAL FM JUL 1 1413 CLOUDY (SCALE 8-10) 6
DPTR FM NORMAL -1148
[CDD (BASE 65) ]
TOTAL THIS MO. 0
DPTR FM NORMAL 0 [PRESSURE DATA]
TOTAL FM JAN 1 0 HIGHEST SLP 30.01 ON 19
DPTR FM NORMAL -7 LOWEST SLP 28.78 ON 29
[REMARKS]
#FINAL-11-21#