000
CXUS54 KFWD 072138
CF6AFW
PRELIMINARY LOCAL CLIMATOLOGICAL DATA (WS FORM: F-6)
STATION: FORT WORTH ALLIANCE
MONTH: APRIL
YEAR: 2022
LATITUDE: 32 58 N
LONGITUDE: 97 19 W
TEMPERATURE IN F: :PCPN: SNOW: WIND :SUNSHINE: SKY :PK WND
================================================================================
1 2 3 4 5 6A 6B 7 8 9 10 11 12 13 14 15 16 17 18
12Z AVG MX 2MIN
DY MAX MIN AVG DEP HDD CDD WTR SNW DPTH SPD SPD DIR MIN PSBL S-S WX SPD DR
================================================================================
1 76 47 62 -1 3 0 0.03 M M 10.7 25 310 M M 3 41 160
2 77 47 62 -1 3 0 0.00 M M 7.2 22 20 M M 1 30 20
3 85 53 69 6 0 4 0.00 M M 14.3 30 170 M M 2 41 180
4 80 61 71 7 0 6 0.78 M M 13.4 32 350 M M 8 13 50 360
5 94 60 77 13 0 12 0.00 M M 10.4 23 230 M M 4 1 35 210
6 77 52 65 1 0 0 0.00 M M 17.6 38 360 M M 0 50 350
7 69 46 58 -6 7 0 0.00 M M 17.0 41 310 M M 3 55 320
8 68 43 56 -8 9 0 0.00 M M 14.5 31 330 M M 1 40 320
9 87 43 65 1 0 0 0.00 M M 15.2 28 180 M M 0 36 160
10 85 60 73 8 0 8 0.00 M M 23.0 36 180 M M 5 44 160
11 89 69 79 14 0 14 0.00 M M 19.2 36 190 M M 6 45 160
12 83 66 75 10 0 10 0.15 M M 18.3 39 150 M M 8 1358 49 150
13 79 55 67 2 0 2 0.00 M M 18.9 35 180 M M 4 48 180
14 76 49 63 -3 2 0 0.00 M M 9.8 18 150 M M 0 27 120
15 85 55 70 4 0 5 0.00 M M 16.4 25 160 M M 4 32 160
16 78 53 66 0 0 1 0.00 M M 13.2 22 190 M M 8 18 30 190
17 78 53 66 0 0 1 0.00 M M 8.3 18 320 M M 5 24 300
18 73 50 62 -4 3 0 0.00 M M 11.2 20 50 M M 4 26 40
19 75 51 63 -3 2 0 0.00 M M 16.1 29 150 M M 7 39 130
20 92 65 79 12 0 14 T M M 23.0 32 170 M M 6 1 43 160
21 87 72 80 13 0 15 0.00 M M 20.7 30 160 M M 8 40 160
22 86 71 79 12 0 14 0.00 M M 23.9 37 160 M M 8 52 150
23 82 69 76 9 0 11 0.00 M M 25.4 36 160 M M 8 46 160
24 79 57 68 0 0 3 0.72 M M 15.7 30 160 M M 9 13 40 180
25 69 52 61 -7 4 0 0.26 M M 10.4 25 10 M M 8 13 32 10
26 74 45 60 -8 5 0 0.00 M M 7.1 15 60 M M 1 24 70
27 77 54 66 -2 0 1 0.00 M M 10.7 18 170 M M 5 25 170
28 81 64 73 5 0 8 0.00 M M 17.2 28 160 M M 6 34 150
29 82 69 76 7 0 11 0.00 M M 19.4 29 160 M M 6 39 170
30 83 59 71 2 0 6 0.00 M M 12.4 28 190 M M 3 38 180
================================================================================
SM 2406 1690 38 146 1.94 M 460.6 M 141
================================================================================
AV 80.2 56.3 15.4 FASTST M M 5 MAX(MPH)
MISC ----> 41 310 55 320
================================================================================
NOTES:
# LAST OF SEVERAL OCCURRENCES
COLUMN 17 PEAK WIND IN M.P.H.
PRELIMINARY LOCAL CLIMATOLOGICAL DATA (WS FORM: F-6) , PAGE 2
STATION: FORT WORTH ALLIANCE
MONTH: APRIL
YEAR: 2022
LATITUDE: 32 58 N
LONGITUDE: 97 19 W
[TEMPERATURE DATA] [PRECIPITATION DATA] SYMBOLS USED IN COLUMN 16
AVERAGE MONTHLY: 68.3 TOTAL FOR MONTH: 1.94 1 = FOG OR MIST
DPTR FM NORMAL: 2.5 DPTR FM NORMAL: -2.04 2 = FOG REDUCING VISIBILITY
HIGHEST: 94 ON 5 GRTST 24HR 0.98 ON 24-25 TO 1/4 MILE OR LESS
LOWEST: 43 ON 9, 8 3 = THUNDER
SNOW, ICE PELLETS, HAIL 4 = ICE PELLETS
TOTAL MONTH: M 5 = HAIL
GRTST 24HR M ON M 6 = FREEZING RAIN OR DRIZZLE
GRTST DEPTH: M ON M 7 = DUSTSTORM OR SANDSTORM:
VSBY 1/2 MILE OR LESS
8 = SMOKE OR HAZE
[NO. OF DAYS WITH] [WEATHER - DAYS WITH] 9 = BLOWING SNOW
X = TORNADO
MAX 32 OR BELOW: 0 0.01 INCH OR MORE: 5
MAX 90 OR ABOVE: 2 0.10 INCH OR MORE: 4
MIN 32 OR BELOW: 0 0.50 INCH OR MORE: 2
MIN 0 OR BELOW: 0 1.00 INCH OR MORE: 0
[HDD (BASE 65) ]
TOTAL THIS MO. 38 CLEAR (SCALE 0-3) 8
DPTR FM NORMAL -48 PTCLDY (SCALE 4-7) 17
TOTAL FM JUL 1 1941 CLOUDY (SCALE 8-10) 5
DPTR FM NORMAL -261
[CDD (BASE 65) ]
TOTAL THIS MO. 146
DPTR FM NORMAL 36 [PRESSURE DATA]
TOTAL FM JAN 1 186 HIGHEST SLP 30.40 ON 26
DPTR FM NORMAL 22 LOWEST SLP 29.35 ON 6
[REMARKS]
#FINAL-04-22#