000
CXUS54 KFWD 010830
CF6AFW
PRELIMINARY LOCAL CLIMATOLOGICAL DATA (WS FORM: F-6)
STATION: FORT WORTH ALLIANCE
MONTH: JANUARY
YEAR: 2022
LATITUDE: 32 58 N
LONGITUDE: 97 19 W
TEMPERATURE IN F: :PCPN: SNOW: WIND :SUNSHINE: SKY :PK WND
================================================================================
1 2 3 4 5 6A 6B 7 8 9 10 11 12 13 14 15 16 17 18
12Z AVG MX 2MIN
DY MAX MIN AVG DEP HDD CDD WTR SNW DPTH SPD SPD DIR MIN PSBL S-S WX SPD DR
================================================================================
1 70 21 46 0 19 0 0.01 M M 12.2 32 330 M M 9 1 44 320
2 40 17 29 -17 36 0 0.00 M M 14.8 29 320 M M 2 40 340
3 56 23 40 -6 25 0 0.00 M M 8.4 16 160 M M 1 25 150
4 65 30 48 2 17 0 0.00 M M 13.0 26 190 M M 3 35 200
5 59 33 46 0 19 0 0.00 M M 8.3 21 40 M M 1 29 40
6 38 24 31 -15 34 0 0.00 M M 13.8 26 350 M M 4 34 350
7 47 19 33 -13 32 0 0.00 M M 10.3 22 160 M M 5 29 170
8 62 45 54 8 11 0 T M M 12.0 20 190 M M 10 1 27 150
9 62 39 51 5 14 0 T M M 14.5 26 360 M M 8 12 36 330
10 56 28 42 -4 23 0 0.00 M M 5.7 15 10 M M 5 18 10
11 58 30 44 -2 21 0 0.00 M M 7.4 15 210 M M 5 8 20 180
12 64 35 50 4 15 0 0.00 M M 6.9 14 210 M M 3 19 220
13 75 40 58 12 7 0 0.00 M M 6.6 16 300 M M 3 20 300
14 77 39 58 12 7 0 T M M 11.7 38 330 M M 7 49 330
15 47 31 39 -7 26 0 T M M 24.4 35 320 M M 6 47 340
16 55 23 39 -7 26 0 0.00 0.0 M 5.8 23 330 M M 0 32 330
17 64 30 47 1 18 0 0.00 M M 5.8 16 160 M M 1 23 170
18 77 43 60 13 5 0 0.00 M M 16.3 25 180 M M 4 33 200
19 62 32 47 0 18 0 0.00 M M 17.8 32 350 M M 6 41 360
20 37 23 30 -17 35 0 0.00 M M 18.5 28 360 M M 8 38 360
21 43 18 31 -16 34 0 0.00 M M 6.2 15 10 M M 3 20 20
22 51 21 36 -11 29 0 0.00 M M 2.3 8 190 M M 1 12 200
23 65 29 47 0 18 0 0.00 M M 7.7 16 280 M M 0 26 290
24 55 40 48 1 17 0 T M M 7.1 16 190 M M 6 12 20 210
25 59 34 47 0 18 0 0.00 M M 10.5 20 40 M M 3 12 30 40
26 50 28 39 -9 26 0 T M M 7.1 17 40 M M 4 28 60
27 52 36 44 -4 21 0 0.00 M M 7.2 14 340 M M 8 20 330
28 57 28 43 -5 22 0 0.00 M M 9.8 22 340 M M 1 35 310
29 68 31 50 2 15 0 0.00 M M 7.4 17 250 M M 0 26 250
30 69 37 53 5 12 0 0.00 M M 7.2 14 260 M M 4 18 260
31 68 46 57 9 8 0 0.00 M M 10.5 24 170 M M 7 33 170
================================================================================
SM 1808 953 628 0 0.01 0.0 317.2 M 128
================================================================================
AV 58.3 30.7 10.2 FASTST M M 4 MAX(MPH)
MISC ----> 38 330 49 330
================================================================================
NOTES:
# LAST OF SEVERAL OCCURRENCES
COLUMN 17 PEAK WIND IN M.P.H.
PRELIMINARY LOCAL CLIMATOLOGICAL DATA (WS FORM: F-6) , PAGE 2
STATION: FORT WORTH ALLIANCE
MONTH: JANUARY
YEAR: 2022
LATITUDE: 32 58 N
LONGITUDE: 97 19 W
[TEMPERATURE DATA] [PRECIPITATION DATA] SYMBOLS USED IN COLUMN 16
AVERAGE MONTHLY: 44.5 TOTAL FOR MONTH: 0.01 1 = FOG OR MIST
DPTR FM NORMAL: -2.2 DPTR FM NORMAL: -1.93 2 = FOG REDUCING VISIBILITY
HIGHEST: 77 ON 18,14 GRTST 24HR 0.01 ON 1- 1 TO 1/4 MILE OR LESS
LOWEST: 17 ON 2 3 = THUNDER
SNOW, ICE PELLETS, HAIL 4 = ICE PELLETS
TOTAL MONTH: 0.0 INCH 5 = HAIL
GRTST 24HR 0.0 6 = FREEZING RAIN OR DRIZZLE
GRTST DEPTH: M ON M 7 = DUSTSTORM OR SANDSTORM:
VSBY 1/2 MILE OR LESS
8 = SMOKE OR HAZE
[NO. OF DAYS WITH] [WEATHER - DAYS WITH] 9 = BLOWING SNOW
X = TORNADO
MAX 32 OR BELOW: 0 0.01 INCH OR MORE: 1
MAX 90 OR ABOVE: 0 0.10 INCH OR MORE: 0
MIN 32 OR BELOW: 19 0.50 INCH OR MORE: 0
MIN 0 OR BELOW: 0 1.00 INCH OR MORE: 0
[HDD (BASE 65) ]
TOTAL THIS MO. 628 CLEAR (SCALE 0-3) 13
DPTR FM NORMAL 56 PTCLDY (SCALE 4-7) 14
TOTAL FM JUL 1 1097 CLOUDY (SCALE 8-10) 4
DPTR FM NORMAL -356
[CDD (BASE 65) ]
TOTAL THIS MO. 0
DPTR FM NORMAL -3 [PRESSURE DATA]
TOTAL FM JAN 1 0 HIGHEST SLP 30.76 ON 10
DPTR FM NORMAL -3 LOWEST SLP 29.57 ON 1
[REMARKS]
#FINAL-01-22#