000
CXUS55 KCYS 081635
CF6AIA
PRELIMINARY LOCAL CLIMATOLOGICAL DATA (WS FORM: F-6)...CORRECTED
STATION: ALLIANCE NEBRASKA AIRPORT
MONTH: DECEMBER
YEAR: 2021
LATITUDE: 42 2 N
LONGITUDE: 102 48 W
TEMPERATURE IN F: :PCPN: SNOW: WIND :SUNSHINE: SKY :PK WND
================================================================================
1 2 3 4 5 6A 6B 7 8 9 10 11 12 13 14 15 16 17 18
12Z AVG MX 2MIN
DY MAX MIN AVG DEP HDD CDD WTR SNW DPTH SPD SPD DIR MIN PSBL S-S WX SPD DR
================================================================================
1 65 23 44 17 21 0 0.00 M M 12.0 26 260 M M 0 33 260
2 73 33 53 26 12 0 0.00 M M 10.9 23 260 M M 0 28 260
3 53 22 38 12 27 0 0.00 M M 6.1 13 160 M M 0 17 10
4 56 21 39 13 26 0 0.00 M M 10.8 21 250 M M 0 27 250
5 54 20 37 11 28 0 T M M 17.7 32 320 M M 5 1 43 320
6 32 3 18 -7 47 0 0.00 M M 12.7 25 190 M M 2 35 180
7 41 10 26 1 39 0 0.00 M M 6.5 24 340 M M 3 31 340
8 56 12 34 9 31 0 0.00 M M 12.1 29 270 M M 0 39 270
9 49 20 35 11 30 0 T M M 10.8 25 270 M M 5 1 33 270
10 28 6 17 -7 48 0 T M M 10.7 20 90 M M 9 1 24 80
11 35 3 19 -5 46 0 0.00 M M 17.5 28 260 M M 0 35 270
12 50 20 35 11 30 0 0.00 M M 7.6 25 260 M M 0 36 260
13 55 22 39 16 26 0 0.00 M M 7.8 20 180 M M 0 26 180
14 47 19 33 10 32 0 0.00 M M 2.6 9 120 M M 0 11 120
15 55 18 37 14 28 0 T M M 16.1 41 300 M M 3 56 290
16 42 5 24 1 41 0 0.00 M M 8.3 22 180 M M 3 27 190
17 41 10 26 3 39 0 0.00 M M 15.8 31 340 M M 4 42 330
18 36 0 18 -5 47 0 0.00 M M 8.7 18 280 M M 0 25 280
19 56 14 35 12 30 0 0.00 M M 14.9 41 270 M M 0 51 270
20 33 19 26 4 39 0 0.00 M M 10.9 21 180 M M 5 1 27 170
21 47 16 32 10 33 0 0.00 M M 8.4 21 270 M M 0 29 280
22 61 19 40 18 25 0 0.00 M M 12.4 28 270 M M 0 35 260
23 59 29 44 22 21 0 0.00 M M 10.2 21 210 M M 0 27 200
24 49 25 37 15 28 0 0.00 M M 11.9 29 270 M M 2 39 270
25 50 19 35 13 30 0 0.00 M M 15.3 32 270 M M 1 42 270
26 47 15 31 9 34 0 0.00 M M 15.9 37 260 M M 1 48 260
27 42 4 23 1 42 0 0.00 M M 14.8 35 190 M M 1 46 190
28 31 1 16 -7 49 0 0.00 M M 8.1 24 350 M M 3 31 350
29 33 3 18 -5 47 0 0.00 M M 7.8 20 290 M M 3 30 280
30 48 9 29 6 36 0 0.00 M M 14.0 38 280 M M 1 52 290
31 32 -2 15 -8 50 0 T M M 14.1 22 10 M M 10 18 29 20
================================================================================
SM 1456 438 1062 0 T M 353.4 M 61
================================================================================
AV 47.0 14.1 11.4 FASTST M M 2 MAX(MPH)
MISC ----> # 41 300 56 290
================================================================================
NOTES:
# LAST OF SEVERAL OCCURRENCES
COLUMN 17 PEAK WIND IN M.P.H.
PRELIMINARY LOCAL CLIMATOLOGICAL DATA (WS FORM: F-6) , PAGE 2
STATION: ALLIANCE NEBRASKA AIRPORT
MONTH: DECEMBER
YEAR: 2021
LATITUDE: 42 2 N
LONGITUDE: 102 48 W
[TEMPERATURE DATA] [PRECIPITATION DATA] SYMBOLS USED IN COLUMN 16
AVERAGE MONTHLY: 30.5 TOTAL FOR MONTH: T 1 = FOG OR MIST
DPTR FM NORMAL: 6.8 DPTR FM NORMAL: -0.23 2 = FOG REDUCING VISIBILITY
HIGHEST: 73 ON 2 GRTST 24HR T ON 4- 4 TO 1/4 MILE OR LESS
LOWEST: -2 ON 31 3 = THUNDER
SNOW, ICE PELLETS, HAIL 4 = ICE PELLETS
TOTAL MONTH: M 5 = HAIL
GRTST 24HR M ON M 6 = FREEZING RAIN OR DRIZZLE
GRTST DEPTH: M ON M 7 = DUSTSTORM OR SANDSTORM:
VSBY 1/2 MILE OR LESS
8 = SMOKE OR HAZE
[NO. OF DAYS WITH] [WEATHER - DAYS WITH] 9 = BLOWING SNOW
X = TORNADO
MAX 32 OR BELOW: 4 0.01 INCH OR MORE: 0
MAX 90 OR ABOVE: 0 0.10 INCH OR MORE: 0
MIN 32 OR BELOW: 30 0.50 INCH OR MORE: 0
MIN 0 OR BELOW: 2 1.00 INCH OR MORE: 0
[HDD (BASE 65) ]
TOTAL THIS MO. 1062 CLEAR (SCALE 0-3) 24
DPTR FM NORMAL -220 PTCLDY (SCALE 4-7) 5
TOTAL FM JUL 1 2427 CLOUDY (SCALE 8-10) 2
DPTR FM NORMAL -633
[CDD (BASE 65) ]
TOTAL THIS MO. 0
DPTR FM NORMAL 0 [PRESSURE DATA]
TOTAL FM JAN 1 806 HIGHEST SLP 30.46 ON 18
DPTR FM NORMAL 245 LOWEST SLP 29.23 ON 15
[REMARKS]
DECEMBER 2...RECORD HIGH 73 DEGREES (PREVIOUS 69 DEGREES IN 1901)
MONTHLY PRECIPITATION TRACE WAS DRIEST FOR DECEMBER
#FINAL-12-21#